000
CXUS52 KFFC 011110
CF6VPC
PRELIMINARY LOCAL CLIMATOLOGICAL DATA (WS FORM: F-6)
STATION: CARTERSVILLE
MONTH: APRIL
YEAR: 2020
LATITUDE: 34 7 N
LONGITUDE: 84 51 W
TEMPERATURE IN F: :PCPN: SNOW: WIND :SUNSHINE: SKY :PK WND
================================================================================
1 2 3 4 5 6A 6B 7 8 9 10 11 12 13 14 15 16 17 18
12Z AVG MX 2MIN
DY MAX MIN AVG DEP HDD CDD WTR SNW DPTH SPD SPD DIR MIN PSBL S-S WX SPD DR
================================================================================
1 61 40 51 -5 14 0 0.00 0.0 0 6.1 18 360 M M 1 26 360
2 69 35 52 -4 13 0 0.00 0.0 0 2.8 14 360 M M 0 21 20
3 79 39 59 3 6 0 0.00 0.0 0 1.5 9 350 M M 0 14 340
4 79 49 64 8 1 0 0.00 0.0 0 0.8 8 340 M M 3 12 330
5 83 49 66 10 0 1 0.00 0.0 0 1.6 9 40 M M 0 12 10
6 85 49 67 10 0 2 0.00 0.0 0 1.5 10 350 M M 1 1 13 350
7 78 59 69 12 0 4 T 0.0 0 0.8 10 200 M M 3 19 250
8 81 58 70 13 0 5 0.00 0.0 0 0.6 7 230 M M 6 138 12 320
9 78 58 68 11 0 3 0.47 0.0 0 1.9 16 360 M M 2 13 23 350
10 62 37 50 -8 15 0 0.00 0.0 0 6.1 18 360 M M 0 26 360
11 73 33 53 -5 12 0 0.00 0.0 0 2.6 10 180 M M 0 16 160
12 74 47 61 3 4 0 0.57 M 0 6.5 17 150 M M 6 13 34 130
13 72 52 62 4 3 0 2.36 0.0 0 4.1 16 200 M M 6 13 29 200
14 67 44 56 -3 9 0 0.00 0.0 0 5.2 13 350 M M 2 21 350
15 62 37 50 -9 15 0 0.00 0.0 0 6.7 17 360 M M 2 25 360
16 69 31 50 -9 15 0 0.00 0.0 0 2.3 14 350 M M 0 18 360
17 76 37 57 -3 8 0 0.00 0.0 0 5.2 16 160 M M 0 22 170
18 68 43 56 -4 9 0 0.13 0.0 0 3.9 16 10 M M 3 13 23 10
19 62 40 51 -9 14 0 1.00 M 0 2.8 13 130 M M 5 13 18 130
20 73 50 62 2 3 0 0.37 0.0 0 3.2 16 130 M M 6 13 20 130
21 77 45 61 0 4 0 0.00 0.0 0 1.8 12 340 M M 2 18 320
22 71 41 56 -5 9 0 0.09 M 0 1.3 9 10 M M 2 1 12 20
23 69 54 62 1 3 0 1.21 0.0 0 7.1 26 140 M M 9 13 37 140
24 73 52 63 2 2 0 0.00 0.0 0 2.0 12 360 M M 8 1 17 360
25 80 51 66 4 0 1 0.01 0.0 0 5.2 18 180 M M 4 1 25 170
26 67 47 57 -5 8 0 0.00 0.0 0 3.4 12 340 M M 8 19 280
27 73 40 57 -5 8 0 0.00 0.0 0 2.4 16 360 M M 0 22 10
28 80 44 62 -1 3 0 0.00 0.0 0 2.8 14 180 M M 2 18 200
29 72 53 63 0 2 0 0.94 0.0 0 5.3 18 170 M M 5 18 27 170
30 67 49 58 -5 7 0 0.01 M 0 0.9 7 340 M M 7 12 12 350
================================================================================
SM 2180 1363 187 16 7.16 0.0 98.4 M 93
================================================================================
AV 72.7 45.4 3.3 FASTST M M 3 MAX(MPH)
MISC ----> # 26 140 # 37 140
================================================================================
NOTES:
# LAST OF SEVERAL OCCURRENCES
COLUMN 17 PEAK WIND IN M.P.H.
PRELIMINARY LOCAL CLIMATOLOGICAL DATA (WS FORM: F-6) , PAGE 2
STATION: CARTERSVILLE
MONTH: APRIL
YEAR: 2020
LATITUDE: 34 7 N
LONGITUDE: 84 51 W
[TEMPERATURE DATA] [PRECIPITATION DATA] SYMBOLS USED IN COLUMN 16
AVERAGE MONTHLY: 59.1 TOTAL FOR MONTH: 7.16 1 = FOG OR MIST
DPTR FM NORMAL: -0.2 DPTR FM NORMAL: 3.25 2 = FOG REDUCING VISIBILITY
HIGHEST: 85 ON 6 GRTST 24HR 2.36 ON 13-13 TO 1/4 MILE OR LESS
LOWEST: 31 ON 16 3 = THUNDER
SNOW, ICE PELLETS, HAIL 4 = ICE PELLETS
TOTAL MONTH: 0.0 INCH 5 = HAIL
GRTST 24HR 0.0 6 = FREEZING RAIN OR DRIZZLE
GRTST DEPTH: 0 7 = DUSTSTORM OR SANDSTORM:
VSBY 1/2 MILE OR LESS
8 = SMOKE OR HAZE
[NO. OF DAYS WITH] [WEATHER - DAYS WITH] 9 = BLOWING SNOW
X = TORNADO
MAX 32 OR BELOW: 0 0.01 INCH OR MORE: 11
MAX 90 OR ABOVE: 0 0.10 INCH OR MORE: 8
MIN 32 OR BELOW: 1 0.50 INCH OR MORE: 5
MIN 0 OR BELOW: 0 1.00 INCH OR MORE: 3
[HDD (BASE 65) ]
TOTAL THIS MO. 187 CLEAR (SCALE 0-3) 17
DPTR FM NORMAL -9 PTCLDY (SCALE 4-7) 11
TOTAL FM JUL 1 2355 CLOUDY (SCALE 8-10) 2
DPTR FM NORMAL -869
[CDD (BASE 65) ]
TOTAL THIS MO. 16
DPTR FM NORMAL -5 [PRESSURE DATA]
TOTAL FM JAN 1 52 HIGHEST SLP 30.32 ON 16
DPTR FM NORMAL 27 LOWEST SLP 29.52 ON 20
[REMARKS]
#FINAL-04-20#