000
CXUS53 KGRR 011017
CF6AZO
PRELIMINARY LOCAL CLIMATOLOGICAL DATA (WS FORM: F-6)

                                          STATION:   KALAMAZOO MI
                                          MONTH:     JULY
                                          YEAR:      2015
                                          LATITUDE:   42 13 N
                                          LONGITUDE:  85 33 W

  TEMPERATURE IN F:       :PCPN:    SNOW:  WIND      :SUNSHINE: SKY     :PK WND
================================================================================
1   2   3   4   5  6A  6B    7    8   9   10  11  12  13   14  15   16   17  18
                                     12Z  AVG MX 2MIN
DY MAX MIN AVG DEP HDD CDD  WTR  SNW DPTH SPD SPD DIR MIN PSBL S-S WX    SPD DR
================================================================================

 1  71  54  63  -9   2   0 0.00    M    M  7.9 15 320   M    M   5 1      20 330
 2  75  52  64  -8   1   0 0.00    M    M  4.7 12  90   M    M   4 128    18 100
 3  76  53  65  -7   0   0 0.00    M    M  2.0  8 360   M    M   0        10 120
 4  81  54  68  -4   0   3 0.00    M    M  2.9 12 330   M    M   0 18     13 330
 5  84  56  70  -2   0   5 0.00    M    M  3.0 10 190   M    M   0 18     12 190
 6  85  61  73   1   0   8 0.00    M    M  9.1 17 190   M    M   1 18     22 190
 7  77  56  67  -6   0   2 1.20    M    M  9.3 20 330   M    M   6 1      23 330
 8  66  53  60 -13   5   0    T    M    M  2.8  9 100   M    M   3        13 100
 9  74  58  66  -7   0   1 0.34    M    M  5.1 13 310   M    M   8 1      15 320
10  79  53  66  -7   0   1 0.00    M    M  1.0  7 210   M    M   1 1      10 150
11  79  56  68  -5   0   3 0.00    M    M  3.5 13 200   M    M   1 1      15 180
12  82  66  74   1   0   9 0.01    M    M  3.4  9 160   M    M   7        12 140
13  83  65  74   1   0   9 1.15    M    M  7.7 26 180   M    M   4 13     35 170
14  80  69  75   2   0  10 0.04    M    M 12.3 23 330   M    M   7 3      28 300
15  77  60  69  -4   0   4 0.00    M    M  5.0 12 360   M    M   2        16  30
16  72  55  64  -9   1   0 0.17    M    M  3.8 12 170   M    M   2 1      19 160
17  89  63  76   3   0  11 0.78    M    M  9.0 15 240   M    M   7 138    23 160
18  85  68  77   4   0  12 0.42    M    M  6.9 26 270   M    M   2 13     35 320
19  85  63  74   1   0   9 0.00    M    M  8.7 20 300   M    M   2        27 290
20  83  59  71  -2   0   6    T    M    M  5.1 14 260   M    M   1        17 260
21  79  61  70  -3   0   5 0.00    M    M  9.1 22 340   M    M   1        27 320
22  81  56  69  -4   0   4 0.00    M    M  4.4 15 350   M    M   2        23 320
23  84  58  71  -2   0   6 0.00    M    M  3.2 13 300   M    M   3        17 290
24  86  59  73   0   0   8 0.00    M    M  4.0 14 250   M    M   0 1      17 220
25  86  66  76   3   0  11 0.00    M    M  7.5 14 260   M    M   4        24 220
26  86  63  75   3   0  10 0.00    M    M  2.3  8 130   M    M   0 1      13  90
27  88  62  75   3   0  10 0.00    M    M  2.3 10 100   M    M   0 1      15 110
28  90  63  77   5   0  12 0.00    M    M  2.3 12 180   M    M   0 1      15 180
29  86  69  78   6   0  13 0.00    M    M  7.9 22 320   M    M   2        27 290
30  85  65  75   3   0  10 0.00    M    M 10.7 22 290   M    M   0        29 280
31  86  63  75   3   0  10 0.00    M    M  9.3 25 320   M    M   1        31 260
================================================================================
SM 2520 1859         9 192  4.11    M    176.2          M       76
================================================================================
AV 81.3 60.0                               5.7 FASTST   M    M   2    MAX(MPH)
                                 MISC ---->  # 26 180               # 35  170
================================================================================
NOTES:
# LAST OF SEVERAL OCCURRENCES

COLUMN 17 PEAK WIND IN M.P.H.

PRELIMINARY LOCAL CLIMATOLOGICAL DATA (WS FORM: F-6) , PAGE 2

                                          STATION:  KALAMAZOO MI
                                          MONTH:    JULY
                                          YEAR:     2015
                                          LATITUDE:   42 13 N
                                          LONGITUDE:  85 33 W

[TEMPERATURE DATA]      [PRECIPITATION DATA]       SYMBOLS USED IN COLUMN 16

AVERAGE MONTHLY: 70.6   TOTAL FOR MONTH:   4.11    1 = FOG OR MIST
DPTR FM NORMAL:  -2.0   DPTR FM NORMAL:    0.41    2 = FOG REDUCING VISIBILITY
HIGHEST:    90 ON 28    GRTST 24HR  1.20 ON  7- 7      TO 1/4 MILE OR LESS
LOWEST:     52 ON  2                               3 = THUNDER
                        SNOW, ICE PELLETS, HAIL    4 = ICE PELLETS
                        TOTAL MONTH:    M          5 = HAIL
                        GRTST 24HR    M  ON   M    6 = FREEZING RAIN OR DRIZZLE
                        GRTST DEPTH:  M  ON   M    7 = DUSTSTORM OR SANDSTORM:
                                                       VSBY 1/2 MILE OR LESS
                                                   8 = SMOKE OR HAZE
[NO. OF DAYS WITH]      [WEATHER - DAYS WITH]      9 = BLOWING SNOW
                                                   X = TORNADO
MAX 32 OR BELOW:   0    0.01 INCH OR MORE:   8
MAX 90 OR ABOVE:   1    0.10 INCH OR MORE:   6
MIN 32 OR BELOW:   0    0.50 INCH OR MORE:   3
MIN  0 OR BELOW:   0    1.00 INCH OR MORE:   2

[HDD (BASE 65) ]
TOTAL THIS MO.     9    CLEAR  (SCALE 0-3)  21
DPTR FM NORMAL     4    PTCLDY (SCALE 4-7)  10
TOTAL FM JUL 1     9    CLOUDY (SCALE 8-10)  0
DPTR FM NORMAL     4

[CDD (BASE 65) ]
TOTAL THIS MO.   192
DPTR FM NORMAL   -48    [PRESSURE DATA]
TOTAL FM JAN 1   339    HIGHEST SLP 30.19 ON 11
DPTR FM NORMAL   -87    LOWEST  SLP 29.51 ON 14

[REMARKS]
#FINAL-07-15#
