000
CXUS53 KGRR 301017
CF6AZO
PRELIMINARY LOCAL CLIMATOLOGICAL DATA (WS FORM: F-6)

                                          STATION:   KALAMAZOO MI
                                          MONTH:     AUGUST
                                          YEAR:      2015
                                          LATITUDE:   42 13 N
                                          LONGITUDE:  85 33 W

  TEMPERATURE IN F:       :PCPN:    SNOW:  WIND      :SUNSHINE: SKY     :PK WND
================================================================================
1   2   3   4   5  6A  6B    7    8   9   10  11  12  13   14  15   16   17  18
                                     12Z  AVG MX 2MIN
DY MAX MIN AVG DEP HDD CDD  WTR  SNW DPTH SPD SPD DIR MIN PSBL S-S WX    SPD DR
================================================================================

 1  84  61  73   1   0   8 0.00    M    M  7.3 21 280   M    M   2        28 260
 2  92  64  78   6   0  13 0.83    M    M 13.2 32 340   M    M   1 13     42 300
 3  80  60  70  -2   0   5    T    M    M  8.0 22 290   M    M   4 3      26 290
 4  81  58  70  -2   0   5 0.00    M    M  7.0 17 290   M    M   2        23 250
 5  81  55  68  -4   0   3 0.00    M    M  2.0  8 120   M    M   3        11 300
 6  80  61  71  -1   0   6 0.00    M    M  2.6 10  90   M    M   3        15 150
 7  80  56  68  -4   0   3    T    M    M  2.6  8 110   M    M   3 1      12  40
 8  81  66  74   2   0   9    T    M    M  4.0  9 160   M    M   9        14 160
 9  80  68  74   2   0   9 0.00    M    M  3.0  9 220   M    M   8 18     13 150
10  81  67  74   2   0   9 0.34    M    M  4.7 20 350   M    M   7 138    23 360
11  80  63  72   1   0   7 0.00    M    M 10.3 18 350   M    M   2 1      23 330
12  78  56  67  -4   0   2 0.00    M    M  7.2 14 300   M    M   2        21 240
13  85  59  72   1   0   7 0.00    M    M  7.8 16 270   M    M   1        21 240
14  86  66  76   5   0  11 1.01    M    M  7.4 31 350   M    M   6 13     39 340
15  85  63  74   3   0   9    T    M    M  3.8 13 220   M    M   0        15 230
16  88  69  79   8   0  14 0.00    M    M  6.0 14 240   M    M   2        18 240
17  86  67  77   6   0  12 0.02    M    M  6.7 16 260   M    M   3 138    21 250
18  83  66  75   4   0  10    T    M    M  8.5 16 180   M    M   3 18     20 190
19  85  65  75   5   0  10 0.08    M    M 11.6 23 210   M    M   5 1      29 210
20  69  56  63  -7   2   0 0.03    M    M 10.5 24 240   M    M   8 1      30 250
21  79  53  66  -4   0   1 0.00    M    M  4.2 13 230   M    M   2        16 220
22  81  57  69  -1   0   4 0.00    M    M  5.1 16 170   M    M   1        21 190
23  81  56  69  -1   0   4 0.23    M    M  8.6 21 280   M    M   4 13     28 280
24  73  56  65  -5   0   0    T    M    M 11.0 24 270   M    M   6        32 280
25  64  56  60 -10   5   0 0.03    M    M  7.9 20 310   M    M  10 18     24 320
26  66  52  59 -10   6   0 0.01    M    M  5.3 16 330   M    M   9 1      19 330
27  71  47  59 -10   6   0 0.00    M    M  1.8  8 100   M    M   4 12     11 100
28  78  55  67  -2   0   2    T    M    M  3.7 12 200   M    M   4 1      14 180
29  72  63  68  -1   0   3 0.36    M    M  2.4  8  90   M    M   7 1      12 100
================================================================================
SM 2310 1741        19 166  2.94    M    184.2          M      121
================================================================================
AV 79.7 60.0                               6.4 FASTST   M    M   4    MAX(MPH)
                                 MISC ---->  # 32 340               # 42  300
================================================================================
NOTES:
# LAST OF SEVERAL OCCURRENCES

COLUMN 17 PEAK WIND IN M.P.H.

PRELIMINARY LOCAL CLIMATOLOGICAL DATA (WS FORM: F-6) , PAGE 2

                                          STATION:  KALAMAZOO MI
                                          MONTH:    AUGUST
                                          YEAR:     2015
                                          LATITUDE:   42 13 N
                                          LONGITUDE:  85 33 W

[TEMPERATURE DATA]      [PRECIPITATION DATA]       SYMBOLS USED IN COLUMN 16

AVERAGE MONTHLY: 69.8   TOTAL FOR MONTH:   2.94    1 = FOG OR MIST
DPTR FM NORMAL:  -1.0   DPTR FM NORMAL:   -0.61    2 = FOG REDUCING VISIBILITY
HIGHEST:    92 ON  2    GRTST 24HR  1.01 ON 14-14      TO 1/4 MILE OR LESS
LOWEST:     47 ON 27                               3 = THUNDER
                        SNOW, ICE PELLETS, HAIL    4 = ICE PELLETS
                        TOTAL MONTH:    M          5 = HAIL
                        GRTST 24HR    M  ON   M    6 = FREEZING RAIN OR DRIZZLE
                        GRTST DEPTH:  M  ON   M    7 = DUSTSTORM OR SANDSTORM:
                                                       VSBY 1/2 MILE OR LESS
                                                   8 = SMOKE OR HAZE
[NO. OF DAYS WITH]      [WEATHER - DAYS WITH]      9 = BLOWING SNOW
                                                   X = TORNADO
MAX 32 OR BELOW:   0    0.01 INCH OR MORE:  10
MAX 90 OR ABOVE:   1    0.10 INCH OR MORE:   5
MIN 32 OR BELOW:   0    0.50 INCH OR MORE:   2
MIN  0 OR BELOW:   0    1.00 INCH OR MORE:   1

[HDD (BASE 65) ]
TOTAL THIS MO.    19    CLEAR  (SCALE 0-3)  12
DPTR FM NORMAL    14    PTCLDY (SCALE 4-7)  14
TOTAL FM JUL 1    28    CLOUDY (SCALE 8-10)  3
DPTR FM NORMAL    18

[CDD (BASE 65) ]
TOTAL THIS MO.   166
DPTR FM NORMAL   -11    [PRESSURE DATA]
TOTAL FM JAN 1   505    HIGHEST SLP M ON M
DPTR FM NORMAL   -98    LOWEST  SLP 29.56 ON  2

[REMARKS]
