000
CXUS52 KMHX 240700
CF6EWN
PRELIMINARY LOCAL CLIMATOLOGICAL DATA (WS FORM: F-6)

                                          STATION:   NEW BERN NC
                                          MONTH:     SEPTEMBER
                                          YEAR:      2017
                                          LATITUDE:   35  4 N
                                          LONGITUDE:  77  3 W

  TEMPERATURE IN F:       :PCPN:    SNOW:  WIND      :SUNSHINE: SKY     :PK WND
================================================================================
1   2   3   4   5  6A  6B    7    8   9   10  11  12  13   14  15   16   17  18
                                     12Z  AVG MX 2MIN
DY MAX MIN AVG DEP HDD CDD  WTR  SNW DPTH SPD SPD DIR MIN PSBL S-S WX    SPD DR
================================================================================

 1  86  71  79   2   0  14 0.18  0.0    0  4.7 16 330   M    M   6 13     25 310
 2  83  70  77   0   0  12 1.24  0.0    0  4.6 22 180   M    M   7 13     27 180
 3  83  66  75  -2   0  10 0.00  0.0    0  5.0 14 290   M    M   1 1      20 280
 4  87  64  76  -1   0  11 0.00  0.0    0  3.6 13 200   M    M   0 1      17 180
 5  88  68  78   1   0  13    T  0.0    0  7.5 16 210   M    M   2 13     24 210
 6  84  64  74  -2   0   9 0.01  0.0    0  7.4 17 360   M    M   5 13     23 360
 7  79  58  69  -7   0   4    M  0.0    0  4.1 12 310   M    M   3 1      18 280
 8  79  56  68  -8   0   3 0.00  0.0    0  4.3 12  30   M    M   0 1      17  20
 9  78  58  68  -8   0   3 0.00  0.0    0  9.6 20  30   M    M   0        25  40
10  74  59  67  -9   0   2 0.00  0.0    0 11.0 20  30   M    M   1        26  50
11  74  64  69  -6   0   4    T  0.0    0 13.4 23  50   M    M   6        30  60
12  79  70  75   0   0  10 0.15  0.0    0  8.1 17 100   M    M   9 12     25 130
13  86  68  77   2   0  12 0.00  0.0    0  4.8 14 310   M    M   1 128    18 310
14  85  69  77   2   0  12 0.27  0.0    0  5.8 15 190   M    M   5 18     21 200
15  87  67  77   3   0  12 0.00  0.0    0  1.5  5 190   M    M   4 1       M  M
16  87  68  78   4   0  13 0.00  0.0    0  5.4 14  70   M    M   4 12     17  30
17  85  70  78   4   0  13 0.37  0.0    0  8.1 15  60   M    M   9 13     20 360
18  84  70  77   3   0  12 0.00  0.0    0 10.1 18  10   M    M   7 1      24  40
19  84  68  76   3   0  11 0.00  0.0    0  8.0 17 350   M    M   5        23 330
20  90  65  78   5   0  13 0.00  0.0    0  3.8 14 280   M    M   1 1      23 250
21  90  67  79   7   0  14 0.98  0.0    0  1.8 28 320   M    M   1 138    35 320
22  87  65  76   4   0  11 0.00  0.0    0  1.8 10 310   M    M   1 12     13 320
23  86  65  76   4   0  11 0.00  0.0    0  4.8 14  20   M    M   1 12     18  20
================================================================================
SM 1925 1510         0 229  3.20     0.0 139.2          M       79
================================================================================
AV 83.7 65.7                               6.1 FASTST   M    M   3    MAX(MPH)
                                 MISC ---->  # 28 320               # 35  320
================================================================================
NOTES:
# LAST OF SEVERAL OCCURRENCES

COLUMN 17 PEAK WIND IN M.P.H.

PRELIMINARY LOCAL CLIMATOLOGICAL DATA (WS FORM: F-6) , PAGE 2

                                          STATION:  NEW BERN NC
                                          MONTH:    SEPTEMBER
                                          YEAR:     2017
                                          LATITUDE:   35  4 N
                                          LONGITUDE:  77  3 W

[TEMPERATURE DATA]      [PRECIPITATION DATA]       SYMBOLS USED IN COLUMN 16

AVERAGE MONTHLY: 74.7   TOTAL FOR MONTH:   3.20    1 = FOG OR MIST
DPTR FM NORMAL:  -0.2   DPTR FM NORMAL:   -1.41    2 = FOG REDUCING VISIBILITY
HIGHEST:    90 ON 21,20 GRTST 24HR  1.24 ON  2- 2      TO 1/4 MILE OR LESS
LOWEST:     56 ON  8                               3 = THUNDER
                        SNOW, ICE PELLETS, HAIL    4 = ICE PELLETS
                        TOTAL MONTH:   0.0 INCH    5 = HAIL
                        GRTST 24HR     0.0         6 = FREEZING RAIN OR DRIZZLE
                        GRTST DEPTH:   0           7 = DUSTSTORM OR SANDSTORM:
                                                       VSBY 1/2 MILE OR LESS
                                                   8 = SMOKE OR HAZE
[NO. OF DAYS WITH]      [WEATHER - DAYS WITH]      9 = BLOWING SNOW
                                                   X = TORNADO
MAX 32 OR BELOW:   0    0.01 INCH OR MORE:   7
MAX 90 OR ABOVE:   2    0.10 INCH OR MORE:   6
MIN 32 OR BELOW:   0    0.50 INCH OR MORE:   2
MIN  0 OR BELOW:   0    1.00 INCH OR MORE:   1

[HDD (BASE 65) ]
TOTAL THIS MO.     0    CLEAR  (SCALE 0-3)  12
DPTR FM NORMAL     0    PTCLDY (SCALE 4-7)   9
TOTAL FM JUL 1     0    CLOUDY (SCALE 8-10)  2
DPTR FM NORMAL     0

[CDD (BASE 65) ]
TOTAL THIS MO.   229
DPTR FM NORMAL    -1    [PRESSURE DATA]
TOTAL FM JAN 1  1912    HIGHEST SLP M ON M
DPTR FM NORMAL   153    LOWEST  SLP 29.76 ON 19

[REMARKS]
