000
CXUS52 KMHX 290806
CF6EWN
PRELIMINARY LOCAL CLIMATOLOGICAL DATA (WS FORM: F-6)

                                          STATION:   NEW BERN NC
                                          MONTH:     DECEMBER
                                          YEAR:      2014
                                          LATITUDE:   35  4 N
                                          LONGITUDE:  77  3 W

  TEMPERATURE IN F:       :PCPN:    SNOW:  WIND      :SUNSHINE: SKY     :PK WND
================================================================================
1   2   3   4   5  6A  6B    7    8   9   10  11  12  13   14  15   16   17  18
                                     12Z  AVG MX 2MIN
DY MAX MIN AVG DEP HDD CDD  WTR  SNW DPTH SPD SPD DIR MIN PSBL S-S WX    SPD DR
================================================================================

 1  75  43  59   8   6   0 0.00  0.0    0  5.7 16 260   M    M   0 1      21 260
 2  58  43  51   1  14   0    T  0.0    0  6.5 15  40   M    M   9 128    19  40
 3  71  50  61  11   4   0 0.00  0.0    0  3.4 10 270   M    M   5 128    12 260
 4  59  47  53   3  12   0 0.00  0.0    0  8.1 13  40   M    M   3 1       M  M
 5  62  45  54   5  11   0 0.00  0.0    0  5.5 10  50   M    M   2        13  10
 6  72  49  61  12   4   0 0.38    M    0  3.9 14 290   M    M   8 12     19 270
 7  62  44  53   4  12   0    T    M    0 17.2 26  10   M    M  10 18     34  10
 8  58  42  50   1  15   0 0.04    M    0 14.2 25  50   M    M   6 18     31  50
 9  47  42  45  -3  20   0 0.17    M    0 10.2 17 330   M    M  10 18     24 330
10  56  40  48   0  17   0 0.03    M    0  8.6 17 310   M    M   4        26 330
11  50  30  40  -8  25   0 0.00  0.0    0  6.2 16 290   M    M   0        22 270
12  56  30  43  -5  22   0 0.00  0.0    0  5.2 14 290   M    M   0        18 310
13  59  29  44  -3  21   0 0.00  0.0    0  2.0  9 330   M    M   0        12 330
14  60  32  46  -1  19   0 0.00  0.0    0  2.2  8 330   M    M   0 1      12  50
15  62  31  47   0  18   0 0.00  0.0    0  1.3  9  80   M    M   0 18     11  80
16  73  34  54   8  11   0 0.04    M    0  6.7 18 210   M    M   3 18     26 210
17  63  43  53   7  12   0 0.00  0.0    0  5.4 14 320   M    M   0        17 330
18  54  34  44  -2  21   0 0.00  0.0    0  2.5 10  40   M    M   0        13  40
19  55  33  44  -2  21   0 0.00  0.0    0  2.5  9  10   M    M   1 1      13 360
20  44  34  39  -7  26   0 0.06    M    0  4.7 12  40   M    M   6 1      14  50
21  50  36  43  -2  22   0 0.07    M    0  7.2 14  40   M    M   7 1      16  20
22  52  44  48   3  17   0 0.31    M    0  7.4 13  30   M    M   9 18     19  60
23  56  44  50   5  15   0 0.41    M    0  3.7  8  60   M    M  10 1238   11 320
24  73  55  64  19   1   0 2.38  0.0    0 10.3 24 180   M    M   9 1      33 170
25  70  39  55  10  10   0 0.01  0.0    0  7.3 18 280   M    M   3 18     26 270
26  62  34  48   3  17   0 0.00  0.0    0  0.3  7 250   M    M   3 128     9 250
27  65  31  48   4  17   0 0.00  0.0    0  1.8  8 180   M    M   3 12     10 180
28  76  46  61  17   4   0 0.00  0.0    0  4.0 14 230   M    M   5        21 250
================================================================================
SM 1700 1104       414   0  3.90     0.0 164.0          M      116
================================================================================
AV 60.7 39.4                               5.9 FASTST   M    M   4    MAX(MPH)
                                 MISC ---->  # 26  10               # 34   10
================================================================================
NOTES:
# LAST OF SEVERAL OCCURRENCES

COLUMN 17 PEAK WIND IN M.P.H.

PRELIMINARY LOCAL CLIMATOLOGICAL DATA (WS FORM: F-6) , PAGE 2

                                          STATION:  NEW BERN NC
                                          MONTH:    DECEMBER
                                          YEAR:     2014
                                          LATITUDE:   35  4 N
                                          LONGITUDE:  77  3 W

[TEMPERATURE DATA]      [PRECIPITATION DATA]       SYMBOLS USED IN COLUMN 16

AVERAGE MONTHLY: 50.1   TOTAL FOR MONTH:   3.90    1 = FOG OR MIST
DPTR FM NORMAL:   3.0   DPTR FM NORMAL:    0.81    2 = FOG REDUCING VISIBILITY
HIGHEST:    76 ON 28    GRTST 24HR  2.76 ON 23-24      TO 1/4 MILE OR LESS
LOWEST:     29 ON 13                               3 = THUNDER
                        SNOW, ICE PELLETS, HAIL    4 = ICE PELLETS
                        TOTAL MONTH:   0.0 INCH    5 = HAIL
                        GRTST 24HR     0.0         6 = FREEZING RAIN OR DRIZZLE
                        GRTST DEPTH:   0           7 = DUSTSTORM OR SANDSTORM:
                                                       VSBY 1/2 MILE OR LESS
                                                   8 = SMOKE OR HAZE
[NO. OF DAYS WITH]      [WEATHER - DAYS WITH]      9 = BLOWING SNOW
                                                   X = TORNADO
MAX 32 OR BELOW:   0    0.01 INCH OR MORE:  11
MAX 90 OR ABOVE:   0    0.10 INCH OR MORE:   5
MIN 32 OR BELOW:   6    0.50 INCH OR MORE:   1
MIN  0 OR BELOW:   0    1.00 INCH OR MORE:   1

[HDD (BASE 65) ]
TOTAL THIS MO.   414    CLEAR  (SCALE 0-3)  13
DPTR FM NORMAL   -91    PTCLDY (SCALE 4-7)   9
TOTAL FM JUL 1   859    CLOUDY (SCALE 8-10)  6
DPTR FM NORMAL   -73

[CDD (BASE 65) ]
TOTAL THIS MO.     0
DPTR FM NORMAL     0    [PRESSURE DATA]
TOTAL FM JAN 1  2193    HIGHEST SLP M ON M
DPTR FM NORMAL   293    LOWEST  SLP 29.72 ON 25

[REMARKS]
