000
CXUS52 KMHX 270700
CF6EWN
PRELIMINARY LOCAL CLIMATOLOGICAL DATA (WS FORM: F-6)

                                          STATION:   NEW BERN NC
                                          MONTH:     MAY
                                          YEAR:      2017
                                          LATITUDE:   35  4 N
                                          LONGITUDE:  77  3 W

  TEMPERATURE IN F:       :PCPN:    SNOW:  WIND      :SUNSHINE: SKY     :PK WND
================================================================================
1   2   3   4   5  6A  6B    7    8   9   10  11  12  13   14  15   16   17  18
                                     12Z  AVG MX 2MIN
DY MAX MIN AVG DEP HDD CDD  WTR  SNW DPTH SPD SPD DIR MIN PSBL S-S WX    SPD DR
================================================================================

 1  82  69  76  10   0  11 0.01  0.0    0 14.5 28 200   M    M   4 1      40 200
 2  80  58  69   3   0   4 0.05  0.0    0 10.1 24 210   M    M   2 1      39 210
 3  82  56  69   3   0   4 0.00  0.0    0  5.2 15 320   M    M   0        20 320
 4  78  60  69   3   0   4 0.39  0.0    0 10.7 22 130   M    M   4 1      30 140
 5  77  57  67   0   0   2 0.92  0.0    0 12.7 35 240   M    M   5 13     47 240
 6  66  51  59  -8   6   0 0.00  0.0    0 10.1 21 270   M    M   3        30 260
 7  71  50  61  -6   4   0 0.05  0.0    0  7.6 17 280   M    M   3        24 280
 8  73  45  59  -8   6   0 0.00  0.0    0  6.3 18 300   M    M   1 8      26 290
 9  69  44  57 -11   8   0 0.09  0.0    0  2.1  8  10   M    M   5 1      10 360
10  80  58  69   1   0   4 0.08  0.0    0  3.9 10  60   M    M   2 1      14  70
11  85  63  74   6   0   9 0.01  0.0    0  6.2 16  50   M    M   2 12     20  50
12  67  59  63  -5   2   0    T  0.0    0  8.1 17  40   M    M  10 1      22  40
13  69  57  63  -6   2   0 0.31  0.0    0  5.8 13  10   M    M   9 13     17 300
14  80  52  66  -3   0   1 0.00  0.0    0  6.9 15 260   M    M   1 1      21 270
15  83  63  73   4   0   8 0.00  0.0    0  6.6 16 330   M    M   2        21 340
16  85  61  73   3   0   8 0.00  0.0    0  4.6 12  80   M    M   1 1      16  80
17  91  67  79   9   0  14 0.00  0.0    0  7.4 15 200   M    M   0 1      20 290
18  87  66  77   7   0  12 0.00  0.0    0  8.2 17 210   M    M   2 12     23 210
19  87  66  77   7   0  12 0.00  0.0    0  8.2 15 180   M    M   0        20 180
20  92  64  78   8   0  13    T  0.0    0  7.0 21  70   M    M   3 13     26  60
21  78  63  71   0   0   6 0.00  0.0    0  6.8 14  70   M    M   8 18     18  70
22  86  68  77   6   0  12 0.06  0.0    0  6.3 18 220   M    M   4 13     25 200
23  80  67  74   3   0   9 0.70  0.0    0  6.5 21 210   M    M   7 138    27 200
24  79  68  74   2   0   9 0.02  0.0    0  6.7 18 190   M    M   7 13     27 200
25  80  65  73   1   0   8 0.18  0.0    0 12.6 23 220   M    M   2 13     33 210
26  83  62  73   1   0   8 0.00  0.0    0  8.8 20 300   M    M   1        26 310
================================================================================
SM 2070 1559        28 158  2.87     0.0 199.9          M       88
================================================================================
AV 79.6 60.0                               7.7 FASTST   M    M   3    MAX(MPH)
                                 MISC ---->  # 35 240               # 47  240
================================================================================
NOTES:
# LAST OF SEVERAL OCCURRENCES

COLUMN 17 PEAK WIND IN M.P.H.

PRELIMINARY LOCAL CLIMATOLOGICAL DATA (WS FORM: F-6) , PAGE 2

                                          STATION:  NEW BERN NC
                                          MONTH:    MAY
                                          YEAR:     2017
                                          LATITUDE:   35  4 N
                                          LONGITUDE:  77  3 W

[TEMPERATURE DATA]      [PRECIPITATION DATA]       SYMBOLS USED IN COLUMN 16

AVERAGE MONTHLY: 69.8   TOTAL FOR MONTH:   2.87    1 = FOG OR MIST
DPTR FM NORMAL:   0.9   DPTR FM NORMAL:   -0.54    2 = FOG REDUCING VISIBILITY
HIGHEST:    92 ON 20    GRTST 24HR  0.92 ON  5- 5      TO 1/4 MILE OR LESS
LOWEST:     44 ON  9                               3 = THUNDER
                        SNOW, ICE PELLETS, HAIL    4 = ICE PELLETS
                        TOTAL MONTH:   0.0 INCH    5 = HAIL
                        GRTST 24HR     0.0         6 = FREEZING RAIN OR DRIZZLE
                        GRTST DEPTH:   0           7 = DUSTSTORM OR SANDSTORM:
                                                       VSBY 1/2 MILE OR LESS
                                                   8 = SMOKE OR HAZE
[NO. OF DAYS WITH]      [WEATHER - DAYS WITH]      9 = BLOWING SNOW
                                                   X = TORNADO
MAX 32 OR BELOW:   0    0.01 INCH OR MORE:  13
MAX 90 OR ABOVE:   2    0.10 INCH OR MORE:   5
MIN 32 OR BELOW:   0    0.50 INCH OR MORE:   2
MIN  0 OR BELOW:   0    1.00 INCH OR MORE:   0

[HDD (BASE 65) ]
TOTAL THIS MO.    28    CLEAR  (SCALE 0-3)  15
DPTR FM NORMAL    -4    PTCLDY (SCALE 4-7)   9
TOTAL FM JUL 1  2234    CLOUDY (SCALE 8-10)  2
DPTR FM NORMAL  -465

[CDD (BASE 65) ]
TOTAL THIS MO.   158
DPTR FM NORMAL    26    [PRESSURE DATA]
TOTAL FM JAN 1   306    HIGHEST SLP M ON M
DPTR FM NORMAL   104    LOWEST  SLP 29.51 ON  5

[REMARKS]
