000
CXUS53 KOAX 201000
CF6FNB
PRELIMINARY LOCAL CLIMATOLOGICAL DATA (WS FORM: F-6)

                                          STATION:   FALLS CITY, NEBRASKA
                                          MONTH:     NOVEMBER
                                          YEAR:      2014
                                          LATITUDE:   40  4 N
                                          LONGITUDE:  95 35 W

  TEMPERATURE IN F:       :PCPN:    SNOW:  WIND      :SUNSHINE: SKY     :PK WND
================================================================================
1   2   3   4   5  6A  6B    7    8   9   10  11  12  13   14  15   16   17  18
                                     12Z  AVG MX 2MIN
DY MAX MIN AVG DEP HDD CDD  WTR  SNW DPTH SPD SPD DIR MIN PSBL S-S WX    SPD DR
================================================================================

 1  53  20  37 -11  28   0 0.00    M    M 12.5 22 150   M    M   2        30 150
 2  64  44  54   6  11   0 0.00    M    M 17.1 31 180   M    M   1        39 170
 3  70  48  59  12   6   0    T    M    M 17.0 28 310   M    M   3        34 310
 4  59  42  51   4  14   0 0.00    M    M  8.8 20 320   M    M   0        24 310
 5  68  34  51   5  14   0 0.00    M    M 11.0 25 250   M    M   0        32 240
 6  52  30  41  -5  24   0 0.00    M    M  9.9 22 320   M    M   1        29 320
 7  66  30  48   3  17   0 0.00    M    M 13.5 29 330   M    M   0        37 330
 8  54  34  44  -1  21   0 0.00    M    M 11.2 23 330   M    M   2        35 330
 9  66  39  53   9  12   0 0.00    M    M  7.9 17 200   M    M   0 8      20 220
10  68  30  49   5  16   0 0.00    M    M 15.9 31 330   M    M   3        41 330
11  30  20  25 -18  40   0    T    M    M 17.2 31 350   M    M   6        41 360
12  26  15  21 -22  44   0 0.00    M    M 12.7 22 310   M    M   2        33 290
13  30  12  21 -21  44   0    T    M    M 10.4 21 320   M    M   1        27 320
14  27   6  17 -25  48   0 0.00    M    M  3.0  7 150   M    M   2 8       9 280
15  27  16  22 -19  43   0 0.15    M    M  5.5 16 280   M    M   7 12     21 280
16  27  11  19 -22  46   0    T    M    M 12.0 24 320   M    M   3 1      31 320
17  23   9  16 -24  49   0 0.00    M    M 14.4 30 310   M    M   2        37 290
18  36   7  22 -18  43   0 0.00    M    M 10.2 23 230   M    M   1        29 220
19  37  15  26 -13  39   0 0.00    M    M 10.5 22 310   M    M   3        28 320
================================================================================
SM  883  462       559   0  0.15    M    220.7          M       39
================================================================================
AV 46.5 24.3                              11.6 FASTST   M    M   2    MAX(MPH)
                                 MISC ---->  # 31 180               # 41  330
================================================================================
NOTES:
# LAST OF SEVERAL OCCURRENCES

COLUMN 17 PEAK WIND IN M.P.H.

PRELIMINARY LOCAL CLIMATOLOGICAL DATA (WS FORM: F-6) , PAGE 2

                                          STATION:  FALLS CITY, NEBRASKA
                                          MONTH:    NOVEMBER
                                          YEAR:     2014
                                          LATITUDE:   40  4 N
                                          LONGITUDE:  95 35 W

[TEMPERATURE DATA]      [PRECIPITATION DATA]       SYMBOLS USED IN COLUMN 16

AVERAGE MONTHLY: 35.4   TOTAL FOR MONTH:   0.15    1 = FOG OR MIST
DPTR FM NORMAL:  -8.3   DPTR FM NORMAL:   -1.23    2 = FOG REDUCING VISIBILITY
HIGHEST:    70 ON  3    GRTST 24HR  0.15 ON 15-15      TO 1/4 MILE OR LESS
LOWEST:      6 ON 14                               3 = THUNDER
                        SNOW, ICE PELLETS, HAIL    4 = ICE PELLETS
                        TOTAL MONTH:    M          5 = HAIL
                        GRTST 24HR    M  ON   M    6 = FREEZING RAIN OR DRIZZLE
                        GRTST DEPTH:  M  ON   M    7 = DUSTSTORM OR SANDSTORM:
                                                       VSBY 1/2 MILE OR LESS
                                                   8 = SMOKE OR HAZE
[NO. OF DAYS WITH]      [WEATHER - DAYS WITH]      9 = BLOWING SNOW
                                                   X = TORNADO
MAX 32 OR BELOW:   7    0.01 INCH OR MORE:   1
MAX 90 OR ABOVE:   0    0.10 INCH OR MORE:   1
MIN 32 OR BELOW:  13    0.50 INCH OR MORE:   0
MIN  0 OR BELOW:   0    1.00 INCH OR MORE:   0

[HDD (BASE 65) ]
TOTAL THIS MO.   559    CLEAR  (SCALE 0-3)  16
DPTR FM NORMAL   155    PTCLDY (SCALE 4-7)   3
TOTAL FM JUL 1   904    CLOUDY (SCALE 8-10)  0
DPTR FM NORMAL    70

[CDD (BASE 65) ]
TOTAL THIS MO.     0
DPTR FM NORMAL     0    [PRESSURE DATA]
TOTAL FM JAN 1  1241    HIGHEST SLP M ON M
DPTR FM NORMAL     3    LOWEST  SLP 29.36 ON 10

[REMARKS]
