000
CXUS54 KOUN 210700
CF6GAG
PRELIMINARY LOCAL CLIMATOLOGICAL DATA (WS FORM: F-6)

                                          STATION:   GAGE
                                          MONTH:     OCTOBER
                                          YEAR:      2017
                                          LATITUDE:   36 17 N
                                          LONGITUDE:  99 46 W

  TEMPERATURE IN F:       :PCPN:    SNOW:  WIND      :SUNSHINE: SKY     :PK WND
================================================================================
1   2   3   4   5  6A  6B    7    8   9   10  11  12  13   14  15   16   17  18
                                     12Z  AVG MX 2MIN
DY MAX MIN AVG DEP HDD CDD  WTR  SNW DPTH SPD SPD DIR MIN PSBL S-S WX    SPD DR
================================================================================

 1  79  63  71   7   0   6 0.00  0.0    0 19.9 32 180   M    M   5        41 180
 2  85  65  75  11   0  10 0.00  0.0    0 24.1 36 170   M    M   1        45 180
 3  78  65  72   9   0   7    T  0.0    0 13.5 31 180   M    M   6 18     41 170
 4  83  65  74  11   0   9 0.16  0.0    0  6.0 14  80   M    M   8 18     19  80
 5  72  65  69   7   0   4 1.16  0.0    0 10.4 24 190   M    M   5 13     32 190
 6  86  58  72  10   0   7 0.65  0.0    0 15.6 37 320   M    M   0 13     51 320
 7  81  49  65   3   0   0 0.00  0.0    0  9.5 17 290   M    M   0        22 300
 8  85  55  70   9   0   5 0.00  0.0    0 16.5 25 200   M    M   0        32 210
 9  65  45  55  -6  10   0    T    M    0 19.3 31 350   M    M   6        39 350
10  62  39  51  -9  14   0 0.12    M    M 11.9 22 330   M    M   3 1      29 340
11  72  35  54  -6  11   0    T    M    0 11.4 23 180   M    M   0 18     30 150
12  86  53  70  10   0   5 0.00  0.0    0 18.6 31 190   M    M   0        37 190
13  79  58  69  10   0   4    T  0.0    0  7.3 21 180   M    M   0        25 170
14  89  51  70  11   0   5 0.00  0.0    0 18.4 32 350   M    M   1        43 350
15  68  39  54  -5  11   0 0.00  0.0    0  6.4 17 360   M    M   0 8      24  10
16  73  35  54  -4  11   0 0.00  0.0    0 10.4 21 180   M    M   0        27 180
17  80  47  64   6   1   0 0.00  0.0    0 15.2 25 170   M    M   0        32 170
18  86  46  66   8   0   1 0.00  0.0    0 12.2 21 180   M    M   0        28 180
19  81  48  65   8   0   0 0.00  0.0    0 13.3 25 180   M    M   0        32 170
20  76  59  68  11   0   3 0.00  0.0    0 24.4 36 180   M    M   0        47 170
================================================================================
SM 1566 1040        58  66  2.09     0.0 284.3          M       35
================================================================================
AV 78.3 52.0                              14.2 FASTST   M    M   2    MAX(MPH)
                                 MISC ---->  # 37 320               # 51  320
================================================================================
NOTES:
# LAST OF SEVERAL OCCURRENCES

COLUMN 17 PEAK WIND IN M.P.H.

PRELIMINARY LOCAL CLIMATOLOGICAL DATA (WS FORM: F-6) , PAGE 2

                                          STATION:  GAGE
                                          MONTH:    OCTOBER
                                          YEAR:     2017
                                          LATITUDE:   36 17 N
                                          LONGITUDE:  99 46 W

[TEMPERATURE DATA]      [PRECIPITATION DATA]       SYMBOLS USED IN COLUMN 16

AVERAGE MONTHLY: 65.2   TOTAL FOR MONTH:   2.09    1 = FOG OR MIST
DPTR FM NORMAL:   4.8   DPTR FM NORMAL:    0.70    2 = FOG REDUCING VISIBILITY
HIGHEST:    89 ON 14    GRTST 24HR  1.16 ON  5- 5      TO 1/4 MILE OR LESS
LOWEST:     35 ON 16,11                            3 = THUNDER
                        SNOW, ICE PELLETS, HAIL    4 = ICE PELLETS
                        TOTAL MONTH:   0.0 INCH    5 = HAIL
                        GRTST 24HR     0.0         6 = FREEZING RAIN OR DRIZZLE
                        GRTST DEPTH:   0           7 = DUSTSTORM OR SANDSTORM:
                                                       VSBY 1/2 MILE OR LESS
                                                   8 = SMOKE OR HAZE
[NO. OF DAYS WITH]      [WEATHER - DAYS WITH]      9 = BLOWING SNOW
                                                   X = TORNADO
MAX 32 OR BELOW:   0    0.01 INCH OR MORE:   4
MAX 90 OR ABOVE:   0    0.10 INCH OR MORE:   4
MIN 32 OR BELOW:   0    0.50 INCH OR MORE:   2
MIN  0 OR BELOW:   0    1.00 INCH OR MORE:   1

[HDD (BASE 65) ]
TOTAL THIS MO.    58    CLEAR  (SCALE 0-3)  15
DPTR FM NORMAL   -68    PTCLDY (SCALE 4-7)   4
TOTAL FM JUL 1    74    CLOUDY (SCALE 8-10)  1
DPTR FM NORMAL   -97

[CDD (BASE 65) ]
TOTAL THIS MO.    66
DPTR FM NORMAL    33    [PRESSURE DATA]
TOTAL FM JAN 1  1850    HIGHEST SLP M ON M
DPTR FM NORMAL   225    LOWEST  SLP 29.56 ON  8

[REMARKS]
