000
CXUS52 KGSP 280817
CF6GSP
PRELIMINARY LOCAL CLIMATOLOGICAL DATA (WS FORM: F-6)

                                          STATION:   GREENVILLE-SPARTANBURG SC
                                          MONTH:     MARCH
                                          YEAR:      2015
                                          LATITUDE:   34 54 N
                                          LONGITUDE:  82 13 W

  TEMPERATURE IN F:       :PCPN:    SNOW:  WIND      :SUNSHINE: SKY     :PK WND
================================================================================
1   2   3   4   5  6A  6B    7    8   9   10  11  12  13   14  15   16   17  18
                                     12Z  AVG MX 2MIN
DY MAX MIN AVG DEP HDD CDD  WTR  SNW DPTH SPD SPD DIR MIN PSBL S-S WX    SPD DR
================================================================================

 1  44  32  38 -11  27   0 0.13  0.0    0  5.4 12 250   M    M  10 1      16  30
 2  69  43  56   7   9   0 0.00  0.0    0  7.0 15  20   M    M   6 128    18 230
 3  54  41  48  -2  17   0 0.06  0.0    0  6.5 15  20   M    M  10 18     20  20
 4  70  45  58   8   7   0 0.04  0.0    0 11.7 23 220   M    M   9 1      32 220
 5  67  36  52   2  13   0 0.20  0.0    0 13.3 24 210   M    M  10 1      34 250
 6  47  28  38 -12  27   0 0.00  0.0    0  5.9 15  70   M    M   2        20  40
 7  63  26  45  -5  20   0 0.00  0.0    0  5.2 17 210   M    M   0        22 230
 8  73  35  54   3  11   0 0.00  0.0    0  5.8 18 210   M    M   0        22 210
 9  66  51  59   8   6   0    T  0.0    0  4.3 10 340   M    M   9        15 360
10  75  54  65  14   0   0 0.02  0.0    0  3.2 12 230   M    M   9        17 210
11  81  57  69  17   0   4 0.13  0.0    0  6.8 23 220   M    M   5 128    34 220
12  68  55  62  10   3   0    T  0.0    0  8.6 16 110   M    M   9 12     20  50
13  59  43  51  -1  14   0 0.49  0.0    0  8.7 17  40   M    M  10 18     21  50
14  68  45  57   5   8   0 0.31  0.0    0  7.9 21 240   M    M   7 1      27 220
15  79  51  65  12   0   0 0.00  0.0    0  6.5 18 340   M    M   0 1      29 360
16  83  45  64  11   1   0 0.00  0.0    0  3.7 15 210   M    M   0        19 200
17  84  50  67  14   0   2 0.00  0.0    0  8.0 21 350   M    M   0        30 360
18  65  51  58   5   7   0 0.00  0.0    0  5.5 12  50   0    0   0        14 120
19  54  42  48  -6  17   0 0.32  0.0    0  7.2 16  40   M    M   9 1      21  40
20  63  43  53  -1  12   0 0.00  0.0    0  4.7 12  20   M    M   7 1      15 220
21  74  43  59   5   6   0 0.00  0.0    0  3.1 10 200   M    M   2 12     14 200
22  65  54  60   6   5   0 0.05  0.0    0  2.8 12 170   M    M   7 1      14 130
23  67  51  59   4   6   0    T  0.0    0  5.8 17  50   M    M   4 1      21  60
24  73  46  60   5   5   0 0.00  0.0    0  5.7 13 140   M    M   2 1      18 190
25  61  52  57   2   8   0 0.02  0.0    0  6.6 13  20   M    M   8 18     15  20
26  73  56  65  10   0   0 0.00  0.0    0  9.1 22 210   M    M   6 1      27 210
27  63  39  51  -5  14   0 0.10  0.0    0  6.9 16 360   M    M   9 1      23 360
================================================================================
SM 1808 1214       243   6  1.87     0.0 175.9            0    150
================================================================================
AV 67.0 45.0                               6.5 FASTST    0   0   6    MAX(MPH)
                                 MISC ---->  # 24 210               # 34  250
================================================================================
NOTES:
# LAST OF SEVERAL OCCURRENCES

COLUMN 17 PEAK WIND IN M.P.H.

PRELIMINARY LOCAL CLIMATOLOGICAL DATA (WS FORM: F-6) , PAGE 2

                                          STATION:  GREENVILLE-SPARTANBURG SC
                                          MONTH:    MARCH
                                          YEAR:     2015
                                          LATITUDE:   34 54 N
                                          LONGITUDE:  82 13 W

[TEMPERATURE DATA]      [PRECIPITATION DATA]       SYMBOLS USED IN COLUMN 16

AVERAGE MONTHLY: 56.0   TOTAL FOR MONTH:   1.87    1 = FOG OR MIST
DPTR FM NORMAL:   3.6   DPTR FM NORMAL:   -2.08    2 = FOG REDUCING VISIBILITY
HIGHEST:    84 ON 17    GRTST 24HR  0.49 ON 13-13      TO 1/4 MILE OR LESS
LOWEST:     26 ON  7                               3 = THUNDER
                        SNOW, ICE PELLETS, HAIL    4 = ICE PELLETS
                        TOTAL MONTH:   0.0 INCH    5 = HAIL
                        GRTST 24HR     0.0         6 = FREEZING RAIN OR DRIZZLE
                        GRTST DEPTH:   0           7 = DUSTSTORM OR SANDSTORM:
                                                       VSBY 1/2 MILE OR LESS
                                                   8 = SMOKE OR HAZE
[NO. OF DAYS WITH]      [WEATHER - DAYS WITH]      9 = BLOWING SNOW
                                                   X = TORNADO
MAX 32 OR BELOW:   0    0.01 INCH OR MORE:  12
MAX 90 OR ABOVE:   0    0.10 INCH OR MORE:   7
MIN 32 OR BELOW:   3    0.50 INCH OR MORE:   0
MIN  0 OR BELOW:   0    1.00 INCH OR MORE:   0

[HDD (BASE 65) ]
TOTAL THIS MO.   243    CLEAR  (SCALE 0-3)   9
DPTR FM NORMAL  -105    PTCLDY (SCALE 4-7)   7
TOTAL FM JUL 1  2857    CLOUDY (SCALE 8-10) 11
DPTR FM NORMAL    60

[CDD (BASE 65) ]
TOTAL THIS MO.     6
DPTR FM NORMAL     6    [PRESSURE DATA]
TOTAL FM JAN 1     6    HIGHEST SLP  0.00 ON 18
DPTR FM NORMAL     6    LOWEST  SLP  0.00 ON 18

[REMARKS]
