000
CXUS54 KMAF 281100
CF6MAF
PRELIMINARY LOCAL CLIMATOLOGICAL DATA (WS FORM: F-6)

                                          STATION:   Midland International Airport
                                          MONTH:     JULY
                                          YEAR:      2015
                                          LATITUDE:   31 57 N
                                          LONGITUDE: 102 11 W

  TEMPERATURE IN F:       :PCPN:    SNOW:  WIND      :SUNSHINE: SKY     :PK WND
================================================================================
1   2   3   4   5  6A  6B    7    8   9   10  11  12  13   14  15   16   17  18
                                     12Z  AVG MX 2MIN
DY MAX MIN AVG DEP HDD CDD  WTR  SNW DPTH SPD SPD DIR MIN PSBL S-S WX    SPD DR
================================================================================

 1  90  69  80  -2   0  15 0.00  0.0    0 12.1 21 150   M    M   1        28 170
 2  90  71  81  -1   0  16 0.00  0.0    0 11.1 18 130   M    M   3        22 140
 3  89  70  80  -2   0  15 0.00  0.0    0  7.7 16 130   M    M   3        20 120
 4  90  70  80  -2   0  15 0.00  0.0    0  9.5 20 130   M    M   3        25 120
 5  95  73  84   2   0  19 0.00  0.0    0 13.4 23 170   M    M   1        28 170
 6  97  75  86   4   0  21 0.01  0.0    0 14.6 32 190   M    M   1 38     40 190
 7  83  71  77  -5   0  12 0.24  0.0    0  9.2 22  10   M    M   8 1      26 310
 8  89  68  79  -3   0  14 0.00  0.0    0 10.4 25 140   M    M   6 18     32 130
 9  91  71  81  -1   0  16 0.00  0.0    0 15.2 25 170   M    M   1        32 130
10  93  74  84   2   0  19 0.00  0.0    0 14.2 23 160   M    M   2        27 160
11  96  74  85   3   0  20 0.00  0.0    0 12.6 22 140   M    M   0        26 130
12  98  71  85   3   0  20 0.00  0.0    0 10.6 18 150   M    M   0        23 180
13 100  72  86   4   0  21 0.00  0.0    0  9.3 16 170   M    M   0        20 170
14 101  68  85   3   0  20 0.00  0.0    0  9.7 20 140   M    M   0        24 130
15  99  69  84   2   0  19 0.00  0.0    0 11.4 21 140   M    M   0        27 150
16 100  72  86   4   0  21 0.00  0.0    0 11.4 21 170   M    M   0        26 170
17 100  72  86   4   0  21 0.00  0.0    0 13.7 23 150   M    M   0        27 150
18 101  70  86   4   0  21 0.00  0.0    0 12.4 22 150   M    M   0        27 140
19 100  72  86   4   0  21 0.00  0.0    0 11.2 20 130   M    M   0        26 190
20 101  78  90   8   0  25 0.00  0.0    0 10.0 20 230   M    M   0 8      23 230
21  96  73  85   3   0  20 0.27  0.0    0  7.2 25  20   M    M   3 138    28  20
22  98  74  86   4   0  21 0.00  0.0    0  8.0 15 180   M    M   0        21 170
23 100  75  88   6   0  23 0.00  0.0    0 10.3 17 140   M    M   0 8      22 160
24 100  75  88   6   0  23 0.00  0.0    0 10.7 18 130   M    M   0        24 150
25 101  72  87   5   0  22 0.00  0.0    0  9.1 18 120   M    M   0 8      23 120
26 102  75  89   7   0  24 0.00  0.0    0  8.7 16 170   M    M   0        20 170
27 103  79  91   9   0  26 0.00  0.0    0 11.3 22 140   M    M   0        27 150
================================================================================
SM 2603 1953         0 530  0.52     0.0 295.0          M       32
================================================================================
AV 96.4 72.3                              10.9 FASTST   M    M   1    MAX(MPH)
                                 MISC ---->  # 32 190               # 40  190
================================================================================
NOTES:
# LAST OF SEVERAL OCCURRENCES

COLUMN 17 PEAK WIND IN M.P.H.

PRELIMINARY LOCAL CLIMATOLOGICAL DATA (WS FORM: F-6) , PAGE 2

                                          STATION:  Midland International Airport
                                          MONTH:    JULY
                                          YEAR:     2015
                                          LATITUDE:   31 57 N
                                          LONGITUDE: 102 11 W

[TEMPERATURE DATA]      [PRECIPITATION DATA]       SYMBOLS USED IN COLUMN 16

AVERAGE MONTHLY: 84.4   TOTAL FOR MONTH:   0.52    1 = FOG OR MIST
DPTR FM NORMAL:   2.4   DPTR FM NORMAL:   -1.07    2 = FOG REDUCING VISIBILITY
HIGHEST:   103 ON 27    GRTST 24HR  1.94 ON 30- 1      TO 1/4 MILE OR LESS
LOWEST:     68 ON 14, 8                            3 = THUNDER
                        SNOW, ICE PELLETS, HAIL    4 = ICE PELLETS
                        TOTAL MONTH:   0.0 INCH    5 = HAIL
                        GRTST 24HR     0.0         6 = FREEZING RAIN OR DRIZZLE
                        GRTST DEPTH:   0           7 = DUSTSTORM OR SANDSTORM:
                                                       VSBY 1/2 MILE OR LESS
                                                   8 = SMOKE OR HAZE
[NO. OF DAYS WITH]      [WEATHER - DAYS WITH]      9 = BLOWING SNOW
                                                   X = TORNADO
MAX 32 OR BELOW:   0    0.01 INCH OR MORE:   3
MAX 90 OR ABOVE:  24    0.10 INCH OR MORE:   2
MIN 32 OR BELOW:   0    0.50 INCH OR MORE:   0
MIN  0 OR BELOW:   0    1.00 INCH OR MORE:   0

[HDD (BASE 65) ]
TOTAL THIS MO.     0    CLEAR  (SCALE 0-3)  24
DPTR FM NORMAL     0    PTCLDY (SCALE 4-7)   3
TOTAL FM JUL 1     0    CLOUDY (SCALE 8-10)  0
DPTR FM NORMAL     0

[CDD (BASE 65) ]
TOTAL THIS MO.   530
DPTR FM NORMAL    71    [PRESSURE DATA]
TOTAL FM JAN 1  1337    HIGHEST SLP M ON M
DPTR FM NORMAL    28    LOWEST  SLP 29.68 ON 14

[REMARKS]
