000
CXUS54 KJAN 191200
CF6TVR
PRELIMINARY LOCAL CLIMATOLOGICAL DATA (WS FORM: F-6)

                                          STATION:   VICKSBURG
                                          MONTH:     APRIL
                                          YEAR:      2014
                                          LATITUDE:   32 20 N
                                          LONGITUDE:  91  2 W

  TEMPERATURE IN F:       :PCPN:    SNOW:  WIND      :SUNSHINE: SKY     :PK WND
================================================================================
1   2   3   4   5  6A  6B    7    8   9   10  11  12  13   14  15   16   17  18
                                     12Z  AVG MX 2MIN
DY MAX MIN AVG DEP HDD CDD  WTR  SNW DPTH SPD SPD DIR MIN PSBL S-S WX    SPD DR
================================================================================

 1  80  57  69   8   0   4 0.00  0.0    0  6.1 14 170   M    M   5        21 180
 2  81  64  73  12   0   8    T  0.0    0 10.2 18 170   M    M   5        22 170
 3  85  69  77  16   0  12 0.03  0.0    0 12.4 23 180   M    M   5        31 170
 4  74  55  65   3   0   0 1.35  0.0    0  7.3 23 290   M    M   5 1      29 290
 5  65  50  58  -4   7   0    T  0.0    0 10.4 17  50   M    M   2        22 350
 6  59  50  55  -7  10   0 6.29  0.0    0 10.1 22  20   M    M   9 1      26  10
 7  62  53  58  -4   7   0    T  0.0    0  7.4 17 300   M    M   8 1      23 310
 8  63  49  56  -7   9   0 0.16  0.0    0  6.3 23 320   M    M   6 1      34 320
 9  69  45  57  -6   8   0 0.00  0.0    0  4.0 12 310   M    M   0        15  60
10  79  50  65   2   0   0 0.00  0.0    0  8.1 16 180   M    M   0        23 200
11  78  53  66   3   0   1 0.00  0.0    0  6.9 15 170   M    M   0        23 190
12  82  60  71   7   0   6 0.00  0.0    0  9.2 18 170   M    M   2 1      24 160
13  83  65  74  10   0   9 0.16  0.0    0 12.2 24 160   M    M   5 1      31 160
14  72  48  60  -4   5   0 4.22  0.0    0 13.3 29 320   M    M   9 18     40 330
15  54  44  49 -15  16   0 0.00  0.0    0 13.3 28  20   M    M   3        35  10
16  65  42  54 -11  11   0 0.00  0.0    0  5.4 17 110   M    M   0        20 110
17  68  47  58  -7   7   0 0.00  0.0    0  5.4 14 110   M    M   3        16 100
18  76  58  67   2   0   2    T  0.0    0  5.4 16  20   M    M   5        21 360
================================================================================
SM 1295  959        80  42 12.21     0.0 153.4          M       72
================================================================================
AV 71.9 53.3                               8.5 FASTST   M    M   4    MAX(MPH)
                                 MISC ---->  # 29 320               # 40  330
================================================================================
NOTES:
# LAST OF SEVERAL OCCURRENCES

COLUMN 17 PEAK WIND IN M.P.H.

PRELIMINARY LOCAL CLIMATOLOGICAL DATA (WS FORM: F-6) , PAGE 2

                                          STATION:  VICKSBURG
                                          MONTH:    APRIL
                                          YEAR:     2014
                                          LATITUDE:   32 20 N
                                          LONGITUDE:  91  2 W

[TEMPERATURE DATA]      [PRECIPITATION DATA]       SYMBOLS USED IN COLUMN 16

AVERAGE MONTHLY: 62.6   TOTAL FOR MONTH:  12.21    1 = FOG OR MIST
DPTR FM NORMAL:  -0.4   DPTR FM NORMAL:    9.20    2 = FOG REDUCING VISIBILITY
HIGHEST:    85 ON  3    GRTST 24HR  6.29 ON  6- 6      TO 1/4 MILE OR LESS
LOWEST:     42 ON 16                               3 = THUNDER
                        SNOW, ICE PELLETS, HAIL    4 = ICE PELLETS
                        TOTAL MONTH:   0.0 INCH    5 = HAIL
                        GRTST 24HR     0.0         6 = FREEZING RAIN OR DRIZZLE
                        GRTST DEPTH:   0           7 = DUSTSTORM OR SANDSTORM:
                                                       VSBY 1/2 MILE OR LESS
                                                   8 = SMOKE OR HAZE
[NO. OF DAYS WITH]      [WEATHER - DAYS WITH]      9 = BLOWING SNOW
                                                   X = TORNADO
MAX 32 OR BELOW:   0    0.01 INCH OR MORE:   6
MAX 90 OR ABOVE:   0    0.10 INCH OR MORE:   5
MIN 32 OR BELOW:   0    0.50 INCH OR MORE:   3
MIN  0 OR BELOW:   0    1.00 INCH OR MORE:   3

[HDD (BASE 65) ]
TOTAL THIS MO.    80    CLEAR  (SCALE 0-3)   8
DPTR FM NORMAL     3    PTCLDY (SCALE 4-7)   8
TOTAL FM JUL 1  2857    CLOUDY (SCALE 8-10)  2
DPTR FM NORMAL   539

[CDD (BASE 65) ]
TOTAL THIS MO.    42
DPTR FM NORMAL     0    [PRESSURE DATA]
TOTAL FM JAN 1    56    HIGHEST SLP M ON M
DPTR FM NORMAL   -18    LOWEST  SLP 29.57 ON M

[REMARKS]
