000
CXUS53 KEAX 011216
CLSMCI

CLIMATE REPORT
NATIONAL WEATHER SERVICE KANSAS CITY/PLEASANT HILL MO
712 AM CDT THU SEP 1 2016

...................................

...THE KANSAS CITY INTERNATIONAL CLIMATE SUMMARY FOR THE SEASON, FROM
6/1/2016 TO 8/31/2016...

CLIMATE NORMAL PERIOD 1981 TO 2010
CLIMATE RECORD PERIOD 1888 TO 2016

WEATHER         OBSERVED          NORMAL  DEPART  LAST YEAR`S
                 VALUE   DATE(S)  VALUE   FROM    VALUE  DATE(S)
                                          NORMAL
................................................................
TEMPERATURE (F)
RECORD
 HIGH             113   08/14/1936
 LOW               37   06/27/2013
HIGHEST            99   06/22        99       0       96  07/14
LOWEST             55   08/21        50       5       50  08/24
                        06/07
AVG. MAXIMUM     88.0              86.4     1.6     84.7
AVG. MINIMUM     68.1              66.3     1.8     66.4
MEAN             78.1              76.4     1.7     75.6
DAYS MAX >= 90     41              26.6    14.4       22
DAYS MAX <= 32      0               0.0     0.0        0
DAYS MIN <= 32      0               0.0     0.0        0
DAYS MIN <= 0       0               0.0     0.0        0

PRECIPITATION (INCHES)
RECORD
 MAXIMUM        29.56   1969
 MINIMUM         1.12   1936
TOTALS          18.90             13.57    5.33    15.31
DAILY AVG.       0.20              0.15    0.05     0.17
DAYS >= .01        24              28.1    -4.1       32
DAYS >= .10        20              18.9     1.1       25
DAYS >= .50        12               8.8     3.2       11
DAYS >= 1.00        8               4.1     3.9        4
GREATEST
 24 HR. TOTAL    4.96   MM

SNOWFALL (INCHES)
RECORDS
 TOTAL             MM   MM
TOTALS            0.0               0.0     0.0      0.0
SINCE 7/1         0.0               0.0     0.0      0.0
DAYS >= TRACE       0               0.0     0.0        0
DAYS >= 1.0         0               0.0     0.0        0
GREATEST
 SNOW DEPTH         0   MM
 24 HR TOTAL      0.0   MM

DEGREE_DAYS
HEATING TOTAL       0                11     -11        6
COOLING TOTAL    1226              1057     169     1007
.................................................................

WIND (MPH)
AVERAGE WIND SPEED              8.7
HIGHEST WIND SPEED/DIRECTION    39/180    DATE  06/12
HIGHEST GUST SPEED/DIRECTION    50/320    DATE  07/07

SKY COVER
POSSIBLE SUNSHINE (PERCENT)    0
AVERAGE SKY COVER           0.50
NUMBER OF DAYS FAIR           29
NUMBER OF DAYS PC             52
NUMBER OF DAYS CLOUDY         11

AVERAGE RH (PERCENT)     68

WEATHER CONDITIONS. NUMBER OF DAYS WITH
THUNDERSTORM             30     MIXED PRECIP               0
HEAVY RAIN               14     RAIN                      17
LIGHT RAIN               28     FREEZING RAIN              0
LT FREEZING RAIN          0     HAIL                       1
HEAVY SNOW                0     SNOW                       0
LIGHT SNOW                0     SLEET                      0
FOG                      41     FOG W/VIS <= 1/4 MILE      2
HAZE                     35

-  INDICATES NEGATIVE NUMBERS.
R  INDICATES RECORD WAS SET OR TIED.
MM INDICATES DATA IS MISSING.
T  INDICATES TRACE AMOUNT.

$$
