000
CXUS56 KEKA 011230
CF6CEC
PRELIMINARY LOCAL CLIMATOLOGICAL DATA (WS FORM: F-6)
STATION: CRESCENT CITY CA
MONTH: JUNE
YEAR: 2022
LATITUDE: 41 46 N
LONGITUDE: 124 14 W
TEMPERATURE IN F: :PCPN: SNOW: WIND :SUNSHINE: SKY :PK WND
================================================================================
1 2 3 4 5 6A 6B 7 8 9 10 11 12 13 14 15 16 17 18
12Z AVG MX 2MIN
DY MAX MIN AVG DEP HDD CDD WTR SNW DPTH SPD SPD DIR MIN PSBL S-S WX SPD DR
================================================================================
1 57 50 54 -1 11 0 0.00 M M 5.9 15 160 M M 10 18 20 150
2 58 49 54 -1 11 0 T M M 6.8 12 180 M M 7 18 17 210
3 59 53 56 1 9 0 0.05 M M 8.5 14 150 M M 9 2 20 170
4 61 53 57 2 8 0 1.65 M M 12.7 23 150 M M 10 18 32 150
5 59 53 56 1 9 0 0.52 M M 11.9 22 200 M M 10 1 30 190
6 60 51 56 1 9 0 0.01 M M 9.2 17 320 M M 4 18 25 320
7 58 50 54 -1 11 0 0.00 M M 7.8 18 180 M M 6 1 24 170
8 62 49 56 1 9 0 0.00 M M 5.1 13 320 M M 5 18 17 310
9 71 47 59 4 6 0 T M M 6.0 13 230 M M 3 18 16 250
10 67 58 63 8 2 0 0.02 M M 6.1 10 150 M M 8 18 14 180
11 61 58 60 5 5 0 0.61 M M 8.9 17 170 M M 10 2 26 170
12 60 52 56 1 9 0 0.55 M M 13.1 25 320 M M 7 2 35 310
13 60 50 55 0 10 0 0.00 M M 13.2 23 320 M M 3 18 32 330
14 60 45 53 -2 12 0 0.00 M M 9.6 20 330 M M 0 18 30 330
15 60 50 55 0 10 0 0.04 M M 8.3 18 210 M M 6 18 25 210
16 60 49 55 -1 10 0 0.02 M M 2.8 10 280 M M 8 18 14 260
17 60 50 55 -1 10 0 0.00 M M 6.6 13 160 M M 7 18 17 170
18 63 45 54 -2 11 0 0.00 M M 8.3 18 320 M M 0 18 26 320
19 62 46 54 -2 11 0 0.00 M M 6.9 18 330 M M 0 18 33 320
20 61 49 55 -1 10 0 0.00 M M 12.3 28 340 M M 0 18 44 340
21 62 51 57 1 8 0 0.00 M M 13.2 25 330 M M 0 18 37 350
22 61 51 56 0 9 0 0.00 M M 11.7 22 350 M M 1 18 35 360
23 59 49 54 -2 11 0 0.00 0.0 0 8.6 21 340 M M 5 28 32 360
24 60 42 51 -5 14 0 0.00 M M 7.4 22 160 M M 2 28 30 160
25 65 50 58 2 7 0 0.00 M M 7.2 16 170 M M 1 18 24 160
26 58 51 55 -1 10 0 0.00 M M 9.5 14 180 M M 10 2 18 190
27 60 53 57 1 8 0 0.00 M M 7.5 14 180 M M 10 2 17 180
28 65 53 59 3 6 0 0.00 M M 6.7 15 340 M M 5 18 24 340
29 61 52 57 1 8 0 0.00 M M 8.8 20 170 M M 7 18 30 340
30 60 53 57 1 8 0 0.00 M M 6.7 13 310 M M 10 18 17 310
================================================================================
SM 1830 1512 272 0 3.47 0.0 257.3 M 164
================================================================================
AV 61.0 50.4 8.6 FASTST M M 5 MAX(MPH)
MISC ----> 28 340 44 340
================================================================================
NOTES:
# LAST OF SEVERAL OCCURRENCES
COLUMN 17 PEAK WIND IN M.P.H.
PRELIMINARY LOCAL CLIMATOLOGICAL DATA (WS FORM: F-6) , PAGE 2
STATION: CRESCENT CITY CA
MONTH: JUNE
YEAR: 2022
LATITUDE: 41 46 N
LONGITUDE: 124 14 W
[TEMPERATURE DATA] [PRECIPITATION DATA] SYMBOLS USED IN COLUMN 16
AVERAGE MONTHLY: 55.7 TOTAL FOR MONTH: 3.47 1 = FOG OR MIST
DPTR FM NORMAL: 0.2 DPTR FM NORMAL: 2.07 2 = FOG REDUCING VISIBILITY
HIGHEST: 71 ON 9 GRTST 24HR 1.87 ON 4- 5 TO 1/4 MILE OR LESS
LOWEST: 42 ON 24 3 = THUNDER
SNOW, ICE PELLETS, HAIL 4 = ICE PELLETS
TOTAL MONTH: 0.0 INCH 5 = HAIL
GRTST 24HR 0.0 6 = FREEZING RAIN OR DRIZZLE
GRTST DEPTH: 0 7 = DUSTSTORM OR SANDSTORM:
VSBY 1/2 MILE OR LESS
8 = SMOKE OR HAZE
[NO. OF DAYS WITH] [WEATHER - DAYS WITH] 9 = BLOWING SNOW
X = TORNADO
MAX 32 OR BELOW: 0 0.01 INCH OR MORE: 9
MAX 90 OR ABOVE: 0 0.10 INCH OR MORE: 4
MIN 32 OR BELOW: 0 0.50 INCH OR MORE: 4
MIN 0 OR BELOW: 0 1.00 INCH OR MORE: 1
[HDD (BASE 65) ]
TOTAL THIS MO. 272 CLEAR (SCALE 0-3) 9
DPTR FM NORMAL -15 PTCLDY (SCALE 4-7) 12
TOTAL FM JUL 1 4736 CLOUDY (SCALE 8-10) 9
DPTR FM NORMAL 312
[CDD (BASE 65) ]
TOTAL THIS MO. 0
DPTR FM NORMAL 0 [PRESSURE DATA]
TOTAL FM JAN 1 0 HIGHEST SLP 30.26 ON 19
DPTR FM NORMAL 0 LOWEST SLP 29.72 ON 4
[REMARKS]
#FINAL-06-22#