000
CXUS54 KFWD 010830
CF6CPT
PRELIMINARY LOCAL CLIMATOLOGICAL DATA (WS FORM: F-6)
STATION: CLEBURNE
MONTH: NOVEMBER
YEAR: 2021
LATITUDE: 32 20 N
LONGITUDE: 97 24 W
TEMPERATURE IN F: :PCPN: SNOW: WIND :SUNSHINE: SKY :PK WND
================================================================================
1 2 3 4 5 6A 6B 7 8 9 10 11 12 13 14 15 16 17 18
12Z AVG MX 2MIN
DY MAX MIN AVG DEP HDD CDD WTR SNW DPTH SPD SPD DIR MIN PSBL S-S WX SPD DR
================================================================================
1 77 54 66 5 0 1 0.00 M M 7.5 16 170 M M 1 8 21 170
2 61 52 57 -4 8 0 0.00 M M 9.4 13 10 M M 8 1 13 10
3 52 46 49 -12 16 0 M M M 11.5 16 40 M M 10 1 20 30
4 57 43 50 -10 15 0 0.00 M M 6.2 12 30 M M 5 M M
5 61 39 50 -10 15 0 0.00 M M 5.2 9 140 M M 0 13 170
6 68 41 55 -5 10 0 0.00 M M 5.4 9 160 M M 0 M M
7 73 45 59 0 6 0 0.00 M M 8.5 13 150 M M 0 17 150
8 73 50 62 3 3 0 0.00 M M 9.4 17 170 M M 1 1 28 170
9 75 57 66 8 0 1 0.00 M M 9.1 13 170 M M 4 1 20 180
10 77 59 68 10 0 3 0.00 M M 11.4 17 180 M M 4 1 31 190
11 68 46 57 -1 8 0 M M M 9.2 18 10 M M 0 8 25 360
12 70 43 57 0 8 0 0.00 M M 10.3 22 20 M M 0 28 20
13 66 36 51 -6 14 0 0.00 M M 6.5 12 170 M M 0 15 150
14 73 45 59 3 6 0 0.00 M M 4.9 9 40 M M 0 8 14 190
15 81 45 63 7 2 0 0.00 M M 6.9 14 170 M M 0 18 21 170
16 81 59 70 14 0 5 0.00 M M 14.4 21 170 M M 2 29 180
17 84 54 69 14 0 4 0.00 M M 14.3 25 350 M M 3 32 350
18 61 43 52 -3 13 0 0.00 M M 15.3 23 10 M M 1 8 31 30
19 63 36 50 -4 15 0 0.00 M M 7.8 13 160 M M 0 18 140
20 73 46 60 6 5 0 0.00 M M 12.4 21 170 M M 0 28 170
21 66 50 58 4 7 0 0.00 M M 10.6 20 340 M M 4 1 27 340
22 66 39 53 0 12 0 0.00 M M 6.4 13 40 M M 0 15 350
23 70 41 56 3 9 0 0.00 M M 10.0 18 180 M M 0 25 180
24 75 52 64 12 1 0 0.00 M M 12.6 22 180 M M 2 29 180
25 63 41 52 0 13 0 0.00 M M 15.0 28 340 M M 0 36 360
26 52 32 42 -10 23 0 0.00 M M 6.0 12 350 M M 0 M M
27 57 43 50 -1 15 0 M M M 8.0 16 180 M M 5 1 18 180
28 66 45 56 5 9 0 0.00 M M 7.6 16 10 M M 2 128 21 340
29 75 37 56 5 9 0 0.00 M M 6.7 12 210 M M 0 8 17 190
30 75 45 60 10 5 0 0.00 M M 8.9 14 160 M M 0 25 160
================================================================================
SM 2059 1364 247 14 0.00 M 277.3 M 52
================================================================================
AV 68.6 45.5 9.2 FASTST M M 2 MAX(MPH)
MISC ----> 28 340 36 360
================================================================================
NOTES:
# LAST OF SEVERAL OCCURRENCES
COLUMN 17 PEAK WIND IN M.P.H.
PRELIMINARY LOCAL CLIMATOLOGICAL DATA (WS FORM: F-6) , PAGE 2
STATION: CLEBURNE
MONTH: NOVEMBER
YEAR: 2021
LATITUDE: 32 20 N
LONGITUDE: 97 24 W
[TEMPERATURE DATA] [PRECIPITATION DATA] SYMBOLS USED IN COLUMN 16
AVERAGE MONTHLY: 57.1 TOTAL FOR MONTH: 0.00 1 = FOG OR MIST
DPTR FM NORMAL: 1.3 DPTR FM NORMAL: -2.80 2 = FOG REDUCING VISIBILITY
HIGHEST: 84 ON 17 GRTST 24HR 0.00 ON 1- 1 TO 1/4 MILE OR LESS
LOWEST: 32 ON 26 3 = THUNDER
SNOW, ICE PELLETS, HAIL 4 = ICE PELLETS
TOTAL MONTH: M 5 = HAIL
GRTST 24HR M ON M 6 = FREEZING RAIN OR DRIZZLE
GRTST DEPTH: M ON M 7 = DUSTSTORM OR SANDSTORM:
VSBY 1/2 MILE OR LESS
8 = SMOKE OR HAZE
[NO. OF DAYS WITH] [WEATHER - DAYS WITH] 9 = BLOWING SNOW
X = TORNADO
MAX 32 OR BELOW: 0 0.01 INCH OR MORE: 0
MAX 90 OR ABOVE: 0 0.10 INCH OR MORE: 0
MIN 32 OR BELOW: 1 0.50 INCH OR MORE: 0
MIN 0 OR BELOW: 0 1.00 INCH OR MORE: 0
[HDD (BASE 65) ]
TOTAL THIS MO. 247 CLEAR (SCALE 0-3) 23
DPTR FM NORMAL -51 PTCLDY (SCALE 4-7) 6
TOTAL FM JUL 1 275 CLOUDY (SCALE 8-10) 1
DPTR FM NORMAL -110
[CDD (BASE 65) ]
TOTAL THIS MO. 14
DPTR FM NORMAL -8 [PRESSURE DATA]
TOTAL FM JAN 1 2535 HIGHEST SLP M ON M
DPTR FM NORMAL 40 LOWEST SLP M ON M
[REMARKS]
#FINAL-11-21#