000
CXUS54 KFWD 010730
CF6CPT
PRELIMINARY LOCAL CLIMATOLOGICAL DATA (WS FORM: F-6)
STATION: CLEBURNE
MONTH: SEPTEMBER
YEAR: 2023
LATITUDE: 32 20 N
LONGITUDE: 97 24 W
TEMPERATURE IN F: :PCPN: SNOW: WIND :SUNSHINE: SKY :PK WND
================================================================================
1 2 3 4 5 6A 6B 7 8 9 10 11 12 13 14 15 16 17 18
12Z AVG MX 2MIN
DY MAX MIN AVG DEP HDD CDD WTR SNW DPTH SPD SPD DIR MIN PSBL S-S WX SPD DR
================================================================================
1 99 75 87 5 0 22 0.00 M M 9.4 14 90 M M 0 18 50
2 97 72 85 4 0 20 0.00 M M 6.7 12 80 M M 0 16 80
3 99 77 88 7 0 23 0.00 M M 9.4 16 170 M M 1 23 180
4 99 77 88 7 0 23 0.00 M M 11.9 16 160 M M 0 25 160
5 102 79 91 10 0 26 0.00 M M 13.5 20 180 M M 0 24 180
6 102 81 92 12 0 27 0.00 M M 7.0 14 170 M M 1 18 170
7 106 79 93 13 0 28 0.00 M M 5.9 8 170 M M 0 16 160
8 109 52 81 1 0 16 0.00 M M 8.9 29 60 M M 1 3 49 60
9 99 77 88 9 0 23 0.00 M M 11.6 17 90 M M 0 25 110
10 95 72 84 5 0 19 0.00 M M 9.3 14 90 M M 0 18 100
11 91 70 81 2 0 16 0.09 M M 10.4 16 100 M M 1 28 290
12 84 70 77 -1 0 12 0.00 M M 10.0 15 350 M M 4 20 10
13 82 68 75 -3 0 10 0.04 M M 5.3 9 100 M M 9 M M
14 79 70 75 -3 0 10 1.30 M M 8.1 12 100 M M 9 1 15 100
15 82 70 76 -1 0 11 0.62 M M 7.4 13 90 M M 6 13 17 60
16 84 68 76 -1 0 11 0.00 M M 3.2 10 40 M M 2 1 12 340
17 88 68 78 2 0 13 0.00 M M 5.1 12 20 M M 0 16 60
18 91 64 78 2 0 13 0.00 M M 5.3 12 140 M M 0 17 100
19 95 72 84 8 0 19 0.00 M M 12.9 17 150 M M 1 26 170
20 95 73 84 9 0 19 0.00 M M 13.2 20 180 M M 1 29 180
21 91 75 83 8 0 18 0.00 M M 11.4 16 130 M M 0 20 160
22 95 77 86 11 0 21 0.00 M M 11.5 16 170 M M 0 23 190
23 99 77 88 14 0 23 0.00 M M 12.4 18 170 M M 0 25 170
24 100 79 90 16 0 25 0.00 M M 11.3 16 220 M M 1 23 160
25 90 72 81 7 0 16 0.00 M M 6.7 13 110 M M 4 20 80
26 93 68 81 8 0 16 0.00 M M 5.9 12 40 M M 0 14 99
27 95 68 82 9 0 17 0.00 M M 5.2 10 120 M M 0 15 0
28 95 72 84 12 0 19 0.00 M M 6.7 13 190 M M 0 18 150
29 93 72 83 11 0 18 0.00 M M 8.8 13 120 M M 0 18 180
30 93 72 83 11 0 18 0.00 M M 10.2 15 140 M M 0 20 150
================================================================================
SM 2822 2166 0 552 2.05 M 264.6 M 41
================================================================================
AV 94.1 72.2 8.8 FASTST M M 1 MAX(MPH)
MISC ----> 29 60 49 60
================================================================================
NOTES:
# LAST OF SEVERAL OCCURRENCES
COLUMN 17 PEAK WIND IN M.P.H.
PRELIMINARY LOCAL CLIMATOLOGICAL DATA (WS FORM: F-6) , PAGE 2
STATION: CLEBURNE
MONTH: SEPTEMBER
YEAR: 2023
LATITUDE: 32 20 N
LONGITUDE: 97 24 W
[TEMPERATURE DATA] [PRECIPITATION DATA] SYMBOLS USED IN COLUMN 16
AVERAGE MONTHLY: 83.1 TOTAL FOR MONTH: 2.05 1 = FOG OR MIST
DPTR FM NORMAL: 6.2 DPTR FM NORMAL: -1.10 2 = FOG REDUCING VISIBILITY
HIGHEST: 109 ON 8 GRTST 24HR 1.30 ON 14-14 TO 1/4 MILE OR LESS
LOWEST: 52 ON 8 3 = THUNDER
SNOW, ICE PELLETS, HAIL 4 = ICE PELLETS
TOTAL MONTH: M 5 = HAIL
GRTST 24HR M ON M 6 = FREEZING RAIN OR DRIZZLE
GRTST DEPTH: M ON M 7 = DUSTSTORM OR SANDSTORM:
VSBY 1/2 MILE OR LESS
8 = SMOKE OR HAZE
[NO. OF DAYS WITH] [WEATHER - DAYS WITH] 9 = BLOWING SNOW
X = TORNADO
MAX 32 OR BELOW: 0 0.01 INCH OR MORE: 4
MAX 90 OR ABOVE: 24 0.10 INCH OR MORE: 2
MIN 32 OR BELOW: 0 0.50 INCH OR MORE: 2
MIN 0 OR BELOW: 0 1.00 INCH OR MORE: 1
[HDD (BASE 65) ]
TOTAL THIS MO. 0 CLEAR (SCALE 0-3) 25
DPTR FM NORMAL -8 PTCLDY (SCALE 4-7) 3
TOTAL FM JUL 1 0 CLOUDY (SCALE 8-10) 2
DPTR FM NORMAL -7
[CDD (BASE 65) ]
TOTAL THIS MO. 552
DPTR FM NORMAL 187 [PRESSURE DATA]
TOTAL FM JAN 1 3045 HIGHEST SLP M ON M
DPTR FM NORMAL 698 LOWEST SLP M ON M
[REMARKS]
#FINAL-09-23#