000
CXUS53 KGLD 010800
CF6ITR
PRELIMINARY LOCAL CLIMATOLOGICAL DATA (WS FORM: F-6)
STATION: BURLINGTON CO
MONTH: JUNE
YEAR: 2020
LATITUDE: 39 15 N
LONGITUDE: 102 17 W
TEMPERATURE IN F: :PCPN: SNOW: WIND :SUNSHINE: SKY :PK WND
================================================================================
1 2 3 4 5 6A 6B 7 8 9 10 11 12 13 14 15 16 17 18
12Z AVG MX 2MIN
DY MAX MIN AVG DEP HDD CDD WTR SNW DPTH SPD SPD DIR MIN PSBL S-S WX SPD DR
================================================================================
1 98 57 78 14 0 13 0.00 M M 14.5 26 160 M M 0 36 170
2 96 57 77 13 0 12 0.28 M M 10.7 37 320 M M 1 3 47 310
3 90 54 72 7 0 7 0.19 M M 7.1 24 210 M M 1 38 43 210
4 96 59 78 13 0 13 0.00 M M 9.9 32 330 M M 0 39 330
5 100 62 81 16 0 16 0.00 M M 14.2 26 150 M M 0 35 110
6 99 68 84 18 0 19 0.00 M M 24.9 45 180 M M 0 8 57 170
7 98 69 84 18 0 19 0.00 M M 31.7 46 180 M M 0 8 62 190
8 91 52 72 6 0 7 0.00 M M 16.0 48 320 M M 0 8 62 320
9 58 44 51 -16 14 0 1.07 M M 24.6 45 340 M M 7 18 74 330
10 78 41 60 -7 5 0 0.00 M M 11.3 22 320 M M 0 28 300
11 87 58 73 6 0 8 0.00 M M 10.2 25 200 M M 1 33 200
12 90 52 71 3 0 6 0.00 M M 11.6 23 110 M M 0 34 110
13 98 52 75 7 0 10 0.00 M M 13.5 32 180 M M 0 41 190
14 96 67 82 14 0 17 0.00 M M 23.0 40 210 M M 0 52 200
15 99 67 83 15 0 18 0.00 M M 17.7 32 160 M M 0 44 180
16 96 66 81 12 0 16 0.00 M M 26.4 40 170 M M 0 56 160
17 100 65 83 14 0 18 0.00 M M 22.9 36 170 M M 0 49 160
18 80 59 70 1 0 5 0.00 M M 19.0 35 10 M M 3 49 350
19 75 52 64 -6 1 0 0.42 M M 9.6 25 280 M M 3 13 34 270
20 89 50 70 0 0 5 0.00 M M 9.4 20 230 M M 1 27 180
21 92 59 76 6 0 11 0.00 M M 12.1 23 330 M M 1 32 320
22 86 56 71 1 0 6 T M M 10.4 24 50 M M 2 34 30
23 85 56 71 0 0 6 T M M 9.2 22 190 M M 3 3 30 200
24 95 56 76 5 0 11 0.00 M M 8.8 20 110 M M 0 28 120
25 100 61 81 10 0 16 0.00 M M 12.8 35 280 M M 0 54 270
26 92 60 76 4 0 11 0.48 M M 11.9 41 310 M M 1 138 55 300
27 90 62 76 4 0 11 T M M 12.3 43 220 M M 1 3 58 220
28 97 60 79 7 0 14 0.00 M M 10.0 18 140 M M 0 8 26 140
29 104 56 80 8 0 15 0.00 M M 12.8 32 190 M M 0 41 200
30 88 54 71 -1 0 6 0.00 M M 13.9 25 360 M M 0 36 340
================================================================================
SM 2743 1731 20 316 2.44 M 442.4 M 25
================================================================================
AV 91.4 57.7 14.7 FASTST M M 1 MAX(MPH)
MISC ----> 48 320 74 330
================================================================================
NOTES:
# LAST OF SEVERAL OCCURRENCES
COLUMN 17 PEAK WIND IN M.P.H.
PRELIMINARY LOCAL CLIMATOLOGICAL DATA (WS FORM: F-6) , PAGE 2
STATION: BURLINGTON CO
MONTH: JUNE
YEAR: 2020
LATITUDE: 39 15 N
LONGITUDE: 102 17 W
[TEMPERATURE DATA] [PRECIPITATION DATA] SYMBOLS USED IN COLUMN 16
AVERAGE MONTHLY: 74.6 TOTAL FOR MONTH: 2.44 1 = FOG OR MIST
DPTR FM NORMAL: 6.1 DPTR FM NORMAL: -0.44 2 = FOG REDUCING VISIBILITY
HIGHEST: 104 ON 29 GRTST 24HR 1.07 ON 9- 9 TO 1/4 MILE OR LESS
LOWEST: 41 ON 10 3 = THUNDER
SNOW, ICE PELLETS, HAIL 4 = ICE PELLETS
TOTAL MONTH: M 5 = HAIL
GRTST 24HR M ON M 6 = FREEZING RAIN OR DRIZZLE
GRTST DEPTH: M ON M 7 = DUSTSTORM OR SANDSTORM:
VSBY 1/2 MILE OR LESS
8 = SMOKE OR HAZE
[NO. OF DAYS WITH] [WEATHER - DAYS WITH] 9 = BLOWING SNOW
X = TORNADO
MAX 32 OR BELOW: 0 0.01 INCH OR MORE: 5
MAX 90 OR ABOVE: 21 0.10 INCH OR MORE: 5
MIN 32 OR BELOW: 0 0.50 INCH OR MORE: 1
MIN 0 OR BELOW: 0 1.00 INCH OR MORE: 1
[HDD (BASE 65) ]
TOTAL THIS MO. 20 CLEAR (SCALE 0-3) 28
DPTR FM NORMAL -26 PTCLDY (SCALE 4-7) 2
TOTAL FM JUL 1 5561 CLOUDY (SCALE 8-10) 0
DPTR FM NORMAL -555
[CDD (BASE 65) ]
TOTAL THIS MO. 316
DPTR FM NORMAL 165 [PRESSURE DATA]
TOTAL FM JAN 1 363 HIGHEST SLP M ON M
DPTR FM NORMAL 183 LOWEST SLP 29.34 ON 7
[REMARKS]
#FINAL-06-20#