000
CXUS55 KVEF 011506
CF6LAS
PRELIMINARY LOCAL CLIMATOLOGICAL DATA (WS FORM: F-6)
STATION: LAS VEGAS NV
MONTH: APRIL
YEAR: 2023
LATITUDE: 36 4 N
LONGITUDE: 115 10 W
TEMPERATURE IN F: :PCPN: SNOW: WIND :SUNSHINE: SKY :PK WND
================================================================================
1 2 3 4 5 6A 6B 7 8 9 10 11 12 13 14 15 16 17 18
12Z AVG MX 2MIN
DY MAX MIN AVG DEP HDD CDD WTR SNW DPTH SPD SPD DIR MIN PSBL S-S WX SPD DR
================================================================================
1 72 45 59 -5 6 0 0.00 0.0 0 5.1 14 90 M M 4 20 70
2 77 50 64 -1 1 0 0.00 0.0 0 10.7 26 220 M M 2 42 220
3 64 43 54 -11 11 0 T 0.0 0 18.4 37 340 M M 4 52 230
4 56 41 49 -16 16 0 0.00 0.0 0 15.9 30 320 M M 2 40 320
5 58 40 49 -16 16 0 0.00 0.0 0 7.6 14 10 M M 1 21 50
6 65 43 54 -11 11 0 0.00 0.0 0 7.6 20 40 M M 3 27 50
7 76 47 62 -4 3 0 0.00 0.0 0 5.5 16 230 M M 7 26 200
8 79 58 69 3 0 4 0.00 0.0 0 7.0 15 60 M M 7 21 60
9 84 56 70 4 0 5 0.00 0.0 0 5.1 16 40 M M 2 22 60
10 90 60 75 9 0 10 0.00 0.0 0 4.5 10 90 M M 0 17 70
11 93 63 78 12 0 13 0.00 0.0 0 7.4 21 240 M M 2 31 220
12 83 68 76 9 0 11 0.00 0.0 0 13.6 25 240 M M 7 35 240
13 77 59 68 1 0 3 0.00 0.0 0 8.6 23 200 M M 5 32 180
14 75 53 64 -3 1 0 0.00 0.0 0 5.2 14 40 M M 3 22 80
15 79 53 66 -1 0 1 0.00 0.0 0 4.4 13 50 M M 0 18 60
16 85 56 71 3 0 6 0.00 0.0 0 5.8 16 90 M M 4 22 110
17 84 64 74 6 0 9 0.00 0.0 0 14.9 25 220 M M 4 36 230
18 76 58 67 -1 0 2 0.00 0.0 0 16.4 30 220 M M 5 48 220
19 69 52 61 -7 4 0 0.00 0.0 0 10.7 25 340 M M 1 34 340
20 74 51 63 -6 2 0 0.00 0.0 0 5.3 16 50 M M 1 23 50
21 85 55 70 1 0 5 0.00 0.0 0 4.9 18 40 M M 5 26 10
22 82 66 74 5 0 9 0.00 0.0 0 8.2 18 40 M M 4 27 10
23 86 63 75 5 0 10 0.00 0.0 0 6.0 20 260 M M 6 25 250
24 89 64 77 7 0 12 0.00 0.0 0 5.9 20 250 M M 3 28 240
25 80 67 74 4 0 9 0.00 0.0 0 13.4 28 10 M M 2 36 10
26 83 60 72 2 0 7 0.00 0.0 0 5.1 15 50 M M 1 20 40
27 90 62 76 5 0 11 0.00 0.0 0 4.3 15 70 M M 6 18 60
28 90 67 79 8 0 14 0.00 0.0 0 8.0 25 50 M M 2 33 50
29 96 65 81 10 0 16 0.00 0.0 0 5.0 15 100 M M 1 20 120
30 98 68 83 11 0 18 0.00 0.0 0 7.2 22 230 M M 4 32 230
================================================================================
SM 2395 1697 71 175 T 0.0 247.7 M 98
================================================================================
AV 79.8 56.6 8.3 FASTST M M 3 MAX(MPH)
MISC ----> 37 340 52 230
================================================================================
NOTES:
# LAST OF SEVERAL OCCURRENCES
COLUMN 17 PEAK WIND IN M.P.H.
PRELIMINARY LOCAL CLIMATOLOGICAL DATA (WS FORM: F-6) , PAGE 2
STATION: LAS VEGAS NV
MONTH: APRIL
YEAR: 2023
LATITUDE: 36 4 N
LONGITUDE: 115 10 W
[TEMPERATURE DATA] [PRECIPITATION DATA] SYMBOLS USED IN COLUMN 16
AVERAGE MONTHLY: 68.2 TOTAL FOR MONTH: T 1 = FOG OR MIST
DPTR FM NORMAL: 0.5 DPTR FM NORMAL: -0.20 2 = FOG REDUCING VISIBILITY
HIGHEST: 98 ON 30 GRTST 24HR T ON 3- 3 TO 1/4 MILE OR LESS
LOWEST: 40 ON 5 3 = THUNDER
SNOW, ICE PELLETS, HAIL 4 = ICE PELLETS
TOTAL MONTH: 0.0 INCH 5 = HAIL
GRTST 24HR 0.0 6 = FREEZING RAIN OR DRIZZLE
GRTST DEPTH: 0 7 = DUSTSTORM OR SANDSTORM:
VSBY 1/2 MILE OR LESS
8 = SMOKE OR HAZE
[NO. OF DAYS WITH] [WEATHER - DAYS WITH] 9 = BLOWING SNOW
X = TORNADO
MAX 32 OR BELOW: 0 0.01 INCH OR MORE: 0
MAX 90 OR ABOVE: 6 0.10 INCH OR MORE: 0
MIN 32 OR BELOW: 0 0.50 INCH OR MORE: 0
MIN 0 OR BELOW: 0 1.00 INCH OR MORE: 0
[HDD (BASE 65) ]
TOTAL THIS MO. 71 CLEAR (SCALE 0-3) 15
DPTR FM NORMAL 16 PTCLDY (SCALE 4-7) 15
TOTAL FM JUL 1 2300 CLOUDY (SCALE 8-10) 0
DPTR FM NORMAL 475
[CDD (BASE 65) ]
TOTAL THIS MO. 175
DPTR FM NORMAL 39 [PRESSURE DATA]
TOTAL FM JAN 1 178 HIGHEST SLP 30.22 ON 20
DPTR FM NORMAL 5 LOWEST SLP 29.45 ON 12
[REMARKS]
#FINAL-04-23#