465
CXUS56 KMFR 011000
CF6LMT
PRELIMINARY LOCAL CLIMATOLOGICAL DATA (WS FORM: F-6)
STATION: KLAMATH FALLS OR
MONTH: OCTOBER
YEAR: 2020
LATITUDE: 42 9 N
LONGITUDE: 121 44 W
TEMPERATURE IN F: :PCPN: SNOW: WIND :SUNSHINE: SKY :PK WND
================================================================================
1 2 3 4 5 6A 6B 7 8 9 10 11 12 13 14 15 16 17 18
12Z AVG MX 2MIN
DY MAX MIN AVG DEP HDD CDD WTR SNW DPTH SPD SPD DIR MIN PSBL S-S WX SPD DR
================================================================================
1 87 36 62 9 3 0 0.00 M M 2.3 12 300 M M 0 18 13 290
2 86 37 62 10 3 0 0.00 M M 3.5 15 330 M M 0 17 330
3 85 38 62 10 3 0 0.00 M M 3.3 13 330 M M 0 14 330
4 77 36 57 5 8 0 0.00 M M 2.2 9 180 M M 0 18 11 190
5 79 31 55 4 10 0 0.00 M M 2.3 8 170 M M 0 8 11 250
6 82 32 57 6 8 0 0.00 M M 1.4 6 140 M M 0 18 9 320
7 78 32 55 5 10 0 0.00 M M 1.9 10 290 M M 1 8 12 300
8 74 28 51 1 14 0 0.00 M M 1.9 9 290 M M 0 18 12 290
9 74 28 51 1 14 0 0.00 M M 3.8 14 190 M M 0 18 18 180
10 60 39 50 1 15 0 0.06 M M 11.7 28 260 M M 7 18 37 270
11 62 30 46 -3 19 0 T M M 4.7 17 270 M M 1 8 22 280
12 69 38 54 5 11 0 T M M 8.4 21 270 M M 4 25 260
13 71 35 53 5 12 0 0.00 M M 9.0 23 250 M M 5 30 250
14 66 32 49 1 16 0 0.00 M M 5.7 15 320 M M 0 1 19 320
15 68 30 49 2 16 0 0.00 M M 6.9 15 320 M M 0 18 320
16 77 29 53 6 12 0 0.00 M M 2.7 12 330 M M 0 8 13 320
17 76 33 55 8 10 0 0.00 M M 5.0 15 330 M M 0 8 18 330
18 75 31 53 7 12 0 T M M 4.7 20 330 M M 0 24 330
19 73 29 51 5 14 0 0.00 M M 1.9 13 310 M M 1 12 15 340
20 73 30 52 6 13 0 0.00 M M 5.7 21 340 M M 0 1 25 340
21 63 29 46 1 19 0 0.00 M M 7.9 21 340 M M 0 1 26 340
22 52 25 39 -6 26 0 0.00 M M 6.9 15 60 M M 0 18 60
23 61 22 42 -2 23 0 0.00 M M 3.7 14 280 M M 0 8 18 270
24 62 33 48 4 17 0 0.00 M M 9.2 18 320 M M 3 25 320
25 45 20 33 -11 32 0 0.00 M M 11.4 23 30 M M 1 29 40
26 56 13 35 -8 30 0 0.00 M M 1.8 8 320 M M 1 10 360
27 67 18 43 0 22 0 0.00 M M 2.3 9 340 M M 0 18 11 330
28 68 19 44 2 21 0 0.00 M M 2.4 12 340 M M 0 13 340
29 72 18 45 3 20 0 0.00 M M 1.2 6 50 M M 0 8 8 360
30 71 20 46 4 19 0 0.00 M M 5.0 18 250 M M 0 8 23 270
31 63 23 43 2 22 0 0.00 M M 4.5 12 340 M M 0 13 340
================================================================================
SM 2172 894 474 0 0.06 M 145.3 M 24
================================================================================
AV 70.1 28.8 4.7 FASTST M M 1 MAX(MPH)
MISC ----> # 28 260 # 37 270
================================================================================
NOTES:
# LAST OF SEVERAL OCCURRENCES
COLUMN 17 PEAK WIND IN M.P.H.
PRELIMINARY LOCAL CLIMATOLOGICAL DATA (WS FORM: F-6) , PAGE 2
STATION: KLAMATH FALLS OR
MONTH: OCTOBER
YEAR: 2020
LATITUDE: 42 9 N
LONGITUDE: 121 44 W
[TEMPERATURE DATA] [PRECIPITATION DATA] SYMBOLS USED IN COLUMN 16
AVERAGE MONTHLY: 49.5 TOTAL FOR MONTH: 0.06 1 = FOG OR MIST
DPTR FM NORMAL: 2.5 DPTR FM NORMAL: -0.99 2 = FOG REDUCING VISIBILITY
HIGHEST: 87 ON 1 GRTST 24HR 0.06 ON 10-10 TO 1/4 MILE OR LESS
LOWEST: 13 ON 26 3 = THUNDER
SNOW, ICE PELLETS, HAIL 4 = ICE PELLETS
TOTAL MONTH: M 5 = HAIL
GRTST 24HR M ON M 6 = FREEZING RAIN OR DRIZZLE
GRTST DEPTH: M ON M 7 = DUSTSTORM OR SANDSTORM:
VSBY 1/2 MILE OR LESS
8 = SMOKE OR HAZE
[NO. OF DAYS WITH] [WEATHER - DAYS WITH] 9 = BLOWING SNOW
X = TORNADO
MAX 32 OR BELOW: 0 0.01 INCH OR MORE: 1
MAX 90 OR ABOVE: 0 0.10 INCH OR MORE: 0
MIN 32 OR BELOW: 22 0.50 INCH OR MORE: 0
MIN 0 OR BELOW: 0 1.00 INCH OR MORE: 0
[HDD (BASE 65) ]
TOTAL THIS MO. 474 CLEAR (SCALE 0-3) 27
DPTR FM NORMAL -86 PTCLDY (SCALE 4-7) 4
TOTAL FM JUL 1 675 CLOUDY (SCALE 8-10) 0
DPTR FM NORMAL -241
[CDD (BASE 65) ]
TOTAL THIS MO. 0
DPTR FM NORMAL 0 [PRESSURE DATA]
TOTAL FM JAN 1 304 HIGHEST SLP 30.50 ON 15
DPTR FM NORMAL 135 LOWEST SLP 29.74 ON 10
[REMARKS]
#FINAL-10-20#