000
CXUS56 KPDT 011810
CF6MEH
PRELIMINARY LOCAL CLIMATOLOGICAL DATA (WS FORM: F-6)
STATION: MEACHAM OR
MONTH: MAY
YEAR: 2023
LATITUDE: 45 30 N
LONGITUDE: 118 24 W
TEMPERATURE IN F: :PCPN: SNOW: WIND :SUNSHINE: SKY :PK WND
================================================================================
1 2 3 4 5 6A 6B 7 8 9 10 11 12 13 14 15 16 17 18
12Z AVG MX 2MIN
DY MAX MIN AVG DEP HDD CDD WTR SNW DPTH SPD SPD DIR MIN PSBL S-S WX SPD DR
================================================================================
1 56 32 44 0 21 0 T M M 1.2 8 280 M M 2 16 290
2 66 30 48 4 17 0 0.00 M M 0.6 7 90 M M 0 11 100
3 80 32 56 11 9 0 0.00 M M 0.9 10 90 M M 0 17 90
4 67 37 52 7 13 0 0.09 M M 1.0 8 290 M M 3 18 14 320
5 45 39 42 -3 23 0 0.09 M M 0.7 7 270 M M 10 1 13 290
6 53 39 46 0 19 0 0.10 M M 0.4 6 20 M M 10 1 10 280
7 48 31 40 -6 25 0 0.04 M M 1.2 6 300 M M 8 1 11 340
8 56 30 43 -3 22 0 0.68 M M 0.2 9 110 M M 7 1 18 100
9 54 34 44 -2 21 0 0.04 M M 1.0 6 30 M M 8 1 12 260
10 60 30 45 -1 20 0 0.00 M M 1.6 10 30 M M 2 20 30
11 65 29 47 0 18 0 0.00 M M 1.3 10 30 M M 1 17 30
12 70 31 51 4 14 0 0.00 M M 2.0 12 40 M M 0 21 30
13 76 34 55 8 10 0 0.00 M M 3.0 12 90 M M 0 21 60
14 78 45 62 15 3 0 0.00 M M 1.1 9 50 M M 3 19 70
15 73 50 62 14 3 0 0.00 M M 1.0 10 90 M M 3 27 100
16 72 46 59 11 6 0 0.01 M M M M M M M M 1 M M
17 71 47 59 11 6 0 0.16 M M 0.7 8 40 M M 6 1 15 30
18 77 41 59 11 6 0 0.00 M M 1.2 7 30 M M 1 12 40
19 82 45 64 16 1 0 0.00 M M 0.8 8 20 M M 0 18 300
20 84 47 66 17 0 1 0.00 M M 1.8 8 50 M M 1 3 16 250
21 74 45 60 11 5 0 T M M 2.6 9 300 M M 2 20 320
22 59 35 47 -2 18 0 0.00 M M 1.4 9 320 M M 1 18 21 340
23 59 29 44 -5 21 0 0.00 M M 1.6 8 20 M M 1 15 10
24 64 29 47 -2 18 0 0.00 M M 1.8 8 260 M M 0 17 290
25 67 30 49 -1 16 0 0.00 M M 1.9 9 20 M M 1 18 40
26 67 37 52 2 13 0 0.00 M M 1.6 7 20 M M 5 14 350
27 67 41 54 4 11 0 T M M 0.5 6 240 M M 7 12 210
28 74 42 58 8 7 0 0.00 M M 1.1 7 270 M M 2 1 14 20
29 76 37 57 7 8 0 0.00 M M 1.3 8 270 M M 0 15 260
30 72 36 54 4 11 0 0.00 M M 1.5 7 280 M M 0 14 280
31 64 33 49 -2 16 0 0.00 M M 1.6 9 260 M M 1 16 270
================================================================================
SM 2076 1143 401 1 1.21 M 38.6 M 85
================================================================================
AV 67.0 36.9 1.3 FASTST M M 3 MAX(MPH)
MISC ----> # 12 40 27 100
================================================================================
NOTES:
# LAST OF SEVERAL OCCURRENCES
COLUMN 17 PEAK WIND IN M.P.H.
PRELIMINARY LOCAL CLIMATOLOGICAL DATA (WS FORM: F-6) , PAGE 2
STATION: MEACHAM OR
MONTH: MAY
YEAR: 2023
LATITUDE: 45 30 N
LONGITUDE: 118 24 W
[TEMPERATURE DATA] [PRECIPITATION DATA] SYMBOLS USED IN COLUMN 16
AVERAGE MONTHLY: 51.9 TOTAL FOR MONTH: 1.21 1 = FOG OR MIST
DPTR FM NORMAL: 4.2 DPTR FM NORMAL: -2.34 2 = FOG REDUCING VISIBILITY
HIGHEST: 84 ON 20 GRTST 24HR 0.72 ON 8- 9 TO 1/4 MILE OR LESS
LOWEST: 29 ON 24,23 3 = THUNDER
SNOW, ICE PELLETS, HAIL 4 = ICE PELLETS
TOTAL MONTH: M 5 = HAIL
GRTST 24HR M ON M 6 = FREEZING RAIN OR DRIZZLE
GRTST DEPTH: M ON M 7 = DUSTSTORM OR SANDSTORM:
VSBY 1/2 MILE OR LESS
8 = SMOKE OR HAZE
[NO. OF DAYS WITH] [WEATHER - DAYS WITH] 9 = BLOWING SNOW
X = TORNADO
MAX 32 OR BELOW: 0 0.01 INCH OR MORE: 8
MAX 90 OR ABOVE: 0 0.10 INCH OR MORE: 3
MIN 32 OR BELOW: 11 0.50 INCH OR MORE: 1
MIN 0 OR BELOW: 0 1.00 INCH OR MORE: 0
[HDD (BASE 65) ]
TOTAL THIS MO. 401 CLEAR (SCALE 0-3) 21
DPTR FM NORMAL -135 PTCLDY (SCALE 4-7) 7
TOTAL FM JUL 1 7787 CLOUDY (SCALE 8-10) 3
DPTR FM NORMAL 18
[CDD (BASE 65) ]
TOTAL THIS MO. 1
DPTR FM NORMAL 1 [PRESSURE DATA]
TOTAL FM JAN 1 1 HIGHEST SLP 30.31 ON 13
DPTR FM NORMAL 1 LOWEST SLP 29.63 ON 4
[REMARKS]
#FINAL-05-23#