000
CXUS53 KOAX 010930
CF6OFK
PRELIMINARY LOCAL CLIMATOLOGICAL DATA (WS FORM: F-6)
STATION: NORFOLK NE
MONTH: JULY
YEAR: 2021
LATITUDE: 41 58 N
LONGITUDE: 97 26 W
TEMPERATURE IN F: :PCPN: SNOW: WIND :SUNSHINE: SKY :PK WND
================================================================================
1 2 3 4 5 6A 6B 7 8 9 10 11 12 13 14 15 16 17 18
12Z AVG MX 2MIN
DY MAX MIN AVG DEP HDD CDD WTR SNW DPTH SPD SPD DIR MIN PSBL S-S WX SPD DR
================================================================================
1 86 59 73 -1 0 8 0.00 0.0 0 3.8 12 100 M M 1 18 17 90
2 86 57 72 -2 0 7 0.00 0.0 0 3.8 12 160 M M 2 18 16 150
3 88 60 74 0 0 9 0.00 0.0 0 8.9 20 200 M M 0 18 27 170
4 90 69 80 6 0 15 0.00 0.0 0 13.0 21 190 M M 1 30 200
5 92 69 81 7 0 16 0.00 0.0 0 7.5 16 180 M M 1 21 200
6 87 68 78 4 0 13 0.10 0.0 0 7.9 17 360 M M 4 1 22 360
7 76 62 69 -5 0 4 0.17 0.0 0 8.8 18 350 M M 8 1 23 360
8 83 58 71 -4 0 6 0.06 0.0 0 10.2 21 170 M M 2 1 27 160
9 93 64 79 4 0 14 1.70 0.0 0 9.3 49 330 M M 1 123 64 340
10 75 62 69 -6 0 4 0.15 0.0 0 10.3 25 30 M M 7 138 35 340
11 82 60 71 -4 0 6 0.00 0.0 0 8.0 16 20 M M 2 23 360
12 82 55 69 -6 0 4 0.00 0.0 0 3.5 10 150 M M 1 128 14 160
13 85 60 73 -2 0 8 0.17 0.0 0 4.1 17 320 M M 1 138 23 320
14 82 67 75 0 0 10 0.14 0.0 0 7.0 20 230 M M 3 13 38 250
15 81 64 73 -2 0 8 0.00 0.0 0 5.7 16 70 M M 4 1 21 70
16 81 60 71 -4 0 6 0.00 0.0 0 5.4 13 130 M M 2 128 18 150
17 84 67 76 1 0 11 0.01 0.0 0 7.8 15 130 M M 4 18 23 150
18 82 63 73 -2 0 8 0.00 0.0 0 6.7 15 170 M M 3 18 20 140
19 84 57 71 -4 0 6 0.00 0.0 0 3.5 13 120 M M 2 12 16 100
20 85 58 72 -3 0 7 0.00 0.0 0 5.0 13 170 M M 1 18 18 170
21 86 64 75 0 0 10 0.00 0.0 0 11.6 22 180 M M 1 18 28 160
22 89 69 79 4 0 14 0.00 0.0 0 12.5 21 180 M M 0 28 180
23 93 69 81 6 0 16 0.00 0.0 0 11.2 20 180 M M 0 27 160
24 94 65 80 5 0 15 0.00 0.0 0 5.3 14 360 M M 2 8 21 10
25 88 62 75 0 0 10 0.00 0.0 0 6.6 18 210 M M 0 18 24 210
26 91 66 79 4 0 14 0.00 0.0 0 11.6 18 170 M M 1 1 26 170
27 98 70 84 9 0 19 0.00 0.0 0 10.7 18 200 M M 0 24 200
28 99 74 87 12 0 22 0.00 0.0 0 12.7 22 210 M M 0 29 190
29 89 75 82 7 0 17 0.24 0.0 0 8.8 21 340 M M 5 138 27 330
30 84 65 75 0 0 10 0.05 0.0 0 10.2 18 30 M M 9 138 25 70
31 85 63 74 -1 0 9 0.31 0.0 0 8.4 15 350 M M 4 138 20 340
================================================================================
SM 2680 1981 0 326 3.10 0.0 249.8 M 72
================================================================================
AV 86.5 63.9 8.1 FASTST M M 2 MAX(MPH)
MISC ----> 49 330 64 340
================================================================================
NOTES:
# LAST OF SEVERAL OCCURRENCES
COLUMN 17 PEAK WIND IN M.P.H.
PRELIMINARY LOCAL CLIMATOLOGICAL DATA (WS FORM: F-6) , PAGE 2
STATION: NORFOLK NE
MONTH: JULY
YEAR: 2021
LATITUDE: 41 58 N
LONGITUDE: 97 26 W
[TEMPERATURE DATA] [PRECIPITATION DATA] SYMBOLS USED IN COLUMN 16
AVERAGE MONTHLY: 75.2 TOTAL FOR MONTH: 3.10 1 = FOG OR MIST
DPTR FM NORMAL: 0.4 DPTR FM NORMAL: 0.12 2 = FOG REDUCING VISIBILITY
HIGHEST: 99 ON 28 GRTST 24HR 1.85 ON 9-10 TO 1/4 MILE OR LESS
LOWEST: 55 ON 12 3 = THUNDER
SNOW, ICE PELLETS, HAIL 4 = ICE PELLETS
TOTAL MONTH: 0.0 INCH 5 = HAIL
GRTST 24HR 0.0 6 = FREEZING RAIN OR DRIZZLE
GRTST DEPTH: 0 7 = DUSTSTORM OR SANDSTORM:
VSBY 1/2 MILE OR LESS
8 = SMOKE OR HAZE
[NO. OF DAYS WITH] [WEATHER - DAYS WITH] 9 = BLOWING SNOW
X = TORNADO
MAX 32 OR BELOW: 0 0.01 INCH OR MORE: 11
MAX 90 OR ABOVE: 8 0.10 INCH OR MORE: 8
MIN 32 OR BELOW: 0 0.50 INCH OR MORE: 1
MIN 0 OR BELOW: 0 1.00 INCH OR MORE: 1
[HDD (BASE 65) ]
TOTAL THIS MO. 0 CLEAR (SCALE 0-3) 22
DPTR FM NORMAL -4 PTCLDY (SCALE 4-7) 7
TOTAL FM JUL 1 0 CLOUDY (SCALE 8-10) 2
DPTR FM NORMAL 0
[CDD (BASE 65) ]
TOTAL THIS MO. 326
DPTR FM NORMAL 18 [PRESSURE DATA]
TOTAL FM JAN 1 716 HIGHEST SLP 30.22 ON 19
DPTR FM NORMAL 155 LOWEST SLP 29.72 ON 9
[REMARKS]
#FINAL-07-21#