000
CXUS56 KPQR 011201
CF6PDX
PRELIMINARY LOCAL CLIMATOLOGICAL DATA (WS FORM: F-6)
STATION: PORTLAND OR
MONTH: SEPTEMBER
YEAR: 2023
LATITUDE: 45 35 N
LONGITUDE: 122 36 W
TEMPERATURE IN F: :PCPN: SNOW: WIND :SUNSHINE: SKY :PK WND
================================================================================
1 2 3 4 5 6A 6B 7 8 9 10 11 12 13 14 15 16 17 18
12Z AVG MX 2MIN
DY MAX MIN AVG DEP HDD CDD WTR SNW DPTH SPD SPD DIR MIN PSBL S-S WX SPD DR
================================================================================
1 83 62 73 4 0 8 0.00 0.0 0 6.3 18 90 M M 5 23 100
2 91 63 77 9 0 12 0.00 0.0 0 3.8 12 310 M M 4 14 310
3 73 61 67 -1 0 2 0.03 0.0 0 6.6 13 210 M M 9 1 16 210
4 68 59 64 -4 1 0 0.00 0.0 0 3.4 9 350 M M 9 13 350
5 73 53 63 -5 2 0 0.00 0.0 0 4.6 13 300 M M 3 17 310
6 80 54 67 -1 0 2 0.00 0.0 0 4.6 13 320 M M 3 17 320
7 78 60 69 1 0 4 0.00 0.0 0 5.4 12 340 M M 7 20 350
8 80 56 68 1 0 3 0.00 0.0 0 5.1 13 300 M M 2 1 16 290
9 89 57 73 6 0 8 0.00 0.0 0 3.4 12 310 M M 1 15 310
10 84 58 71 4 0 6 0.00 0.0 0 3.8 14 310 M M 4 18 300
11 79 62 71 4 0 6 0.00 0.0 0 4.5 13 280 M M 6 18 320
12 80 58 69 3 0 4 0.00 0.0 0 5.0 13 300 M M 5 16 310
13 82 63 73 7 0 8 0.00 0.0 0 6.2 14 320 M M 5 19 310
14 90 56 73 7 0 8 0.00 0.0 0 4.6 13 280 M M 0 15 280
15 95 57 76 10 0 11 0.00 0.0 0 4.2 10 280 M M 0 13 290
16 85 58 72 6 0 7 0.00 0.0 0 4.9 14 310 M M 1 18 320
17 75 57 66 1 0 1 0.00 0.0 0 4.8 13 300 M M 6 15 300
18 74 57 66 1 0 1 T 0.0 0 7.9 17 320 M M 5 22 320
19 73 53 63 -2 2 0 T 0.0 0 4.1 13 320 M M 3 17 310
20 70 56 63 -1 2 0 T 0.0 0 6.9 17 310 M M 6 24 310
21 75 47 61 -3 4 0 0.00 0.0 0 2.9 13 130 M M 3 16 120
22 79 51 65 1 0 0 0.00 0.0 0 4.2 13 90 M M 2 15 70
23 70 56 63 -1 2 0 0.02 0.0 0 4.8 14 240 M M 9 18 240
24 62 55 59 -4 6 0 0.26 0.0 0 10.1 21 110 M M 10 26 120
25 66 58 62 -1 3 0 0.48 0.0 0 8.5 21 170 M M 10 1 28 180
26 68 56 62 0 3 0 0.07 0.0 0 10.2 24 210 M M 8 30 170
27 64 57 61 -1 4 0 0.30 0.0 0 11.1 23 230 M M 8 18 30 230
28 65 56 61 -1 4 0 0.08 0.0 0 4.1 13 310 M M 8 1 16 300
29 63 55 59 -3 6 0 0.01 0.0 0 5.0 12 300 M M 10 15 300
30 69 50 60 -1 5 0 0.00 0.0 0 8.1 18 310 M M 2 26 310
================================================================================
SM 2283 1701 44 91 1.25 0.0 169.1 M 154
================================================================================
AV 76.1 56.7 5.6 FASTST M M 5 MAX(MPH)
MISC ----> 24 210 # 30 170
================================================================================
NOTES:
# LAST OF SEVERAL OCCURRENCES
COLUMN 17 PEAK WIND IN M.P.H.
PRELIMINARY LOCAL CLIMATOLOGICAL DATA (WS FORM: F-6) , PAGE 2
STATION: PORTLAND OR
MONTH: SEPTEMBER
YEAR: 2023
LATITUDE: 45 35 N
LONGITUDE: 122 36 W
[TEMPERATURE DATA] [PRECIPITATION DATA] SYMBOLS USED IN COLUMN 16
AVERAGE MONTHLY: 66.4 TOTAL FOR MONTH: 1.25 1 = FOG OR MIST
DPTR FM NORMAL: 1.0 DPTR FM NORMAL: -0.27 2 = FOG REDUCING VISIBILITY
HIGHEST: 95 ON 15 GRTST 24HR 0.52 ON 24-25 TO 1/4 MILE OR LESS
LOWEST: 47 ON 21 3 = THUNDER
SNOW, ICE PELLETS, HAIL 4 = ICE PELLETS
TOTAL MONTH: 0.0 INCH 5 = HAIL
GRTST 24HR 0.0 6 = FREEZING RAIN OR DRIZZLE
GRTST DEPTH: 0 7 = DUSTSTORM OR SANDSTORM:
VSBY 1/2 MILE OR LESS
8 = SMOKE OR HAZE
[NO. OF DAYS WITH] [WEATHER - DAYS WITH] 9 = BLOWING SNOW
X = TORNADO
MAX 32 OR BELOW: 0 0.01 INCH OR MORE: 8
MAX 90 OR ABOVE: 3 0.10 INCH OR MORE: 3
MIN 32 OR BELOW: 0 0.50 INCH OR MORE: 0
MIN 0 OR BELOW: 0 1.00 INCH OR MORE: 0
[HDD (BASE 65) ]
TOTAL THIS MO. 44 CLEAR (SCALE 0-3) 10
DPTR FM NORMAL -17 PTCLDY (SCALE 4-7) 11
TOTAL FM JUL 1 45 CLOUDY (SCALE 8-10) 9
DPTR FM NORMAL -33
[CDD (BASE 65) ]
TOTAL THIS MO. 91
DPTR FM NORMAL 18 [PRESSURE DATA]
TOTAL FM JAN 1 882 HIGHEST SLP 30.17 ON 13
DPTR FM NORMAL 378 LOWEST SLP 29.76 ON 24
[REMARKS]
#FINAL-09-23#