152
CXUS51 KAKQ 030245
CF6RIC
PRELIMINARY LOCAL CLIMATOLOGICAL DATA (WS FORM: F-6)
STATION: RICHMOND VA
MONTH: DECEMBER
YEAR: 2020
LATITUDE: 37 30 N
LONGITUDE: 77 20 W
TEMPERATURE IN F: :PCPN: SNOW: WIND :SUNSHINE: SKY :PK WND
================================================================================
1 2 3 4 5 6A 6B 7 8 9 10 11 12 13 14 15 16 17 18
12Z AVG MX 2MIN
DY MAX MIN AVG DEP HDD CDD WTR SNW DPTH SPD SPD DIR MIN PSBL S-S WX SPD DR
================================================================================
1 49 36 43 -2 22 0 0.00 0.0 0 13.6 24 260 M M 4 33 250
2 51 31 41 -4 24 0 0.00 0.0 0 8.5 16 270 M M 1 21 250
3 58 26 42 -2 23 0 0.00 0.0 0 5.8 16 180 M M 2 20 210
4 59 42 51 7 14 0 0.56 0.0 0 7.8 18 220 M M 10 1 23 210
5 56 40 48 4 17 0 2.02 0.0 0 11.5 37 20 M M 8 1 45 20
6 50 30 40 -4 25 0 0.00 0.0 0 4.3 16 310 M M 2 23 320
7 36 31 34 -9 31 0 0.10 1.0 0 8.6 20 350 M M 8 1 29 330
8 48 27 38 -5 27 0 0.00 0.0 0 7.2 20 310 M M 0 24 320
9 49 24 37 -6 28 0 0.00 0.0 0 5.9 17 260 M M 5 21 220
10 56 28 42 0 23 0 0.00 0.0 0 2.2 9 30 M M 2 13 40
11 64 35 50 8 15 0 0.00 0.0 0 5.1 15 200 M M 2 1 18 180
12 64 47 56 14 9 0 0.00 0.0 0 7.8 20 210 M M 6 12 24 210
13 71 48 60 18 5 0 0.02 0.0 0 6.1 16 30 M M 5 1 20 30
14 49 31 40 -1 25 0 1.58 0.0 0 10.4 26 340 M M 7 1 34 350
15 44 28 36 -5 29 0 0.00 0.0 0 6.4 15 360 M M 5 21 360
16 37 28 33 -8 32 0 1.01 0.0 0 10.9 23 270 M M 9 1 26 270
17 45 29 37 -3 28 0 T 0.0 0 6.9 16 310 M M 5 1 20 310
18 42 31 37 -3 28 0 T T 0 6.7 16 360 M M 8 19 10
19 41 26 34 -6 31 0 0.00 0.0 0 2.5 8 180 M M 5 10 190
20 42 31 37 -3 28 0 0.24 0.0 0 5.0 13 150 M M 10 1 17 150
21 48 37 43 3 22 0 T 0.0 0 6.0 9 230 M M 8 1 12 290
22 54 30 42 3 23 0 0.00 0.0 0 10.5 29 310 M M 2 39 310
23 51 27 39 0 26 0 0.00 0.0 0 5.6 16 190 M M 6 19 180
24 65 42 54 15 11 0 1.09 0.0 0 13.2 29 230 M M 9 1 37 240
25 59 26 43 4 22 0 T 0.0 0 15.7 28 240 M M 7 34 230
26 39 22 31 -8 34 0 0.00 0.0 0 8.8 16 270 M M 1 23 210
27 45 22 34 -5 31 0 0.00 0.0 0 3.1 10 170 M M 4 13 170
28 58 30 44 6 21 0 0.00 0.0 0 7.2 13 240 M M 7 17 240
29 48 27 38 0 27 0 0.00 0.0 0 7.8 20 350 M M 1 26 340
30 50 24 37 -1 28 0 0.02 0.0 0 5.4 16 230 M M 6 1 21 210
31 57 42 50 12 15 0 0.06 0.0 0 8.8 20 20 M M 10 1 24 30
================================================================================
SM 1585 978 724 0 6.70 1.0 235.3 M 165
================================================================================
AV 51.1 31.5 7.6 FASTST M M 5 MAX(MPH)
MISC ----> 37 20 45 20
================================================================================
NOTES:
# LAST OF SEVERAL OCCURRENCES
COLUMN 17 PEAK WIND IN M.P.H.
PRELIMINARY LOCAL CLIMATOLOGICAL DATA (WS FORM: F-6) , PAGE 2
STATION: RICHMOND VA
MONTH: DECEMBER
YEAR: 2020
LATITUDE: 37 30 N
LONGITUDE: 77 20 W
[TEMPERATURE DATA] [PRECIPITATION DATA] SYMBOLS USED IN COLUMN 16
AVERAGE MONTHLY: 41.3 TOTAL FOR MONTH: 6.70 1 = FOG OR MIST
DPTR FM NORMAL: 0.3 DPTR FM NORMAL: 3.44 2 = FOG REDUCING VISIBILITY
HIGHEST: 71 ON 13 GRTST 24HR 2.58 ON 4- 5 TO 1/4 MILE OR LESS
LOWEST: 22 ON 27,26 3 = THUNDER
SNOW, ICE PELLETS, HAIL 4 = ICE PELLETS
TOTAL MONTH: 1.0 INCH 5 = HAIL
GRTST 24HR 1.0 ON 7- 7 6 = FREEZING RAIN OR DRIZZLE
GRTST DEPTH: 0 7 = DUSTSTORM OR SANDSTORM:
VSBY 1/2 MILE OR LESS
8 = SMOKE OR HAZE
[NO. OF DAYS WITH] [WEATHER - DAYS WITH] 9 = BLOWING SNOW
X = TORNADO
MAX 32 OR BELOW: 0 0.01 INCH OR MORE: 10
MAX 90 OR ABOVE: 0 0.10 INCH OR MORE: 7
MIN 32 OR BELOW: 22 0.50 INCH OR MORE: 5
MIN 0 OR BELOW: 0 1.00 INCH OR MORE: 4
[HDD (BASE 65) ]
TOTAL THIS MO. 724 CLEAR (SCALE 0-3) 9
DPTR FM NORMAL -19 PTCLDY (SCALE 4-7) 15
TOTAL FM JUL 1 1179 CLOUDY (SCALE 8-10) 7
DPTR FM NORMAL -242
[CDD (BASE 65) ]
TOTAL THIS MO. 0
DPTR FM NORMAL -1 [PRESSURE DATA]
TOTAL FM JAN 1 1694 HIGHEST SLP 30.59 ON 29
DPTR FM NORMAL 145 LOWEST SLP 29.42 ON 24
[REMARKS]
#FINAL-12-20#