000
CXUS56 KSGX 011045
CF6RNM
PRELIMINARY LOCAL CLIMATOLOGICAL DATA (WS FORM: F-6)
STATION: RAMONA AIRPORT CA
MONTH: MAY
YEAR: 2022
LATITUDE: 33 2 N
LONGITUDE: 116 55 W
TEMPERATURE IN F: :PCPN: SNOW: WIND :SUNSHINE: SKY :PK WND
================================================================================
1 2 3 4 5 6A 6B 7 8 9 10 11 12 13 14 15 16 17 18
12Z AVG MX 2MIN
DY MAX MIN AVG DEP HDD CDD WTR SNW DPTH SPD SPD DIR MIN PSBL S-S WX SPD DR
================================================================================
1 74 42 58 -2 7 0 0.00 M M 4.6 15 250 M M 1 18 20 240
2 76 50 63 3 2 0 0.00 M M 5.0 15 260 M M 5 19 260
3 72 47 60 0 5 0 0.00 M M 5.0 15 290 M M 5 19 280
4 85 39 62 2 3 0 0.00 M M 4.2 14 280 M M 1 12 21 290
5 88 43 66 5 0 1 0.00 M M 4.6 16 300 M M 2 12 21 280
6 85 43 64 3 1 0 0.00 M M 4.2 13 270 M M 0 16 250
7 78 50 64 3 1 0 0.00 M M 5.8 16 280 M M 4 18 20 280
8 68 51 60 -1 5 0 0.00 M M 7.9 16 250 M M 10 22 250
9 70 45 58 -3 7 0 0.00 M M 6.9 17 260 M M 5 22 270
10 71 39 55 -6 10 0 0.00 M M 5.9 20 260 M M 1 26 250
11 67 32 50 -12 15 0 0.00 M M 5.0 20 250 M M 1 24 250
12 81 40 61 -1 4 0 0.00 M M 5.4 17 290 M M 0 24 310
13 92 42 67 5 0 2 0.00 M M 4.6 16 270 M M 0 23 260
14 96 46 71 9 0 6 0.00 M M 4.5 15 280 M M 0 20 260
15 90 45 68 6 0 3 0.00 M M 5.4 16 260 M M 0 12 21 270
16 81 47 64 2 1 0 0.00 M M 5.6 15 270 M M 3 12 18 270
17 77 49 63 1 2 0 0.00 M M 5.8 15 280 M M 4 12 20 280
18 79 47 63 1 2 0 0.00 M M 5.1 14 270 M M 3 18 19 280
19 78 49 64 1 1 0 0.00 M M 5.6 16 270 M M 4 12 20 270
20 64 57 61 -2 4 0 0.00 M M 3.8 10 230 M M 10 8 13 240
21 68 50 59 -4 6 0 0.02 M M 6.6 14 260 M M 10 1 19 250
22 75 47 61 -2 4 0 0.00 M M 4.8 16 250 M M 5 1 21 290
23 76 49 63 0 2 0 0.00 M M 4.6 14 260 M M 4 1 19 280
24 83 45 64 1 1 0 0.00 M M 4.8 14 260 M M 2 12 19 270
25 81 47 64 1 1 0 0.00 M M 5.8 14 260 M M 0 20 270
26 81 48 65 1 0 0 0.00 M M 6.1 17 270 M M 3 12 22 260
27 79 53 66 2 0 1 0.00 M M 5.6 15 280 M M 5 1 20 280
28 66 56 61 -3 4 0 0.00 M M 6.9 15 270 M M 9 19 260
29 74 55 65 1 0 0 0.00 M M 6.3 17 260 M M 7 23 260
30 79 49 64 0 1 0 0.00 M M 4.4 15 270 M M 4 19 260
31 79 49 64 0 1 0 0.00 M M 5.3 16 270 M M 3 1 21 260
================================================================================
SM 2413 1451 90 13 0.02 M 166.1 M 111
================================================================================
AV 77.8 46.8 5.4 FASTST M M 4 MAX(MPH)
MISC ----> # 20 260 26 250
================================================================================
NOTES:
# LAST OF SEVERAL OCCURRENCES
COLUMN 17 PEAK WIND IN M.P.H.
PRELIMINARY LOCAL CLIMATOLOGICAL DATA (WS FORM: F-6) , PAGE 2
STATION: RAMONA AIRPORT CA
MONTH: MAY
YEAR: 2022
LATITUDE: 33 2 N
LONGITUDE: 116 55 W
[TEMPERATURE DATA] [PRECIPITATION DATA] SYMBOLS USED IN COLUMN 16
AVERAGE MONTHLY: 62.3 TOTAL FOR MONTH: 0.02 1 = FOG OR MIST
DPTR FM NORMAL: 0.1 DPTR FM NORMAL: -0.39 2 = FOG REDUCING VISIBILITY
HIGHEST: 96 ON 14 GRTST 24HR 0.02 ON 21-21 TO 1/4 MILE OR LESS
LOWEST: 32 ON 11 3 = THUNDER
SNOW, ICE PELLETS, HAIL 4 = ICE PELLETS
TOTAL MONTH: M 5 = HAIL
GRTST 24HR M ON M 6 = FREEZING RAIN OR DRIZZLE
GRTST DEPTH: M ON M 7 = DUSTSTORM OR SANDSTORM:
VSBY 1/2 MILE OR LESS
8 = SMOKE OR HAZE
[NO. OF DAYS WITH] [WEATHER - DAYS WITH] 9 = BLOWING SNOW
X = TORNADO
MAX 32 OR BELOW: 0 0.01 INCH OR MORE: 1
MAX 90 OR ABOVE: 3 0.10 INCH OR MORE: 0
MIN 32 OR BELOW: 1 0.50 INCH OR MORE: 0
MIN 0 OR BELOW: 0 1.00 INCH OR MORE: 0
[HDD (BASE 65) ]
TOTAL THIS MO. 90 CLEAR (SCALE 0-3) 16
DPTR FM NORMAL -25 PTCLDY (SCALE 4-7) 11
TOTAL FM JUL 1 2115 CLOUDY (SCALE 8-10) 4
DPTR FM NORMAL -187
[CDD (BASE 65) ]
TOTAL THIS MO. 13
DPTR FM NORMAL -15 [PRESSURE DATA]
TOTAL FM JAN 1 32 HIGHEST SLP 30.15 ON 12
DPTR FM NORMAL -5 LOWEST SLP 29.76 ON 31
[REMARKS]
#FINAL-05-22#