000
CXUS56 KSTO 020953
CF6SAC
PRELIMINARY LOCAL CLIMATOLOGICAL DATA (WS FORM: F-6)
STATION: SACRAMENTO EXEC AP
MONTH: JULY
YEAR: 2023
LATITUDE: 38 31 N
LONGITUDE: 121 30 W
TEMPERATURE IN F: :PCPN: SNOW: WIND :SUNSHINE: SKY :PK WND
================================================================================
1 2 3 4 5 6A 6B 7 8 9 10 11 12 13 14 15 16 17 18
12Z AVG MX 2MIN
DY MAX MIN AVG DEP HDD CDD WTR SNW DPTH SPD SPD DIR MIN PSBL S-S WX SPD DR
================================================================================
1 107 67 87 12 0 22 0.00 M M 3.6 10 290 M M 0 15 290
2 106 67 87 12 0 22 0.00 M M 4.0 12 280 M M 0 17 280
3 93 64 79 4 0 14 0.00 M M 8.0 20 220 M M 0 25 210
4 88 56 72 -3 0 7 0.00 M M 8.4 15 220 M M 0 21 200
5 85 55 70 -5 0 5 0.00 M M 9.7 15 210 M M 0 22 180
6 82 55 69 -7 0 4 0.00 M M 8.8 15 210 M M 0 20 200
7 83 56 70 -6 0 5 0.00 M M 9.2 15 190 M M 2 24 190
8 83 54 69 -7 0 4 0.00 M M 9.5 20 220 M M 0 24 220
9 76 53 65 -11 0 0 0.00 M M 10.1 16 220 M M 0 23 180
10 90 53 72 -4 0 7 0.00 M M 4.3 12 210 M M 0 15 210
11 95 60 78 2 0 13 0.00 M M 4.1 12 220 M M 0 15 210
12 92 59 76 0 0 11 0.00 M M 6.3 14 210 M M 0 20 210
13 96 61 79 3 0 14 0.00 M M 5.4 12 210 M M 0 16 200
14 103 61 82 6 0 17 0.00 M M 5.0 12 210 M M 0 17 210
15 105 64 85 9 0 20 0.00 M M 3.9 8 270 M M 0 13 300
16 107 67 87 11 0 22 0.00 M M 3.9 13 200 M M 0 19 190
17 99 72 86 10 0 21 T M M 6.9 15 200 M M 0 21 220
18 91 64 78 2 0 13 0.00 M M 8.6 15 220 M M 0 20 220
19 93 57 75 -1 0 10 0.00 M M 6.3 13 220 M M 0 17 190
20 100 57 79 3 0 14 0.00 M M 3.6 9 230 M M 0 13 300
21 104 63 84 8 0 19 0.00 M M 3.7 12 220 M M 0 16 220
22 104 63 84 8 0 19 0.00 M M 3.7 10 220 M M 0 14 230
23 98 65 82 6 0 17 0.00 M M 7.0 16 190 M M 0 22 190
24 92 61 77 1 0 12 0.00 M M 7.1 15 220 M M 0 20 220
25 97 61 79 3 0 14 0.00 M M 3.5 12 230 M M 0 16 200
26 92 64 78 2 0 13 0.00 M M 7.6 17 220 M M 0 24 230
27 88 60 74 -2 0 9 0.00 M M 9.3 17 220 M M 0 23 200
28 92 59 76 0 0 11 0.00 M M 6.3 13 190 M M 0 17 200
29 93 59 76 0 0 11 0.00 M M 6.7 13 190 M M 0 19 170
30 95 58 77 1 0 12 0.00 M M 7.2 16 210 M M 0 23 200
31 95 60 78 2 0 13 0.00 M M 5.0 14 220 M M 0 21 210
================================================================================
SM 2924 1875 0 395 T M 196.7 M 2
================================================================================
AV 94.3 60.5 6.3 FASTST M M 0 MAX(MPH)
MISC ----> # 20 220 25 210
================================================================================
NOTES:
# LAST OF SEVERAL OCCURRENCES
COLUMN 17 PEAK WIND IN M.P.H.
PRELIMINARY LOCAL CLIMATOLOGICAL DATA (WS FORM: F-6) , PAGE 2
STATION: SACRAMENTO EXEC AP
MONTH: JULY
YEAR: 2023
LATITUDE: 38 31 N
LONGITUDE: 121 30 W
[TEMPERATURE DATA] [PRECIPITATION DATA] SYMBOLS USED IN COLUMN 16
AVERAGE MONTHLY: 77.4 TOTAL FOR MONTH: T 1 = FOG OR MIST
DPTR FM NORMAL: 1.5 DPTR FM NORMAL: -0.00 2 = FOG REDUCING VISIBILITY
HIGHEST: 107 ON 16, 1 GRTST 24HR T ON 17-17 TO 1/4 MILE OR LESS
LOWEST: 53 ON 10, 9 3 = THUNDER
SNOW, ICE PELLETS, HAIL 4 = ICE PELLETS
TOTAL MONTH: M 5 = HAIL
GRTST 24HR M ON M 6 = FREEZING RAIN OR DRIZZLE
GRTST DEPTH: M ON M 7 = DUSTSTORM OR SANDSTORM:
VSBY 1/2 MILE OR LESS
8 = SMOKE OR HAZE
[NO. OF DAYS WITH] [WEATHER - DAYS WITH] 9 = BLOWING SNOW
X = TORNADO
MAX 32 OR BELOW: 0 0.01 INCH OR MORE: 0
MAX 90 OR ABOVE: 24 0.10 INCH OR MORE: 0
MIN 32 OR BELOW: 0 0.50 INCH OR MORE: 0
MIN 0 OR BELOW: 0 1.00 INCH OR MORE: 0
[HDD (BASE 65) ]
TOTAL THIS MO. 0 CLEAR (SCALE 0-3) 31
DPTR FM NORMAL 0 PTCLDY (SCALE 4-7) 0
TOTAL FM JUL 1 0 CLOUDY (SCALE 8-10) 0
DPTR FM NORMAL 0
[CDD (BASE 65) ]
TOTAL THIS MO. 395
DPTR FM NORMAL 57 [PRESSURE DATA]
TOTAL FM JAN 1 644 HIGHEST SLP 30.02 ON 25
DPTR FM NORMAL -32 LOWEST SLP 29.71 ON 22
[REMARKS]
#FINAL-07-23#