000
CXUS56 KSGX 011045
CF6SNA
PRELIMINARY LOCAL CLIMATOLOGICAL DATA (WS FORM: F-6)
STATION: JOHN WAYNE AIRPORT CA
MONTH: MAY
YEAR: 2022
LATITUDE: 33 40 N
LONGITUDE: 117 53 W
TEMPERATURE IN F: :PCPN: SNOW: WIND :SUNSHINE: SKY :PK WND
================================================================================
1 2 3 4 5 6A 6B 7 8 9 10 11 12 13 14 15 16 17 18
12Z AVG MX 2MIN
DY MAX MIN AVG DEP HDD CDD WTR SNW DPTH SPD SPD DIR MIN PSBL S-S WX SPD DR
================================================================================
1 71 59 65 1 0 0 0.00 M M 8.4 16 200 M M 5 8 22 200
2 72 62 67 3 0 2 0.00 M M 6.7 14 200 M M 7 19 210
3 70 61 66 2 0 1 0.00 M M 7.4 16 190 M M 6 8 22 190
4 74 58 66 2 0 1 0.00 M M 5.3 12 220 M M 2 17 210
5 76 60 68 4 0 3 0.00 M M 4.3 13 210 M M 6 16 200
6 73 59 66 1 0 1 0.00 M M 6.6 15 190 M M 5 18 20 210
7 71 63 67 2 0 2 0.00 M M 8.1 17 200 M M 6 22 210
8 71 60 66 1 0 1 0.00 M M 9.1 17 200 M M 7 24 180
9 70 58 64 -1 1 0 0.00 M M 6.7 17 210 M M 5 23 200
10 71 55 63 -2 2 0 0.00 M M 7.1 15 260 M M 4 22 260
11 70 54 62 -3 3 0 0.00 M M 7.1 16 230 M M 2 22 220
12 80 54 67 2 0 2 0.00 M M 5.1 16 220 M M 1 21 230
13 86 59 73 8 0 8 0.00 M M 4.8 14 200 M M 1 8 18 200
14 87 62 75 10 0 10 0.00 M M 4.3 12 200 M M 1 16 200
15 77 62 70 5 0 5 0.00 M M 6.7 17 210 M M 4 21 210
16 72 61 67 2 0 2 0.00 M M 7.0 14 210 M M 6 19 210
17 70 62 66 1 0 1 0.00 M M 8.3 15 180 M M 7 20 190
18 73 62 68 2 0 3 0.00 M M 6.5 13 180 M M 6 18 210
19 68 61 65 -1 0 0 0.00 M M 7.8 14 180 M M 10 19 190
20 69 60 65 -1 0 0 0.04 M M 7.4 18 190 M M 9 18 22 190
21 68 63 66 0 0 1 T M M 5.4 14 190 M M 9 18 190
22 72 61 67 1 0 2 0.00 M M 4.9 14 220 M M 4 19 230
23 69 60 65 -1 0 0 0.00 M M 6.0 15 200 M M 9 19 200
24 71 61 66 0 0 1 0.00 M M 5.3 14 190 M M 6 18 210
25 71 61 66 0 0 1 0.00 M M 6.9 16 210 M M 4 22 200
26 72 61 67 1 0 2 0.00 M M 6.9 17 200 M M 7 24 180
27 73 63 68 2 0 3 0.00 M M 5.3 13 200 M M 9 17 200
28 71 63 67 1 0 2 T M M 5.2 14 220 M M 9 19 190
29 74 63 69 3 0 4 0.00 M M 8.6 17 200 M M 5 22 210
30 74 62 68 2 0 3 0.00 M M 5.9 15 180 M M 4 20 200
31 75 61 68 2 0 3 0.00 M M 6.3 14 190 M M 1 20 180
================================================================================
SM 2261 1871 6 64 0.04 M 201.4 M 167
================================================================================
AV 72.9 60.4 6.5 FASTST M M 5 MAX(MPH)
MISC ----> 18 190 # 24 180
================================================================================
NOTES:
# LAST OF SEVERAL OCCURRENCES
COLUMN 17 PEAK WIND IN M.P.H.
PRELIMINARY LOCAL CLIMATOLOGICAL DATA (WS FORM: F-6) , PAGE 2
STATION: JOHN WAYNE AIRPORT CA
MONTH: MAY
YEAR: 2022
LATITUDE: 33 40 N
LONGITUDE: 117 53 W
[TEMPERATURE DATA] [PRECIPITATION DATA] SYMBOLS USED IN COLUMN 16
AVERAGE MONTHLY: 66.6 TOTAL FOR MONTH: 0.04 1 = FOG OR MIST
DPTR FM NORMAL: 1.3 DPTR FM NORMAL: -0.23 2 = FOG REDUCING VISIBILITY
HIGHEST: 87 ON 14 GRTST 24HR 0.04 ON 20-20 TO 1/4 MILE OR LESS
LOWEST: 54 ON 12,11 3 = THUNDER
SNOW, ICE PELLETS, HAIL 4 = ICE PELLETS
TOTAL MONTH: M 5 = HAIL
GRTST 24HR M ON M 6 = FREEZING RAIN OR DRIZZLE
GRTST DEPTH: M ON M 7 = DUSTSTORM OR SANDSTORM:
VSBY 1/2 MILE OR LESS
8 = SMOKE OR HAZE
[NO. OF DAYS WITH] [WEATHER - DAYS WITH] 9 = BLOWING SNOW
X = TORNADO
MAX 32 OR BELOW: 0 0.01 INCH OR MORE: 1
MAX 90 OR ABOVE: 0 0.10 INCH OR MORE: 0
MIN 32 OR BELOW: 0 0.50 INCH OR MORE: 0
MIN 0 OR BELOW: 0 1.00 INCH OR MORE: 0
[HDD (BASE 65) ]
TOTAL THIS MO. 6 CLEAR (SCALE 0-3) 6
DPTR FM NORMAL -32 PTCLDY (SCALE 4-7) 19
TOTAL FM JUL 1 649 CLOUDY (SCALE 8-10) 6
DPTR FM NORMAL -440
[CDD (BASE 65) ]
TOTAL THIS MO. 64
DPTR FM NORMAL 17 [PRESSURE DATA]
TOTAL FM JAN 1 208 HIGHEST SLP 30.16 ON 11
DPTR FM NORMAL 112 LOWEST SLP 29.77 ON 30
[REMARKS]
#FINAL-05-22#