000
CXUS52 KTBW 020418
CF6SRQ
PRELIMINARY LOCAL CLIMATOLOGICAL DATA (WS FORM: F-6)
STATION: SARASOTA BRADENTON
MONTH: JANUARY
YEAR: 2024
LATITUDE: 27 23 N
LONGITUDE: 82 33 W
TEMPERATURE IN F: :PCPN: SNOW: WIND :SUNSHINE: SKY :PK WND
================================================================================
1 2 3 4 5 6A 6B 7 8 9 10 11 12 13 14 15 16 17 18
12Z AVG MX 2MIN
DY MAX MIN AVG DEP HDD CDD WTR SNW DPTH SPD SPD DIR MIN PSBL S-S WX SPD DR
================================================================================
1 71 50 61 -2 4 0 0.00 0.0 0 4.7 9 200 M M 3 1 16 220
2 68 52 60 -3 5 0 0.00 0.0 0 6.1 13 10 M M 0 19 340
3 70 47 59 -4 6 0 T 0.0 0 8.4 16 190 M M 2 23 200
4 69 51 60 -3 5 0 0.01 0.0 0 9.4 22 320 M M 6 1 30 190
5 79 49 64 1 1 0 0.00 0.0 0 12.2 22 130 M M 2 32 120
6 74 65 70 7 0 5 1.76 0.0 0 13.0 32 170 M M 7 3 46 180
7 69 54 62 0 3 0 0.10 0.0 0 7.7 20 330 M M 6 1 29 350
8 68 51 60 -2 5 0 0.06 0.0 0 11.7 22 110 M M 3 31 120
9 78 63 71 9 0 6 0.60 0.0 0 20.1 40 260 M M 5 13 60 260
10 68 52 60 -2 5 0 0.00 0.0 0 7.3 21 290 M M 5 30 310
11 65 49 57 -5 8 0 T 0.0 0 8.1 16 100 M M 7 22 100
12 76 57 67 5 0 2 0.02 0.0 0 14.4 23 190 M M 8 1 31 190
13 74 53 64 2 1 0 0.47 0.0 0 10.5 20 200 M M 4 1 29 190
14 58 52 55 -7 10 0 0.04 0.0 0 8.9 15 80 M M 5 22 50
15 72 58 65 3 0 0 0.05 0.0 0 5.0 14 110 M M 9 12 17 100
16 75 59 67 5 0 2 1.18 0.0 0 10.9 25 210 M M 10 123 33 210
17 65 49 57 -5 8 0 0.00 0.0 0 8.9 20 340 M M 2 27 350
18 71 52 62 0 3 0 0.01 0.0 0 7.7 15 300 M M 10 1 20 70
19 70 59 65 3 0 0 T 0.0 0 5.8 12 10 M M 7 1 18 360
20 62 48 55 -7 10 0 0.00 0.0 0 9.8 17 30 M M 0 25 350
21 65 39 52 -10 13 0 0.00 0.0 0 12.3 18 80 M M 0 27 50
22 68 49 59 -3 6 0 0.00 0.0 0 9.5 17 80 M M 0 23 80
23 82 61 72 10 0 7 0.00 0.0 0 12.2 21 110 M M 2 29 110
24 84 67 76 14 0 11 0.00 0.0 0 11.6 21 110 M M 4 27 120
25 85 68 77 15 0 12 0.00 0.0 0 10.0 22 160 M M 4 29 160
26 81 66 74 12 0 9 0.00 0.0 0 4.6 14 210 M M 3 20 150
27 82 63 73 11 0 8 0.00 0.0 0 9.9 22 180 M M 1 1 30 180
28 73 58 66 3 0 1 0.01 0.0 0 13.3 22 310 M M 6 1 31 310
29 61 48 55 -8 10 0 0.00 0.0 0 11.3 21 320 M M 7 28 310
30 65 45 55 -8 10 0 0.00 0.0 0 4.8 14 290 M M 0 1 21 260
31 73 50 62 -1 3 0 0.00 0.0 0 7.7 20 290 M M 1 25 290
================================================================================
SM 2221 1684 116 63 4.31 0.0 297.8 M 129
================================================================================
AV 71.6 54.3 9.6 FASTST M M 4 MAX(MPH)
MISC ----> 40 260 60 260
================================================================================
NOTES:
# LAST OF SEVERAL OCCURRENCES
COLUMN 17 PEAK WIND IN M.P.H.
PRELIMINARY LOCAL CLIMATOLOGICAL DATA (WS FORM: F-6) , PAGE 2
STATION: SARASOTA BRADENTON
MONTH: JANUARY
YEAR: 2024
LATITUDE: 27 23 N
LONGITUDE: 82 33 W
[TEMPERATURE DATA] [PRECIPITATION DATA] SYMBOLS USED IN COLUMN 16
AVERAGE MONTHLY: 63.0 TOTAL FOR MONTH: 4.31 1 = FOG OR MIST
DPTR FM NORMAL: 0.6 DPTR FM NORMAL: 1.52 2 = FOG REDUCING VISIBILITY
HIGHEST: 85 ON 25 GRTST 24HR 1.76 ON 6- 6 TO 1/4 MILE OR LESS
LOWEST: 39 ON 21 3 = THUNDER
SNOW, ICE PELLETS, HAIL 4 = ICE PELLETS
TOTAL MONTH: 0.0 INCH 5 = HAIL
GRTST 24HR 0.0 6 = FREEZING RAIN OR DRIZZLE
GRTST DEPTH: 0 7 = DUSTSTORM OR SANDSTORM:
VSBY 1/2 MILE OR LESS
8 = SMOKE OR HAZE
[NO. OF DAYS WITH] [WEATHER - DAYS WITH] 9 = BLOWING SNOW
X = TORNADO
MAX 32 OR BELOW: 0 0.01 INCH OR MORE: 12
MAX 90 OR ABOVE: 0 0.10 INCH OR MORE: 5
MIN 32 OR BELOW: 0 0.50 INCH OR MORE: 3
MIN 0 OR BELOW: 0 1.00 INCH OR MORE: 2
[HDD (BASE 65) ]
TOTAL THIS MO. 116 CLEAR (SCALE 0-3) 13
DPTR FM NORMAL -26 PTCLDY (SCALE 4-7) 15
TOTAL FM JUL 1 188 CLOUDY (SCALE 8-10) 3
DPTR FM NORMAL -80
[CDD (BASE 65) ]
TOTAL THIS MO. 63
DPTR FM NORMAL 2 [PRESSURE DATA]
TOTAL FM JAN 1 63 HIGHEST SLP 30.43 ON 21
DPTR FM NORMAL 2 LOWEST SLP 29.65 ON 9
[REMARKS]
#FINAL-01-24#