000
CXUS56 KLKN 011210
CF6TPH
PRELIMINARY LOCAL CLIMATOLOGICAL DATA (WS FORM: F-6)
STATION: TONOPAH AIRPORT NV
MONTH: OCTOBER
YEAR: 2022
LATITUDE: 38 3 N
LONGITUDE: 117 5 W
TEMPERATURE IN F: :PCPN: SNOW: WIND :SUNSHINE: SKY :PK WND
================================================================================
1 2 3 4 5 6A 6B 7 8 9 10 11 12 13 14 15 16 17 18
12Z AVG MX 2MIN
DY MAX MIN AVG DEP HDD CDD WTR SNW DPTH SPD SPD DIR MIN PSBL S-S WX SPD DR
================================================================================
1 76 48 62 2 3 0 0.00 M M 7.4 18 360 M M 0 23 10
2 80 46 63 4 2 0 0.00 M M 6.5 14 20 M M 0 17 10
3 79 50 65 6 0 0 0.00 M M 9.7 16 320 M M 0 22 320
4 80 47 64 6 1 0 0.00 M M 8.6 15 10 M M 0 8 19 10
5 80 48 64 6 1 0 0.00 M M 6.9 20 10 M M 0 25 20
6 80 47 64 7 1 0 0.00 M M 6.8 14 360 M M 0 18 30
7 81 48 65 8 0 0 0.00 M M 5.8 14 360 M M 0 18 20
8 81 45 63 6 2 0 0.00 M M 7.9 17 300 M M 0 22 300
9 80 44 62 6 3 0 0.00 M M 6.9 16 300 M M 0 25 330
10 79 45 62 6 3 0 0.00 M M 7.5 15 300 M M 0 22 320
11 78 44 61 6 4 0 0.00 M M 9.9 20 300 M M 0 29 300
12 79 46 63 8 2 0 0.00 M M 8.7 17 10 M M 0 22 10
13 80 42 61 6 4 0 0.00 M M 7.6 17 10 M M 0 22 10
14 79 43 61 7 4 0 0.00 M M 7.3 16 20 M M 0 21 20
15 79 40 60 6 5 0 0.00 M M 7.5 17 10 M M 0 22 10
16 76 40 58 5 7 0 0.00 M M 6.5 15 10 M M 0 18 290
17 75 42 59 6 6 0 0.00 M M 6.8 14 10 M M 0 16 10
18 77 44 61 8 4 0 0.00 M M 8.3 16 10 M M 0 20 10
19 75 42 59 7 6 0 0.00 M M 6.6 13 360 M M 0 16 360
20 73 36 55 3 10 0 0.00 M M 6.0 14 10 M M 0 17 10
21 75 38 57 6 8 0 0.00 M M 7.0 17 260 M M 0 8 22 240
22 60 35 48 -3 17 0 T M M 13.5 36 350 M M 5 50 330
23 47 27 37 -14 28 0 0.00 M M 14.3 29 320 M M 0 40 330
24 58 22 40 -10 25 0 0.00 M M 7.6 20 310 M M 0 27 310
25 63 26 45 -5 20 0 T M M 9.4 36 360 M M 3 43 360
26 56 29 43 -7 22 0 0.00 M M 11.4 23 340 M M 0 34 310
27 55 26 41 -8 24 0 0.00 M M 7.5 17 360 M M 0 21 360
28 59 25 42 -7 23 0 0.00 M M 6.3 15 220 M M M 20 160
29 63 30 47 -1 18 0 0.00 M M 10.0 20 320 M M M 26 310
30 65 33 49 1 16 0 0.00 M M 10.1 18 300 M M M 26 290
31 64 30 47 -1 18 0 0.00 M M 6.9 15 190 M M 0 18 190
================================================================================
SM 2232 1208 287 0 T M 253.2 M 8
================================================================================
AV 72.0 39.0 8.2 FASTST M M 0 MAX(MPH)
MISC ----> # 36 350 50 330
================================================================================
NOTES:
# LAST OF SEVERAL OCCURRENCES
COLUMN 17 PEAK WIND IN M.P.H.
PRELIMINARY LOCAL CLIMATOLOGICAL DATA (WS FORM: F-6) , PAGE 2
STATION: TONOPAH AIRPORT NV
MONTH: OCTOBER
YEAR: 2022
LATITUDE: 38 3 N
LONGITUDE: 117 5 W
[TEMPERATURE DATA] [PRECIPITATION DATA] SYMBOLS USED IN COLUMN 16
AVERAGE MONTHLY: 55.5 TOTAL FOR MONTH: T 1 = FOG OR MIST
DPTR FM NORMAL: 2.0 DPTR FM NORMAL: -0.38 2 = FOG REDUCING VISIBILITY
HIGHEST: 81 ON 8, 7 GRTST 24HR T ON 22-22 TO 1/4 MILE OR LESS
LOWEST: 22 ON 24 3 = THUNDER
SNOW, ICE PELLETS, HAIL 4 = ICE PELLETS
TOTAL MONTH: M 5 = HAIL
GRTST 24HR M ON M 6 = FREEZING RAIN OR DRIZZLE
GRTST DEPTH: M ON M 7 = DUSTSTORM OR SANDSTORM:
VSBY 1/2 MILE OR LESS
8 = SMOKE OR HAZE
[NO. OF DAYS WITH] [WEATHER - DAYS WITH] 9 = BLOWING SNOW
X = TORNADO
MAX 32 OR BELOW: 0 0.01 INCH OR MORE: 0
MAX 90 OR ABOVE: 0 0.10 INCH OR MORE: 0
MIN 32 OR BELOW: 8 0.50 INCH OR MORE: 0
MIN 0 OR BELOW: 0 1.00 INCH OR MORE: 0
[HDD (BASE 65) ]
TOTAL THIS MO. 287 CLEAR (SCALE 0-3) 27
DPTR FM NORMAL -75 PTCLDY (SCALE 4-7) 1
TOTAL FM JUL 1 320 CLOUDY (SCALE 8-10) 3
DPTR FM NORMAL -112
[CDD (BASE 65) ]
TOTAL THIS MO. 0
DPTR FM NORMAL -4 [PRESSURE DATA]
TOTAL FM JAN 1 1177 HIGHEST SLP 30.33 ON 28
DPTR FM NORMAL 283 LOWEST SLP 29.49 ON 22
[REMARKS]
#FINAL-10-22#