000
CXUS54 KFWD 072138
CF6TPL
PRELIMINARY LOCAL CLIMATOLOGICAL DATA (WS FORM: F-6)
STATION: TEMPLE
MONTH: APRIL
YEAR: 2022
LATITUDE: 31 8 N
LONGITUDE: 97 25 W
TEMPERATURE IN F: :PCPN: SNOW: WIND :SUNSHINE: SKY :PK WND
================================================================================
1 2 3 4 5 6A 6B 7 8 9 10 11 12 13 14 15 16 17 18
12Z AVG MX 2MIN
DY MAX MIN AVG DEP HDD CDD WTR SNW DPTH SPD SPD DIR MIN PSBL S-S WX SPD DR
================================================================================
1 78 43 61 -1 4 0 0.00 M M 10.7 20 150 M M 0 30 150
2 81 55 68 6 0 3 0.00 M M 9.5 21 160 M M 1 29 160
3 83 54 69 6 0 4 0.00 M M 11.4 18 140 M M 0 24 160
4 78 61 70 7 0 5 0.00 M M 10.3 15 160 M M 7 M M
5 96 66 81 18 0 16 0.00 M M 11.6 23 170 M M 2 1 23 190
6 75 50 63 0 2 0 0.00 M M 17.1 26 340 M M 0 37 340
7 74 44 59 -5 6 0 0.00 M M 11.6 26 330 M M 0 38 290
8 75 44 60 -4 5 0 0.00 M M 10.8 21 330 M M 0 37 290
9 86 38 62 -2 3 0 0.00 M M 13.0 24 180 M M 0 40 180
10 86 59 73 9 0 8 0.00 M M 22.8 30 180 M M 4 40 150
11 84 67 76 12 0 11 0.00 M M 18.8 28 180 M M 6 38 150
12 88 64 76 11 0 11 0.98 M M 17.5 36 110 M M 7 13 43 110
13 88 56 72 7 0 7 T M M 17.0 28 300 M M 4 40 170
14 78 44 61 -4 4 0 0.00 M M 8.0 16 110 M M 0 21 110
15 84 56 70 5 0 5 0.00 M M 11.8 21 190 M M 6 23 170
16 84 67 76 10 0 11 0.00 M M 9.9 17 170 M M 7 18 M M
17 83 62 73 7 0 8 0.00 M M 5.9 9 360 M M 6 M M
18 74 55 65 -1 0 0 0.00 M M 9.4 14 60 M M 3 22 30
19 73 53 63 -3 2 0 0.00 M M 15.1 22 140 M M 5 32 140
20 87 66 77 10 0 12 0.00 M M 19.3 28 190 M M 10 39 180
21 82 71 77 10 0 12 0.00 M M 14.9 21 150 M M 9 26 150
22 87 70 79 12 0 14 0.00 M M 19.8 25 150 M M 6 37 140
23 87 68 78 11 0 13 0.00 M M 20.9 30 170 M M 7 37 150
24 87 69 78 10 0 13 0.00 M M 15.6 23 150 M M 7 31 160
25 73 58 66 -2 0 1 0.83 M M 10.1 15 30 M M 9 13 22 30
26 74 55 65 -3 0 0 0.01 M M 8.2 13 30 M M 4 18 30
27 78 59 69 1 0 4 0.00 M M 8.8 14 140 M M 6 16 120
28 85 65 75 6 0 10 0.00 M M 16.0 22 160 M M 6 32 160
29 85 69 77 8 0 12 0.00 M M 17.6 25 160 M M 7 30 160
30 87 69 78 9 0 13 0.00 M M 10.2 21 170 M M 6 24 170
================================================================================
SM 2460 1757 26 193 1.82 M 403.7 M 135
================================================================================
AV 82.0 58.6 13.5 FASTST M M 5 MAX(MPH)
MISC ----> 36 110 43 110
================================================================================
NOTES:
# LAST OF SEVERAL OCCURRENCES
COLUMN 17 PEAK WIND IN M.P.H.
PRELIMINARY LOCAL CLIMATOLOGICAL DATA (WS FORM: F-6) , PAGE 2
STATION: TEMPLE
MONTH: APRIL
YEAR: 2022
LATITUDE: 31 8 N
LONGITUDE: 97 25 W
[TEMPERATURE DATA] [PRECIPITATION DATA] SYMBOLS USED IN COLUMN 16
AVERAGE MONTHLY: 70.3 TOTAL FOR MONTH: 1.82 1 = FOG OR MIST
DPTR FM NORMAL: 4.7 DPTR FM NORMAL: -0.50 2 = FOG REDUCING VISIBILITY
HIGHEST: 96 ON 5 GRTST 24HR 0.98 ON 12-12 TO 1/4 MILE OR LESS
LOWEST: 38 ON 9 3 = THUNDER
SNOW, ICE PELLETS, HAIL 4 = ICE PELLETS
TOTAL MONTH: M 5 = HAIL
GRTST 24HR M ON M 6 = FREEZING RAIN OR DRIZZLE
GRTST DEPTH: M ON M 7 = DUSTSTORM OR SANDSTORM:
VSBY 1/2 MILE OR LESS
8 = SMOKE OR HAZE
[NO. OF DAYS WITH] [WEATHER - DAYS WITH] 9 = BLOWING SNOW
X = TORNADO
MAX 32 OR BELOW: 0 0.01 INCH OR MORE: 3
MAX 90 OR ABOVE: 1 0.10 INCH OR MORE: 2
MIN 32 OR BELOW: 0 0.50 INCH OR MORE: 2
MIN 0 OR BELOW: 0 1.00 INCH OR MORE: 0
[HDD (BASE 65) ]
TOTAL THIS MO. 26 CLEAR (SCALE 0-3) 10
DPTR FM NORMAL -55 PTCLDY (SCALE 4-7) 17
TOTAL FM JUL 1 1841 CLOUDY (SCALE 8-10) 3
DPTR FM NORMAL -288
[CDD (BASE 65) ]
TOTAL THIS MO. 193
DPTR FM NORMAL 94 [PRESSURE DATA]
TOTAL FM JAN 1 239 HIGHEST SLP M ON M
DPTR FM NORMAL 94 LOWEST SLP M ON M
[REMARKS]
#FINAL-04-22#