000
CXUS51 KLWX 300620
CF6HGR
PRELIMINARY LOCAL CLIMATOLOGICAL DATA (WS FORM: F-6)

                                          STATION:   HAGERSTOWN MD
                                          MONTH:     JUNE
                                          YEAR:      2015
                                          LATITUDE:   39 42 N
                                          LONGITUDE:  77 43 W

  TEMPERATURE IN F:       :PCPN:    SNOW:  WIND      :SUNSHINE: SKY     :PK WND
================================================================================
1   2   3   4   5  6A  6B    7    8   9   10  11  12  13   14  15   16   17  18
                                     12Z  AVG MX 2MIN
DY MAX MIN AVG DEP HDD CDD  WTR  SNW DPTH SPD SPD DIR MIN PSBL S-S WX    SPD DR
================================================================================

 1  85  64  75   8   0  10 0.22    M    M  6.7 16 340   M    M   7 1238   20 340
 2  65  58  62  -5   3   0 0.32    M    M  8.3 15  30   M    M  10 18     19  10
 3  63  57  60  -8   5   0 0.00    M    M  5.6 13  60   M    M  10 18     16  60
 4  61  56  59  -9   6   0 0.14    M    M  5.3 12  70   M    M  10 18     15 120
 5  75  58  67  -1   0   2 0.00    M    M  3.9 10 350   M    M   7 18     12 350
 6  79  59  69   0   0   4    T    M    M  6.4 18  20   M    M   5 138    23 360
 7  77  54  66  -3   0   1 0.00    M    M 10.1 21 170   M    M   4        27 160
 8  87  65  76   7   0  11 0.22    M    M 11.2 35 280   M    M   1 38     44 270
 9  83  66  75   5   0  10    T    M    M  9.0 22 270   M    M   5        30 270
10  84  61  73   3   0   8 0.00    M    M  7.0 17 190   M    M   0 8      22 180
11  93  69  81  11   0  16 0.00    M    M  6.7 14 170   M    M   0 8      17 190
12  92  69  81  10   0  16 0.14    M    M  6.7 21 280   M    M   1 138    27 290
13  86  72  79   8   0  14 0.00    M    M  5.4 10 270   M    M   2 13     14 240
14  89  72  81  10   0  16 0.09    M    M  3.6 23 290   M    M   2 138    29 290
15  89  72  81   9   0  16 0.63    M    M  7.3 23 300   M    M   3 13     28 280
16  88  71  80   8   0  15 0.05    M    M  9.4 21 280   M    M   2        27 270
17  80  66  73   1   0   8 0.43    M    M  5.3 13 220   M    M   7 1      16 200
18  87  68  78   6   0  13 0.06    M    M  4.2 26 280   M    M   6 138    32 270
19  84  70  77   4   0  12    T    M    M  7.3 18 280   M    M   6        24 290
20  86  71  79   6   0  14 0.73    M    M  5.2 21 220   M    M   M 13     30 220
21  90  71  81   8   0  16 0.15    M    M  8.9 17 280   M    M   5 1      24 290
22  89  70  80   7   0  15 0.00    M    M  5.8 14 280   M    M   1        18 290
23  92  69  81   7   0  16 0.51    M    M  9.7 31 320   M    M   1 13     41 330
24  83  62  73  -1   0   8 0.00    M    M  6.1 17 310   M    M   0        23 320
25  78  62  70  -4   0   5 0.43    M    M  4.3 13 330   M    M   6 1      17  10
26  79  65  72  -2   0   7 0.00    M    M  4.5  9 310   M    M   6 18     11  30
27  70  60  65  -9   0   0 1.73    M    M 10.7 21 300   M    M  10 18     28 150
28  73  57  65  -9   0   0 0.01    M    M  9.5 23 270   M    M   9 12     30 270
29  82  57  70  -5   0   5 0.00    M    M  6.7 15 190   M    M   3        21 180
================================================================================
SM 2369 1871        14 258  5.86    M    200.8          M      129
================================================================================
AV 81.7 64.5                               6.9 FASTST   M    M   5    MAX(MPH)
                                 MISC ---->  # 35 280               # 44  270
================================================================================
NOTES:
# LAST OF SEVERAL OCCURRENCES

COLUMN 17 PEAK WIND IN M.P.H.

PRELIMINARY LOCAL CLIMATOLOGICAL DATA (WS FORM: F-6) , PAGE 2

                                          STATION:  HAGERSTOWN MD
                                          MONTH:    JUNE
                                          YEAR:     2015
                                          LATITUDE:   39 42 N
                                          LONGITUDE:  77 43 W

[TEMPERATURE DATA]      [PRECIPITATION DATA]       SYMBOLS USED IN COLUMN 16

AVERAGE MONTHLY: 73.1   TOTAL FOR MONTH:   5.86    1 = FOG OR MIST
DPTR FM NORMAL:   1.8   DPTR FM NORMAL:    2.07    2 = FOG REDUCING VISIBILITY
HIGHEST:    93 ON 11    GRTST 24HR  1.74 ON 27-28      TO 1/4 MILE OR LESS
LOWEST:     54 ON  7                               3 = THUNDER
                        SNOW, ICE PELLETS, HAIL    4 = ICE PELLETS
                        TOTAL MONTH:    M          5 = HAIL
                        GRTST 24HR    M  ON   M    6 = FREEZING RAIN OR DRIZZLE
                        GRTST DEPTH:  M  ON   M    7 = DUSTSTORM OR SANDSTORM:
                                                       VSBY 1/2 MILE OR LESS
                                                   8 = SMOKE OR HAZE
[NO. OF DAYS WITH]      [WEATHER - DAYS WITH]      9 = BLOWING SNOW
                                                   X = TORNADO
MAX 32 OR BELOW:   0    0.01 INCH OR MORE:  16
MAX 90 OR ABOVE:   4    0.10 INCH OR MORE:  12
MIN 32 OR BELOW:   0    0.50 INCH OR MORE:   4
MIN  0 OR BELOW:   0    1.00 INCH OR MORE:   1

[HDD (BASE 65) ]
TOTAL THIS MO.    14    CLEAR  (SCALE 0-3)  12
DPTR FM NORMAL    -3    PTCLDY (SCALE 4-7)  11
TOTAL FM JUL 1  5143    CLOUDY (SCALE 8-10)  5
DPTR FM NORMAL   -41

[CDD (BASE 65) ]
TOTAL THIS MO.   258
DPTR FM NORMAL    59    [PRESSURE DATA]
TOTAL FM JAN 1   459    HIGHEST SLP M ON M
DPTR FM NORMAL   184    LOWEST  SLP 29.66 ON 28

[REMARKS]
