000
CXUS53 KARX 280930
CF6LSE
PRELIMINARY LOCAL CLIMATOLOGICAL DATA (WS FORM: F-6)

                                          STATION:   LA CROSSE WI
                                          MONTH:     AUGUST
                                          YEAR:      2015
                                          LATITUDE:   43 52 N
                                          LONGITUDE:  91 15 W

  TEMPERATURE IN F:       :PCPN:    SNOW:  WIND      :SUNSHINE: SKY     :PK WND
================================================================================
1   2   3   4   5  6A  6B    7    8   9   10  11  12  13   14  15   16   17  18
                                     12Z  AVG MX 2MIN
DY MAX MIN AVG DEP HDD CDD  WTR  SNW DPTH SPD SPD DIR MIN PSBL S-S WX    SPD DR
================================================================================

 1  87  63  75   2   0  10 0.00  0.0    0  5.5 15 180   M    M   2        19 180
 2  94  71  83  10   0  18 0.00  0.0    0 11.5 26 270   M    M   2        33 280
 3  82  57  70  -3   0   5 0.00  0.0    0  7.3 18 300   M    M   0        27 320
 4  83  57  70  -3   0   5 0.00  0.0    0  5.4 15 320   M    M   0        18 290
 5  84  57  71  -2   0   6 0.00  0.0    0  4.0  9 110   M    M   1 1      13 290
 6  84  61  73   0   0   8 0.08  0.0    0  7.1 17 120   M    M   2 1      22 130
 7  84  66  75   3   0  10 0.14  0.0    0  9.9 18 300   M    M   7 13     24 170
 8  78  62  70  -2   0   5 0.00  0.0    0  4.3 10 150   M    M   4        15 320
 9  85  65  75   3   0  10 0.00  0.0    0  4.7 13 190   M    M   5 1      17 190
10  84  65  75   3   0  10 0.51  0.0    0  7.7 17 340   M    M   4 13     23 340
11  83  61  72   0   0   7 0.00  0.0    0  6.9 16 320   M    M   1        20 320
12  86  58  72   0   0   7 0.00  0.0    0  5.3 13 250   M    M   1 1      17 220
13  88  69  79   7   0  14 0.02  0.0    0  8.7 20 210   M    M   2 3      26 220
14  95  72  84  12   0  19    T  0.0    0  4.7 15 290   M    M   1        18 290
15  92  73  83  11   0  18 0.00  0.0    0  6.2 14 230   M    M   1        20 210
16  92  70  81   9   0  16 0.00  0.0    0  9.6 22 210   M    M   1        26 210
17  77  67  72   0   0   7 0.03  0.0    0  6.0 14 360   M    M   9 1      16 360
18  72  66  69  -2   0   4 0.30  0.0    0  5.8 16 130   M    M  10 1      23 140
19  69  57  63  -8   2   0 0.06  0.0    0 12.9 26 210   M    M  10 1      31 210
20  76  56  66  -5   0   1 0.03  0.0    0 11.4 22 270   M    M   6 18     28 270
21  86  54  70  -1   0   5 0.00  0.0    0 11.1 28 210   M    M   3        33 210
22  83  67  75   4   0  10 0.00  0.0    0 15.4 29 180   M    M   2        37 180
23  73  57  65  -6   0   0 0.14  0.0    0 15.0 28 270   M    M   8 13     36 270
24  64  56  60 -10   5   0 0.00  0.0    0 14.8 24 310   M    M   7        32 320
25  75  54  65  -5   0   0 0.00  0.0    0  8.3 17 340   M    M   6        22 330
26  76  52  64  -6   1   0 0.00  0.0    0  4.2 12 270   M    M   2 1      14 270
27  77  51  64  -6   1   0 0.00  0.0    0  7.4 16 180   M    M   3 12     21 170
================================================================================
SM 2209 1664         9 195  1.31     0.0 221.1          M      100
================================================================================
AV 81.8 61.6                               8.2 FASTST   M    M   4    MAX(MPH)
                                 MISC ---->  # 29 180               # 37  180
================================================================================
NOTES:
# LAST OF SEVERAL OCCURRENCES

COLUMN 17 PEAK WIND IN M.P.H.

PRELIMINARY LOCAL CLIMATOLOGICAL DATA (WS FORM: F-6) , PAGE 2

                                          STATION:  LA CROSSE WI
                                          MONTH:    AUGUST
                                          YEAR:     2015
                                          LATITUDE:   43 52 N
                                          LONGITUDE:  91 15 W

[TEMPERATURE DATA]      [PRECIPITATION DATA]       SYMBOLS USED IN COLUMN 16

AVERAGE MONTHLY: 71.7   TOTAL FOR MONTH:   1.31    1 = FOG OR MIST
DPTR FM NORMAL:   0.0   DPTR FM NORMAL:   -2.46    2 = FOG REDUCING VISIBILITY
HIGHEST:    95 ON 14    GRTST 24HR  0.51 ON 10-10      TO 1/4 MILE OR LESS
LOWEST:     51 ON 27                               3 = THUNDER
                        SNOW, ICE PELLETS, HAIL    4 = ICE PELLETS
                        TOTAL MONTH:   0.0 INCH    5 = HAIL
                        GRTST 24HR     0.0         6 = FREEZING RAIN OR DRIZZLE
                        GRTST DEPTH:   0           7 = DUSTSTORM OR SANDSTORM:
                                                       VSBY 1/2 MILE OR LESS
                                                   8 = SMOKE OR HAZE
[NO. OF DAYS WITH]      [WEATHER - DAYS WITH]      9 = BLOWING SNOW
                                                   X = TORNADO
MAX 32 OR BELOW:   0    0.01 INCH OR MORE:   9
MAX 90 OR ABOVE:   4    0.10 INCH OR MORE:   4
MIN 32 OR BELOW:   0    0.50 INCH OR MORE:   1
MIN  0 OR BELOW:   0    1.00 INCH OR MORE:   0

[HDD (BASE 65) ]
TOTAL THIS MO.     9    CLEAR  (SCALE 0-3)  15
DPTR FM NORMAL     2    PTCLDY (SCALE 4-7)   9
TOTAL FM JUL 1    12    CLOUDY (SCALE 8-10)  3
DPTR FM NORMAL     0

[CDD (BASE 65) ]
TOTAL THIS MO.   195
DPTR FM NORMAL     1    [PRESSURE DATA]
TOTAL FM JAN 1   677    HIGHEST SLP M ON M
DPTR FM NORMAL    -4    LOWEST  SLP 29.46 ON 19

[REMARKS]
