000
CXUS51 KBTV 010800
CF61V4
PRELIMINARY LOCAL CLIMATOLOGICAL DATA (WS FORM: F-6)
STATION: SAINT JOHNSBURY VT ASOS
MONTH: DECEMBER
YEAR: 2020
LATITUDE: 44 25 N
LONGITUDE: 72 1 W
TEMPERATURE IN F: :PCPN: SNOW: WIND :SUNSHINE: SKY :PK WND
================================================================================
1 2 3 4 5 6A 6B 7 8 9 10 11 12 13 14 15 16 17 18
12Z AVG MX 2MIN
DY MAX MIN AVG DEP HDD CDD WTR SNW DPTH SPD SPD DIR MIN PSBL S-S WX SPD DR
================================================================================
1 64 39 52 23 13 0 0.01 M M M M M M M 0 M M
2 39 31 35 6 30 0 0.02 M M M M M M M 0 M M
3 43 25 34 6 31 0 0.00 M M M M M M M 0 M M
4 45 28 37 9 28 0 0.04 M M M M M M M 0 M M
5 38 29 34 6 31 0 0.20 M M M M M M M 0 M M
6 29 25 27 0 38 0 0.00 M M M M M M M 0 M M
7 26 23 25 -1 40 0 0.00 M M M M M M M 0 M M
8 26 21 24 -2 41 0 0.00 M M M M M M M 0 M M
9 29 21 25 -1 40 0 0.00 M M M M M M M 0 M M
10 35 29 32 7 33 0 0.01 M M M M M M M 0 M M
11 42 28 35 10 30 0 0.00 M M M M M M M 0 M M
12 39 31 35 11 30 0 0.02 M M M M M M M 0 M M
13 47 32 40 16 25 0 0.03 M M M M M M M 0 M M
14 33 30 32 8 33 0 0.00 M M M M M M M 0 M M
15 30 8 19 -4 46 0 0.00 M M M M M M M 0 M M
16 15 2 9 -14 56 0 0.00 M M M M M M M 0 M M
17 20 11 16 -6 49 0 0.46 M M M M M M M 0 M M
18 24 -1 12 -10 53 0 0.00 M M M M M M M 0 M M
19 21 -4 9 -13 56 0 0.00 M M M M M M M 0 M M
20 29 14 22 1 43 0 0.03 M M M M M M M 0 M M
21 36 29 33 12 32 0 0.00 M M M M M M M 0 M M
22 37 27 32 11 33 0 0.04 M M M M M M M 0 M M
23 29 19 24 4 41 0 0.00 M M M M M M M 0 M M
24 56 29 43 23 22 0 0.04 M M M M M M M 0 M M
25 59 44 52 32 13 0 0.70 M M M M M M M 0 M M
26 44 24 34 14 31 0 0.05 M M M M M M M 0 M M
27 31 18 25 6 40 0 0.00 M M M M M M M 0 M M
28 39 19 29 10 36 0 0.01 M M M M M M M 0 M M
29 36 9 23 4 42 0 0.02 M M M M M M M 0 M M
30 32 5 19 1 46 0 0.00 M M M M M M M 0 M M
31 38 25 32 14 33 0 0.04 M M M M M M M 0 M M
================================================================================
SM 1111 670 1115 0 1.72 M M M 0
================================================================================
AV 35.8 21.6 M FASTST M M 0 MAX(MPH)
MISC ----> M M M M
================================================================================
NOTES:
# LAST OF SEVERAL OCCURRENCES
COLUMN 17 PEAK WIND IN M.P.H.
PRELIMINARY LOCAL CLIMATOLOGICAL DATA (WS FORM: F-6) , PAGE 2
STATION: SAINT JOHNSBURY VT ASOS
MONTH: DECEMBER
YEAR: 2020
LATITUDE: 44 25 N
LONGITUDE: 72 1 W
[TEMPERATURE DATA] [PRECIPITATION DATA] SYMBOLS USED IN COLUMN 16
AVERAGE MONTHLY: 28.7 TOTAL FOR MONTH: 1.72 1 = FOG OR MIST
DPTR FM NORMAL: 5.5 DPTR FM NORMAL: -1.36 2 = FOG REDUCING VISIBILITY
HIGHEST: 64 ON 1 GRTST 24HR 0.70 ON 25-25 TO 1/4 MILE OR LESS
LOWEST: -4 ON 19 3 = THUNDER
SNOW, ICE PELLETS, HAIL 4 = ICE PELLETS
TOTAL MONTH: M 5 = HAIL
GRTST 24HR M ON M 6 = FREEZING RAIN OR DRIZZLE
GRTST DEPTH: M ON M 7 = DUSTSTORM OR SANDSTORM:
VSBY 1/2 MILE OR LESS
8 = SMOKE OR HAZE
[NO. OF DAYS WITH] [WEATHER - DAYS WITH] 9 = BLOWING SNOW
X = TORNADO
MAX 32 OR BELOW: 13 0.01 INCH OR MORE: 16
MAX 90 OR ABOVE: 0 0.10 INCH OR MORE: 3
MIN 32 OR BELOW: 29 0.50 INCH OR MORE: 1
MIN 0 OR BELOW: 2 1.00 INCH OR MORE: 0
[HDD (BASE 65) ]
TOTAL THIS MO. 1115 CLEAR (SCALE 0-3) 31
DPTR FM NORMAL -182 PTCLDY (SCALE 4-7) 0
TOTAL FM JUL 1 2724 CLOUDY (SCALE 8-10) 0
DPTR FM NORMAL -229
[CDD (BASE 65) ]
TOTAL THIS MO. 0
DPTR FM NORMAL 0 [PRESSURE DATA]
TOTAL FM JAN 1 546 HIGHEST SLP M ON M
DPTR FM NORMAL 113 LOWEST SLP M ON M
[REMARKS]
#FINAL-12-20#