000
CXUS51 KBTV 010800
CF61V4
PRELIMINARY LOCAL CLIMATOLOGICAL DATA (WS FORM: F-6)
STATION: SAINT JOHNSBURY VT ASOS
MONTH: NOVEMBER
YEAR: 2020
LATITUDE: 44 25 N
LONGITUDE: 72 1 W
TEMPERATURE IN F: :PCPN: SNOW: WIND :SUNSHINE: SKY :PK WND
================================================================================
1 2 3 4 5 6A 6B 7 8 9 10 11 12 13 14 15 16 17 18
12Z AVG MX 2MIN
DY MAX MIN AVG DEP HDD CDD WTR SNW DPTH SPD SPD DIR MIN PSBL S-S WX SPD DR
================================================================================
1 47 29 38 -4 27 0 0.16 M M M M M M M 0 M M
2 39 27 33 -8 32 0 0.08 M M M M M M M 0 M M
3 33 24 29 -12 36 0 0.11 M M M M M M M 0 M M
4 46 25 36 -4 29 0 0.00 M M M M M M M 0 M M
5 65 28 47 7 18 0 0.00 M M M M M M M 0 M M
6 70 41 56 16 9 0 0.00 M M M M M M M 0 M M
7 70 36 53 13 12 0 0.00 M M M M M M M 0 M M
8 70 36 53 14 12 0 0.00 M M M M M M M 0 M M
9 67 36 52 13 13 0 0.00 M M M M M M M 0 M M
10 71 36 54 16 11 0 0.00 M M M M M M M 0 M M
11 66 39 53 15 12 0 0.03 M M M M M M M 0 M M
12 61 29 45 7 20 0 0.00 M M M M M M M 0 M M
13 37 25 31 -6 34 0 0.00 M M M M M M M 0 M M
14 41 27 34 -3 31 0 0.00 M M M M M M M 0 M M
15 45 21 33 -3 32 0 0.66 M M M M M M M 0 M M
16 46 35 41 5 24 0 0.03 M M M M M M M 0 M M
17 37 27 32 -4 33 0 0.07 M M M M M M M 0 M M
18 26 20 23 -12 42 0 0.00 M M M M M M M 0 M M
19 36 17 27 -8 38 0 0.00 M M M M M M M 0 M M
20 53 33 43 9 22 0 0.00 M M M M M M M 0 M M
21 47 31 39 5 26 0 0.00 M M M M M M M 0 M M
22 37 22 30 -4 35 0 0.00 M M M M M M M 0 M M
23 42 32 37 4 28 0 0.83 M M M M M M M 0 M M
24 32 17 25 -8 40 0 0.00 M M M M M M M 0 M M
25 35 18 27 -5 38 0 0.08 M M M M M M M 0 M M
26 37 32 35 3 30 0 0.22 M M M M M M M 0 M M
27 44 36 40 9 25 0 0.02 M M M M M M M 0 M M
28 42 33 38 7 27 0 0.03 M M M M M M M 0 M M
29 46 29 38 8 27 0 0.00 M M M M M M M 0 M M
30 54 26 40 10 25 0 0.86 M M M M M M M 0 M M
================================================================================
SM 1442 867 788 0 3.18 M M M 0
================================================================================
AV 48.1 28.9 M FASTST M M 0 MAX(MPH)
MISC ----> M M M M
================================================================================
NOTES:
# LAST OF SEVERAL OCCURRENCES
COLUMN 17 PEAK WIND IN M.P.H.
PRELIMINARY LOCAL CLIMATOLOGICAL DATA (WS FORM: F-6) , PAGE 2
STATION: SAINT JOHNSBURY VT ASOS
MONTH: NOVEMBER
YEAR: 2020
LATITUDE: 44 25 N
LONGITUDE: 72 1 W
[TEMPERATURE DATA] [PRECIPITATION DATA] SYMBOLS USED IN COLUMN 16
AVERAGE MONTHLY: 38.5 TOTAL FOR MONTH: 3.18 1 = FOG OR MIST
DPTR FM NORMAL: 2.4 DPTR FM NORMAL: -0.22 2 = FOG REDUCING VISIBILITY
HIGHEST: 71 ON 10 GRTST 24HR 0.86 ON 30-30 TO 1/4 MILE OR LESS
LOWEST: 17 ON 24,19 3 = THUNDER
SNOW, ICE PELLETS, HAIL 4 = ICE PELLETS
TOTAL MONTH: M 5 = HAIL
GRTST 24HR M ON M 6 = FREEZING RAIN OR DRIZZLE
GRTST DEPTH: M ON M 7 = DUSTSTORM OR SANDSTORM:
VSBY 1/2 MILE OR LESS
8 = SMOKE OR HAZE
[NO. OF DAYS WITH] [WEATHER - DAYS WITH] 9 = BLOWING SNOW
X = TORNADO
MAX 32 OR BELOW: 2 0.01 INCH OR MORE: 13
MAX 90 OR ABOVE: 0 0.10 INCH OR MORE: 6
MIN 32 OR BELOW: 20 0.50 INCH OR MORE: 3
MIN 0 OR BELOW: 0 1.00 INCH OR MORE: 0
[HDD (BASE 65) ]
TOTAL THIS MO. 788 CLEAR (SCALE 0-3) 30
DPTR FM NORMAL -81 PTCLDY (SCALE 4-7) 0
TOTAL FM JUL 1 1609 CLOUDY (SCALE 8-10) 0
DPTR FM NORMAL -47
[CDD (BASE 65) ]
TOTAL THIS MO. 0
DPTR FM NORMAL 0 [PRESSURE DATA]
TOTAL FM JAN 1 546 HIGHEST SLP M ON M
DPTR FM NORMAL 113 LOWEST SLP 30.16 ON 5
[REMARKS]
#FINAL-11-20#