000
CXUS55 KGJT 011140
CLMASE
CLIMATE REPORT
NATIONAL WEATHER SERVICE GRAND JUNCTION CO
540 AM MDT TUE AUG 01 2023
...................................
...THE ASPEN CO CLIMATE SUMMARY FOR THE MONTH OF JULY 2023...
CLIMATE NORMAL PERIOD 1991 TO 2020
CLIMATE RECORD PERIOD 9999 TO 9999
WEATHER OBSERVED NORMAL DEPART LAST YEAR`S
VALUE DATE(S) VALUE FROM VALUE DATE(S)
NORMAL
................................................................
TEMPERATURE (F)
HIGHEST 91 07/24 MM MM 89 07/17
LOWEST 38 07/01 MM MM 45 07/01
07/02
07/07
AVG. MAXIMUM 83.7 82.2 1.5 81.5
AVG. MINIMUM 47.5 48.3 -0.8 50.0
MEAN 65.6 65.2 0.4 65.8
DAYS MAX >= 90 2 1.3 0.7 0
DAYS MAX <= 32 0 0.0 0.0 0
DAYS MIN <= 32 0 0.0 0.0 0
DAYS MIN <= 0 0 0.0 0.0 0
PRECIPITATION (INCHES)
TOTALS 1.13 1.64 -0.51 1.71
DAILY AVG. 0.04 0.05 -0.01 0.06
DAYS >= .01 5 12.0 -7.0 12
DAYS >= .10 1 6.1 -5.1 7
DAYS >= .50 1 0.6 0.4 1
DAYS >= 1.00 1 0.0 1.0 0
GREATEST
24 HR. TOTAL 1.02 07/31 TO 07/31 0.52
SNOWFALL (INCHES)
TOTALS MM MM MM MM
SINCE 7/1 MM MM MM MM
SNOWDEPTH AVG. MM MM
DAYS >= 1.0 MM MM MM MM
GREATEST
SNOW DEPTH MM MM MM
24 HR TOTAL MM MM
DEGREE DAYS
HEATING TOTAL 28 40 -12 26
SINCE 7/1 28 39 -11 26
COOLING TOTAL 55 47 8 57
SINCE 1/1 55 60 -5 68
................................................................
WIND (MPH)
AVERAGE WIND SPEED 7.0
HIGHEST WIND SPEED/DIRECTION 28/180 DATE 07/29
HIGHEST GUST SPEED/DIRECTION 48/340 DATE 07/20
SKY COVER
POSSIBLE SUNSHINE (PERCENT) MM
AVERAGE SKY COVER 0.11
NUMBER OF DAYS FAIR 31
NUMBER OF DAYS PC 0
NUMBER OF DAYS CLOUDY 0
AVERAGE RH (PERCENT) 39
WEATHER CONDITIONS. NUMBER OF DAYS WITH
THUNDERSTORM 11 MIXED PRECIP 0
HEAVY RAIN 2 RAIN 1
LIGHT RAIN 15 FREEZING RAIN 0
LT FREEZING RAIN 0 HAIL 0
HEAVY SNOW 0 SNOW 0
LIGHT SNOW 0 SLEET 0
FOG 0 FOG W/VIS <= 1/4 MILE 0
HAZE 2
- INDICATES NEGATIVE NUMBERS.
R INDICATES RECORD WAS SET OR TIED.
MM INDICATES DATA IS MISSING.
T INDICATES TRACE AMOUNT.
$$