000
CXUS51 KBGM 141358
CF6AVP
PRELIMINARY LOCAL CLIMATOLOGICAL DATA (WS FORM: F-6)
STATION: AVOCA PA
MONTH: AUGUST
YEAR: 2020
LATITUDE: 41 19 N
LONGITUDE: 75 44 W
TEMPERATURE IN F: :PCPN: SNOW: WIND :SUNSHINE: SKY :PK WND
================================================================================
1 2 3 4 5 6A 6B 7 8 9 10 11 12 13 14 15 16 17 18
12Z AVG MX 2MIN
DY MAX MIN AVG DEP HDD CDD WTR SNW DPTH SPD SPD DIR MIN PSBL S-S WX SPD DR
================================================================================
1 89 62 76 5 0 11 T 0.0 M 3.3 12 250 M M 2 15 280
2 92 74 83 12 0 18 T 0.0 M 8.4 21 220 M M 4 30 220
3 87 70 79 8 0 14 T 0.0 M 5.9 16 250 M M 3 21 270
4 76 67 72 1 0 7 2.54 0.0 M 5.8 21 340 M M 7 1 28 330
5 83 63 73 2 0 8 0.00 0.0 M 7.7 16 260 M M 4 22 280
6 82 59 71 0 0 6 T 0.0 M 3.1 8 220 M M 5 12 360
7 79 67 73 2 0 8 0.08 0.0 M 2.9 13 330 M M 6 1 17 130
8 87 63 75 4 0 10 0.00 0.0 M 3.3 9 300 M M 2 12 250
9 88 67 78 7 0 13 0.00 0.0 M 5.8 15 220 M M 0 23 260
10 91 66 79 9 0 14 0.00 0.0 M 4.3 15 270 M M 0 26 250
11 91 69 80 10 0 15 0.00 0.0 M 5.8 16 20 M M 2 1 22 10
12 88 69 79 9 0 14 0.10 0.0 M 3.4 10 50 M M 5 1 13 10
13 88 65 77 7 0 12 0.00 0.0 M 3.6 9 70 M M 1 11 70
14 88 64 76 6 0 11 0.00 0.0 M 4.2 13 40 M M 1 22 60
15 85 66 76 6 0 11 0.00 0.0 M 4.1 10 80 M M 3 15 120
16 80 63 72 2 0 7 0.00 0.0 M 5.1 12 120 M M 5 17 60
17 84 60 72 2 0 7 0.78 0.0 M 5.8 30 330 M M 6 13 39 330
18 81 60 71 1 0 6 0.03 0.0 M 3.5 12 340 M M 5 1 15 20
19 79 57 68 -2 0 3 0.00 0.0 M 6.4 16 330 M M 3 21 330
20 80 50 65 -4 0 0 0.00 0.0 M 3.0 10 240 M M 0 13 200
21 86 59 73 4 0 8 0.00 0.0 M 4.7 14 260 M M 0 18 220
22 90 66 78 9 0 13 0.00 0.0 M 2.7 10 240 M M 0 14 160
23 88 68 78 9 0 13 0.00 0.0 M 3.6 10 240 M M 0 13 220
24 87 67 77 8 0 12 0.11 0.0 M 2.7 15 280 M M 0 13 17 280
25 89 65 77 8 0 12 T 0.0 M 7.3 20 360 M M 2 1 27 340
26 77 61 69 1 0 4 0.00 0.0 M 5.7 17 320 M M 4 24 320
27 94 64 79 11 0 14 0.23 0.0 M 8.9 24 260 M M 3 13 34 270
28 85 69 77 9 0 12 0.42 0.0 M 4.8 14 250 M M 6 1 16 250
29 84 66 75 7 0 10 0.20 0.0 M 6.0 20 320 M M 5 1 25 320
30 77 57 67 -1 0 2 0.00 0.0 M 7.8 18 290 M M 5 23 300
31 77 55 66 -1 0 1 0.00 0.0 M 4.0 13 200 M M 6 19 180
================================================================================
SM 2632 1978 0 296 4.49 0.0 153.6 M 95
================================================================================
AV 84.9 63.8 5.0 FASTST M M 3 MAX(MPH)
MISC ----> # 30 330 # 39 330
================================================================================
NOTES:
# LAST OF SEVERAL OCCURRENCES
COLUMN 17 PEAK WIND IN M.P.H.
PRELIMINARY LOCAL CLIMATOLOGICAL DATA (WS FORM: F-6) , PAGE 2
STATION: AVOCA PA
MONTH: AUGUST
YEAR: 2020
LATITUDE: 41 19 N
LONGITUDE: 75 44 W
[TEMPERATURE DATA] [PRECIPITATION DATA] SYMBOLS USED IN COLUMN 16
AVERAGE MONTHLY: 74.4 TOTAL FOR MONTH: 4.49 1 = FOG OR MIST
DPTR FM NORMAL: 4.7 DPTR FM NORMAL: 1.08 2 = FOG REDUCING VISIBILITY
HIGHEST: 94 ON 27 GRTST 24HR 2.54 ON 4- 4 TO 1/4 MILE OR LESS
LOWEST: 50 ON 20 3 = THUNDER
SNOW, ICE PELLETS, HAIL 4 = ICE PELLETS
TOTAL MONTH: 0.0 INCH 5 = HAIL
GRTST 24HR 0.0 6 = FREEZING RAIN OR DRIZZLE
GRTST DEPTH: M ON M 7 = DUSTSTORM OR SANDSTORM:
VSBY 1/2 MILE OR LESS
8 = SMOKE OR HAZE
[NO. OF DAYS WITH] [WEATHER - DAYS WITH] 9 = BLOWING SNOW
X = TORNADO
MAX 32 OR BELOW: 0 0.01 INCH OR MORE: 9
MAX 90 OR ABOVE: 5 0.10 INCH OR MORE: 7
MIN 32 OR BELOW: 0 0.50 INCH OR MORE: 2
MIN 0 OR BELOW: 0 1.00 INCH OR MORE: 1
[HDD (BASE 65) ]
TOTAL THIS MO. 0 CLEAR (SCALE 0-3) 16
DPTR FM NORMAL -18 PTCLDY (SCALE 4-7) 15
TOTAL FM JUL 1 0 CLOUDY (SCALE 8-10) 0
DPTR FM NORMAL -26
[CDD (BASE 65) ]
TOTAL THIS MO. 296
DPTR FM NORMAL 132 [PRESSURE DATA]
TOTAL FM JAN 1 956 HIGHEST SLP 30.19 ON 8
DPTR FM NORMAL 432 LOWEST SLP 29.44 ON 29
[REMARKS]
#FINAL-08-20#