000
CXUS53 KIND 010600
CF6EYE
PRELIMINARY LOCAL CLIMATOLOGICAL DATA (WS FORM: F-6)
STATION: INDIANAPOLIS EAGLE CREEK IN
MONTH: MARCH
YEAR: 2020
LATITUDE: 39 49 N
LONGITUDE: 86 18 W
TEMPERATURE IN F: :PCPN: SNOW: WIND :SUNSHINE: SKY :PK WND
================================================================================
1 2 3 4 5 6A 6B 7 8 9 10 11 12 13 14 15 16 17 18
12Z AVG MX 2MIN
DY MAX MIN AVG DEP HDD CDD WTR SNW DPTH SPD SPD DIR MIN PSBL S-S WX SPD DR
================================================================================
1 62 25 44 7 21 0 0.00 M M 8.3 21 220 M M 2 40 230
2 56 47 52 15 13 0 0.07 M M 4.8 18 220 M M 10 1 30 220
3 55 38 47 10 18 0 0.15 M M 10.0 25 280 M M 5 13 39 230
4 53 31 42 4 23 0 0.00 M M 7.6 22 300 M M 2 31 280
5 59 28 44 6 21 0 T M M 7.7 18 290 M M 1 1 28 210
6 42 28 35 -3 30 0 T M M 16.7 28 330 M M 9 40 320
7 50 21 36 -3 29 0 0.00 M M 4.1 12 160 M M 0 17 160
8 66 30 48 9 17 0 0.00 M M 7.1 20 210 M M 0 29 220
9 65 53 59 19 6 0 0.04 M M 11.9 23 200 M M 6 1 37 180
10 57 38 48 8 17 0 0.12 M M 9.3 24 290 M M 10 1 32 300
11 46 39 43 3 22 0 T M M 2.3 10 210 M M 10 1 15 200
12 59 44 52 11 13 0 0.01 M M 5.3 20 300 M M 8 18 24 300
13 55 36 46 5 19 0 T M M 13.9 26 310 M M 2 37 300
14 42 33 38 -4 27 0 0.19 M M 7.3 15 80 M M 9 18 20 80
15 46 33 40 -2 25 0 0.00 M M 8.2 16 40 M M 8 24 30
16 46 38 42 0 23 0 T M M 4.5 9 200 M M 10 15 180
17 53 37 45 2 20 0 0.00 M M 6.6 17 290 M M 6 1 25 310
18 51 39 45 2 20 0 0.30 M M 5.8 13 100 M M 7 1 17 110
19 67 45 56 12 9 0 0.33 M M 8.5 25 200 M M 9 1 45 200
20 67 31 49 5 16 0 0.16 M M 14.0 25 320 M M 9 1 42 290
21 35 30 33 -11 32 0 0.00 M M 7.5 17 10 M M 10 24 10
22 37 27 32 -13 33 0 0.06 M M 6.7 13 100 M M 7 1 18 110
23 42 36 39 -6 26 0 0.00 M M 5.0 15 310 M M 10 1 19 320
24 50 36 43 -3 22 0 T M M 6.7 16 10 M M 8 1 24 20
25 61 31 46 0 19 0 0.00 M M 4.1 10 150 M M 2 128 17 170
26 66 40 53 7 12 0 T M M 5.2 15 10 M M 4 1 23 150
27 59 51 55 8 10 0 0.22 M M 7.3 16 70 M M 9 1 22 70
28 74 57 66 19 0 1 1.24 M M 6.6 22 280 M M 7 13 38 280
29 66 51 59 12 6 0 T M M 12.3 25 220 M M 6 45 220
30 59 42 51 3 14 0 0.00 M M 14.2 26 290 M M 1 38 280
31 43 38 41 -7 24 0 T M M 6.9 16 330 M M 7 1 20 320
================================================================================
SM 1689 1153 587 1 2.89 M 246.4 M 194
================================================================================
AV 54.5 37.2 7.9 FASTST M M 6 MAX(MPH)
MISC ----> 28 330 # 45 200
================================================================================
NOTES:
# LAST OF SEVERAL OCCURRENCES
COLUMN 17 PEAK WIND IN M.P.H.
PRELIMINARY LOCAL CLIMATOLOGICAL DATA (WS FORM: F-6) , PAGE 2
STATION: INDIANAPOLIS EAGLE CREEK IN
MONTH: MARCH
YEAR: 2020
LATITUDE: 39 49 N
LONGITUDE: 86 18 W
[TEMPERATURE DATA] [PRECIPITATION DATA] SYMBOLS USED IN COLUMN 16
AVERAGE MONTHLY: 45.8 TOTAL FOR MONTH: 2.89 1 = FOG OR MIST
DPTR FM NORMAL: 3.4 DPTR FM NORMAL: -0.41 2 = FOG REDUCING VISIBILITY
HIGHEST: 74 ON 28 GRTST 24HR 1.24 ON 27-28 TO 1/4 MILE OR LESS
LOWEST: 21 ON 7 3 = THUNDER
SNOW, ICE PELLETS, HAIL 4 = ICE PELLETS
TOTAL MONTH: M 5 = HAIL
GRTST 24HR M ON M 6 = FREEZING RAIN OR DRIZZLE
GRTST DEPTH: M ON M 7 = DUSTSTORM OR SANDSTORM:
VSBY 1/2 MILE OR LESS
8 = SMOKE OR HAZE
[NO. OF DAYS WITH] [WEATHER - DAYS WITH] 9 = BLOWING SNOW
X = TORNADO
MAX 32 OR BELOW: 0 0.01 INCH OR MORE: 12
MAX 90 OR ABOVE: 0 0.10 INCH OR MORE: 8
MIN 32 OR BELOW: 10 0.50 INCH OR MORE: 1
MIN 0 OR BELOW: 0 1.00 INCH OR MORE: 1
[HDD (BASE 65) ]
TOTAL THIS MO. 587 CLEAR (SCALE 0-3) 8
DPTR FM NORMAL -113 PTCLDY (SCALE 4-7) 11
TOTAL FM JUL 1 4416 CLOUDY (SCALE 8-10) 12
DPTR FM NORMAL -407
[CDD (BASE 65) ]
TOTAL THIS MO. 1
DPTR FM NORMAL 0 [PRESSURE DATA]
TOTAL FM JAN 1 1 HIGHEST SLP M ON M
DPTR FM NORMAL 0 LOWEST SLP 29.55 ON 29
[REMARKS]
#FINAL-03-20#