000
CXUS52 KFFC 011010
CF6FFC
PRELIMINARY LOCAL CLIMATOLOGICAL DATA (WS FORM: F-6)
STATION: PEACHTREE CITY
MONTH: SEPTEMBER
YEAR: 2020
LATITUDE: 33 20 N
LONGITUDE: 84 34 W
TEMPERATURE IN F: :PCPN: SNOW: WIND :SUNSHINE: SKY :PK WND
================================================================================
1 2 3 4 5 6A 6B 7 8 9 10 11 12 13 14 15 16 17 18
12Z AVG MX 2MIN
DY MAX MIN AVG DEP HDD CDD WTR SNW DPTH SPD SPD DIR MIN PSBL S-S WX SPD DR
================================================================================
1 91 72 82 5 0 17 T M M 1.9 15 340 M M 1 138 19 320
2 88 73 81 5 0 16 0.00 M M 2.3 10 260 M M 3 18 15 260
3 91 68 80 4 0 15 0.00 M M 2.7 12 310 M M 0 18 17 280
4 92 69 81 5 0 16 0.00 0.0 M 3.4 13 310 M M 0 18 18 300
5 89 64 77 1 0 12 0.00 M M 5.5 15 330 M M 0 19 330
6 85 61 73 -2 0 8 0.00 M M 3.0 13 50 M M 0 1 20 90
7 86 57 72 -3 0 7 0.00 M M 2.3 9 120 M M 0 1 14 130
8 86 61 74 -1 0 9 0.00 M M 2.9 12 120 M M 2 18 16 90
9 84 62 73 -2 0 8 0.00 M M 2.6 13 120 M M 5 1 19 90
10 88 72 80 6 0 15 T M M 3.5 9 80 M M 7 1 13 90
11 92 70 81 7 0 16 0.00 0.0 M 2.6 9 50 M M 3 1 15 60
12 88 72 80 6 0 15 0.04 0.0 M 5.6 17 120 M M 5 138 23 120
13 88 72 80 7 0 15 0.00 0.0 M 5.9 14 130 M M 5 18 130
14 87 70 79 6 0 14 0.00 0.0 M 3.3 15 50 M M 3 1 21 50
15 77 69 73 0 0 8 0.13 0.0 M 6.6 13 90 M M 9 1 20 70
16 70 63 67 -5 0 2 1.81 0.0 M 7.9 15 50 M M 9 18 24 50
17 76 67 72 0 0 7 2.24 M M 6.4 15 50 M M 10 18 24 30
18 83 66 75 3 0 10 0.00 M M 3.8 14 330 M M 3 1 17 330
19 70 62 66 -5 0 1 0.00 M M 5.5 13 80 M M 2 8 18 90
20 73 55 64 -7 1 0 0.00 M M 7.1 16 60 M M 0 24 40
21 71 51 61 -9 4 0 0.00 M M 6.6 17 90 M M 0 26 80
22 73 48 61 -9 4 0 0.00 M M 1.7 12 70 M M 1 19 80
23 78 57 68 -2 0 3 0.00 0.0 M 0.6 7 170 M M 5 1 10 150
24 70 61 66 -3 0 1 1.15 M M 5.6 14 120 M M 8 1 19 120
25 76 66 71 2 0 6 0.00 M M 2.6 10 150 M M 10 1 16 360
26 81 64 73 5 0 8 0.00 0.0 M 0.7 7 310 M M 7 12 11 180
27 82 65 74 6 0 9 0.85 M M 1.9 10 180 M M 6 123 19 170
28 83 69 76 8 0 11 0.01 M M 2.3 15 310 M M 7 13 20 300
29 70 52 61 -6 4 0 0.20 M M 6.5 16 310 M M 7 1 22 300
30 73 47 60 -7 5 0 0.00 M M 3.0 15 310 M M 0 1 18 310
================================================================================
SM 2441 1905 18 249 6.43 0.0 116.3 M 118
================================================================================
AV 81.4 63.5 3.9 FASTST M M 4 MAX(MPH)
MISC ----> # 17 120 26 80
================================================================================
NOTES:
# LAST OF SEVERAL OCCURRENCES
COLUMN 17 PEAK WIND IN M.P.H.
PRELIMINARY LOCAL CLIMATOLOGICAL DATA (WS FORM: F-6) , PAGE 2
STATION: PEACHTREE CITY
MONTH: SEPTEMBER
YEAR: 2020
LATITUDE: 33 20 N
LONGITUDE: 84 34 W
[TEMPERATURE DATA] [PRECIPITATION DATA] SYMBOLS USED IN COLUMN 16
AVERAGE MONTHLY: 72.4 TOTAL FOR MONTH: 6.43 1 = FOG OR MIST
DPTR FM NORMAL: 0.2 DPTR FM NORMAL: 2.59 2 = FOG REDUCING VISIBILITY
HIGHEST: 92 ON 11, 4 GRTST 24HR 3.91 ON 16-17 TO 1/4 MILE OR LESS
LOWEST: 47 ON 30 3 = THUNDER
SNOW, ICE PELLETS, HAIL 4 = ICE PELLETS
TOTAL MONTH: 0.0 INCH 5 = HAIL
GRTST 24HR 0.0 6 = FREEZING RAIN OR DRIZZLE
GRTST DEPTH: M ON M 7 = DUSTSTORM OR SANDSTORM:
VSBY 1/2 MILE OR LESS
8 = SMOKE OR HAZE
[NO. OF DAYS WITH] [WEATHER - DAYS WITH] 9 = BLOWING SNOW
X = TORNADO
MAX 32 OR BELOW: 0 0.01 INCH OR MORE: 8
MAX 90 OR ABOVE: 4 0.10 INCH OR MORE: 6
MIN 32 OR BELOW: 0 0.50 INCH OR MORE: 4
MIN 0 OR BELOW: 0 1.00 INCH OR MORE: 3
[HDD (BASE 65) ]
TOTAL THIS MO. 18 CLEAR (SCALE 0-3) 16
DPTR FM NORMAL 5 PTCLDY (SCALE 4-7) 10
TOTAL FM JUL 1 18 CLOUDY (SCALE 8-10) 4
DPTR FM NORMAL 6
[CDD (BASE 65) ]
TOTAL THIS MO. 249
DPTR FM NORMAL 21 [PRESSURE DATA]
TOTAL FM JAN 1 1832 HIGHEST SLP 30.39 ON 21
DPTR FM NORMAL 224 LOWEST SLP 29.70 ON 17
[REMARKS]
#FINAL-09-20#