000
CXUS53 KDTX 010635
CF6FNT
PRELIMINARY LOCAL CLIMATOLOGICAL DATA (WS FORM: F-6)
STATION: FLINT MI
MONTH: SEPTEMBER
YEAR: 2023
LATITUDE: 42 58 N
LONGITUDE: 83 44 W
TEMPERATURE IN F: :PCPN: SNOW: WIND :SUNSHINE: SKY :PK WND
================================================================================
1 2 3 4 5 6A 6B 7 8 9 10 11 12 13 14 15 16 17 18
12Z AVG MX 2MIN
DY MAX MIN AVG DEP HDD CDD WTR SNW DPTH SPD SPD DIR MIN PSBL S-S WX SPD DR
================================================================================
1 78 48 63 -3 2 0 0.00 0.0 0 5.3 16 150 M M 0 21 150
2 79 57 68 2 0 3 0.00 0.0 0 6.4 16 200 M M 0 22 190
3 86 64 75 9 0 10 0.00 0.0 0 8.7 17 220 M M 0 25 260
4 88 69 79 13 0 14 0.00 0.0 0 7.4 16 250 M M 0 22 230
5 89 72 81 16 0 16 T 0.0 0 7.1 18 200 M M 3 3 27 190
6 80 67 74 9 0 9 0.51 0.0 0 7.0 28 280 M M 4 13 36 280
7 74 59 67 2 0 2 0.01 0.0 0 8.3 15 350 M M 9 18 20 350
8 66 58 62 -2 3 0 0.00 0.0 0 6.8 13 350 M M 10 1 17 360
9 71 53 62 -2 3 0 0.00 0.0 0 4.2 13 360 M M 6 12 17 340
10 74 50 62 -2 3 0 0.00 0.0 0 2.9 9 10 M M 4 12 13 10
11 71 50 61 -3 4 0 0.10 0.0 0 3.2 12 190 M M 5 12 18 170
12 70 51 61 -2 4 0 0.09 0.0 0 8.1 16 300 M M 7 1 22 300
13 63 44 54 -9 11 0 0.00 0.0 0 4.5 12 10 M M 4 15 340
14 71 43 57 -5 8 0 0.00 0.0 0 1.5 8 340 M M 3 12 11 320
15 72 48 60 -2 5 0 0.00 0.0 0 4.0 13 160 M M 4 1 16 170
16 71 45 58 -4 7 0 0.02 0.0 0 3.3 10 240 M M 2 12 14 220
17 70 55 63 2 2 0 T 0.0 0 4.5 16 350 M M 7 13 20 350
18 68 50 59 -2 6 0 0.00 0.0 0 5.7 13 330 M M 9 17 320
19 70 44 57 -4 8 0 0.00 0.0 0 3.5 10 300 M M 3 12 14 270
20 76 55 66 6 0 1 T 0.0 0 4.7 14 180 M M 6 18 180
21 82 56 69 9 0 4 0.00 0.0 0 4.7 10 200 M M 1 1 14 190
22 79 57 68 8 0 3 0.00 0.0 0 4.8 14 120 M M 2 19 120
23 73 51 62 3 3 0 0.00 0.0 0 8.2 17 90 M M 1 23 100
24 76 47 62 3 3 0 0.00 0.0 0 7.3 15 70 M M 1 19 50
25 68 60 64 6 1 0 0.03 0.0 0 6.6 16 90 M M 10 18 20 80
26 67 58 63 5 2 0 0.01 0.0 0 6.3 13 100 M M 10 13 22 100
27 64 56 60 2 5 0 0.16 0.0 0 10.0 15 90 M M 10 1 20 80
28 63 56 60 3 5 0 0.18 0.0 0 7.4 12 70 M M 10 1 16 70
29 69 53 61 4 4 0 0.00 0.0 0 3.7 8 60 M M 9 12 11 50
30 77 49 63 7 2 0 0.00 0.0 0 0.9 8 160 M M 4 12 12 190
================================================================================
SM 2205 1625 91 62 1.11 0.0 167.0 M 144
================================================================================
AV 73.5 54.2 5.6 FASTST M M 5 MAX(MPH)
MISC ----> 28 280 36 280
================================================================================
NOTES:
# LAST OF SEVERAL OCCURRENCES
COLUMN 17 PEAK WIND IN M.P.H.
PRELIMINARY LOCAL CLIMATOLOGICAL DATA (WS FORM: F-6) , PAGE 2
STATION: FLINT MI
MONTH: SEPTEMBER
YEAR: 2023
LATITUDE: 42 58 N
LONGITUDE: 83 44 W
[TEMPERATURE DATA] [PRECIPITATION DATA] SYMBOLS USED IN COLUMN 16
AVERAGE MONTHLY: 63.8 TOTAL FOR MONTH: 1.11 1 = FOG OR MIST
DPTR FM NORMAL: 2.1 DPTR FM NORMAL: -1.79 2 = FOG REDUCING VISIBILITY
HIGHEST: 89 ON 5 GRTST 24HR 0.52 ON 6- 7 TO 1/4 MILE OR LESS
LOWEST: 43 ON 14 3 = THUNDER
SNOW, ICE PELLETS, HAIL 4 = ICE PELLETS
TOTAL MONTH: 0.0 INCH 5 = HAIL
GRTST 24HR 0.0 6 = FREEZING RAIN OR DRIZZLE
GRTST DEPTH: 0 7 = DUSTSTORM OR SANDSTORM:
VSBY 1/2 MILE OR LESS
8 = SMOKE OR HAZE
[NO. OF DAYS WITH] [WEATHER - DAYS WITH] 9 = BLOWING SNOW
X = TORNADO
MAX 32 OR BELOW: 0 0.01 INCH OR MORE: 9
MAX 90 OR ABOVE: 0 0.10 INCH OR MORE: 4
MIN 32 OR BELOW: 0 0.50 INCH OR MORE: 1
MIN 0 OR BELOW: 0 1.00 INCH OR MORE: 0
[HDD (BASE 65) ]
TOTAL THIS MO. 91 CLEAR (SCALE 0-3) 12
DPTR FM NORMAL -61 PTCLDY (SCALE 4-7) 10
TOTAL FM JUL 1 118 CLOUDY (SCALE 8-10) 8
DPTR FM NORMAL -72
[CDD (BASE 65) ]
TOTAL THIS MO. 62
DPTR FM NORMAL 7 [PRESSURE DATA]
TOTAL FM JAN 1 517 HIGHEST SLP M ON M
DPTR FM NORMAL -42 LOWEST SLP 29.72 ON 6
[REMARKS]
#FINAL-09-23#