000
CXUS52 KMHX 021342
CF6HSE
PRELIMINARY LOCAL CLIMATOLOGICAL DATA (WS FORM: F-6)
STATION: CAPE HATTERAS NC
MONTH: DECEMBER
YEAR: 2022
LATITUDE: 35 13 N
LONGITUDE: 75 37 W
TEMPERATURE IN F: :PCPN: SNOW: WIND :SUNSHINE: SKY :PK WND
================================================================================
1 2 3 4 5 6A 6B 7 8 9 10 11 12 13 14 15 16 17 18
12Z AVG MX 2MIN
DY MAX MIN AVG DEP HDD CDD WTR SNW DPTH SPD SPD DIR MIN PSBL S-S WX SPD DR
================================================================================
1 56 46 51 -4 14 0 0.00 0.0 0 7.6 17 320 M M 0 32 330
2 63 44 54 -1 11 0 0.00 0.0 0 5.8 10 170 M M 0 18 40
3 69 59 64 10 1 0 0.03 0.0 0 8.1 16 210 M M 7 1 23 200
4 59 48 54 0 11 0 0.00 0.0 0 7.6 14 30 M M 1 23 40
5 65 47 56 2 9 0 0.01 0.0 0 6.9 15 180 M M 2 1 21 180
6 67 58 63 9 2 0 0.15 0.0 0 5.1 15 170 M M 10 1 19 190
7 71 63 67 13 0 2 T 0.0 0 5.7 12 200 M M 6 1 17 210
8 67 55 61 7 4 0 0.02 0.0 0 8.1 14 30 M M 9 1 25 30
9 57 50 54 1 11 0 T 0.0 0 9.3 15 30 M M 8 27 20
10 56 50 53 0 12 0 0.00 0.0 0 7.9 14 40 M M 0 22 30
11 59 51 55 2 10 0 0.00 0.0 0 4.0 9 30 M M 4 17 350
12 52 45 49 -4 16 0 0.00 0.0 0 8.2 13 10 M M 8 26 40
13 51 33 42 -11 23 0 0.00 0.0 0 6.9 14 10 M M 5 26 10
14 48 32 40 -12 25 0 T 0.0 0 4.4 10 40 M M 2 16 360
15 65 46 56 4 9 0 2.23 0.0 0 12.7 26 180 M M 9 1 37 170
16 53 44 49 -3 16 0 0.00 0.0 0 8.6 17 290 M M 4 28 290
17 53 46 50 -2 15 0 0.00 0.0 0 8.2 15 280 M M 1 28 280
18 51 42 47 -5 18 0 0.00 0.0 0 8.9 14 320 M M 0 26 320
19 44 37 41 -11 24 0 0.00 0.0 0 6.3 12 340 M M 0 22 330
20 46 41 44 -7 21 0 0.00 0.0 0 6.7 12 20 M M 0 19 30
21 51 42 47 -4 18 0 0.00 0.0 0 9.1 13 50 M M 8 22 50
22 63 51 57 6 8 0 0.53 0.0 0 17.2 39 150 M M 8 1238 54 140
23 60 29 45 -6 20 0 0.00 0.0 0 18.4 29 240 M M 4 18 42 290
24 30 22 26 -25 39 0 0.00 0.0 0 12.3 21 280 M M 1 35 270
25 38 28 33 -17 32 0 0.00 0.0 0 9.5 14 300 M M 0 25 290
26 39 28 34 -16 31 0 0.00 0.0 0 5.3 14 310 M M 0 20 300
27 47 36 42 -8 23 0 0.00 0.0 0 5.0 9 360 M M 1 16 350
28 52 31 42 -8 23 0 0.00 0.0 0 3.5 9 310 M M 0 13 350
29 61 31 46 -4 19 0 0.00 0.0 0 3.4 7 360 M M 0 18 10 350
30 67 40 54 4 11 0 0.17 0.0 0 6.1 14 160 M M 6 1 20 150
31 68 60 64 14 1 0 0.14 0.0 0 10.5 23 170 M M 9 123 31 170
================================================================================
SM 1728 1335 477 2 3.28 0.0 247.3 M 113
================================================================================
AV 55.7 43.1 8.0 FASTST M M 4 MAX(MPH)
MISC ----> 39 150 54 140
================================================================================
NOTES:
# LAST OF SEVERAL OCCURRENCES
COLUMN 17 PEAK WIND IN M.P.H.
PRELIMINARY LOCAL CLIMATOLOGICAL DATA (WS FORM: F-6) , PAGE 2
STATION: CAPE HATTERAS NC
MONTH: DECEMBER
YEAR: 2022
LATITUDE: 35 13 N
LONGITUDE: 75 37 W
[TEMPERATURE DATA] [PRECIPITATION DATA] SYMBOLS USED IN COLUMN 16
AVERAGE MONTHLY: 49.4 TOTAL FOR MONTH: 3.28 1 = FOG OR MIST
DPTR FM NORMAL: -2.7 DPTR FM NORMAL: -1.45 2 = FOG REDUCING VISIBILITY
HIGHEST: 71 ON 7 GRTST 24HR 2.23 ON 14-15 TO 1/4 MILE OR LESS
LOWEST: 22 ON 24 3 = THUNDER
SNOW, ICE PELLETS, HAIL 4 = ICE PELLETS
TOTAL MONTH: 0.0 INCH 5 = HAIL
GRTST 24HR 0.0 6 = FREEZING RAIN OR DRIZZLE
GRTST DEPTH: 0 7 = DUSTSTORM OR SANDSTORM:
VSBY 1/2 MILE OR LESS
8 = SMOKE OR HAZE
[NO. OF DAYS WITH] [WEATHER - DAYS WITH] 9 = BLOWING SNOW
X = TORNADO
MAX 32 OR BELOW: 1 0.01 INCH OR MORE: 8
MAX 90 OR ABOVE: 0 0.10 INCH OR MORE: 5
MIN 32 OR BELOW: 7 0.50 INCH OR MORE: 2
MIN 0 OR BELOW: 0 1.00 INCH OR MORE: 1
[HDD (BASE 65) ]
TOTAL THIS MO. 477 CLEAR (SCALE 0-3) 16
DPTR FM NORMAL 71 PTCLDY (SCALE 4-7) 11
TOTAL FM JUL 1 730 CLOUDY (SCALE 8-10) 4
DPTR FM NORMAL 59
[CDD (BASE 65) ]
TOTAL THIS MO. 2
DPTR FM NORMAL -4 [PRESSURE DATA]
TOTAL FM JAN 1 2150 HIGHEST SLP 30.56 ON 2
DPTR FM NORMAL 23 LOWEST SLP 29.52 ON 23
[REMARKS]
#FINAL-12-22#