330
CXUS56 KLOX 011814
CF6LAX
PRELIMINARY LOCAL CLIMATOLOGICAL DATA (WS FORM: F-6)
STATION: LOS ANGELES INTL AIRPORT CA
MONTH: DECEMBER
YEAR: 2020
LATITUDE: 33 55 N
LONGITUDE: 118 24 W
TEMPERATURE IN F: :PCPN: SNOW: WIND :SUNSHINE: SKY :PK WND
================================================================================
1 2 3 4 5 6A 6B 7 8 9 10 11 12 13 14 15 16 17 18
12Z AVG MX 2MIN
DY MAX MIN AVG DEP HDD CDD WTR SNW DPTH SPD SPD DIR MIN PSBL S-S WX SPD DR
================================================================================
1 72 48 60 2 5 0 0.00 0.0 0 4.8 12 260 M M 0 14 280
2 78 47 63 5 2 0 0.00 0.0 0 3.7 20 260 M M 2 8 21 270
3 75 49 62 4 3 0 0.00 0.0 0 3.8 12 60 M M 1 18 320
4 72 48 60 2 5 0 0.00 0.0 0 4.6 13 270 M M 1 16 270
5 71 46 59 2 6 0 0.00 0.0 0 4.8 14 270 M M 4 18 15 270
6 68 43 56 -1 9 0 0.00 0.0 0 4.4 12 270 M M 3 13 260
7 75 46 61 4 4 0 0.00 0.0 0 2.9 8 50 M M 7 8 11 150
8 82 54 68 11 0 3 0.00 0.0 0 3.9 15 120 M M 7 19 120
9 70 53 62 5 3 0 0.00 0.0 0 5.7 17 240 M M 5 8 24 230
10 64 48 56 -1 9 0 0.00 M M 4.7 15 110 M M 5 8 19 130
11 62 51 57 0 8 0 0.00 M M 4.8 15 270 M M 6 8 17 230
12 65 47 56 -1 9 0 0.00 M M 5.1 16 290 M M 4 18 22 290
13 69 49 59 3 6 0 0.00 M M 8.2 18 270 M M 5 21 280
14 67 53 60 4 5 0 0.00 M M 10.0 24 310 M M 5 32 310
15 68 46 57 1 8 0 0.00 M M 5.3 18 240 M M 2 21 240
16 71 49 60 4 5 0 0.00 M M 5.2 13 260 M M 1 17 240
17 62 49 56 0 9 0 0.01 M M 6.9 22 360 M M 5 18 30 330
18 65 48 57 1 8 0 0.00 M M 4.7 16 260 M M 1 19 250
19 70 46 58 2 7 0 0.00 M M 4.6 14 280 M M 0 17 290
20 77 48 63 7 2 0 0.00 M M 5.0 10 270 M M 0 10 270
21 80 53 67 11 0 2 0.00 M M 6.0 15 270 M M 1 17 280
22 68 50 59 3 6 0 0.00 M M 5.2 12 260 M M 6 128 15 280
23 67 49 58 2 7 0 0.00 M M 4.6 10 30 M M 9 18 14 80
24 63 54 59 3 6 0 0.01 M M 7.0 14 60 M M 8 19 60
25 75 49 62 6 3 0 0.00 M M 5.6 17 260 M M 3 20 270
26 65 45 55 -1 10 0 0.00 M M 4.5 15 250 M M 3 19 240
27 64 52 58 2 7 0 T M M 5.9 20 250 M M 8 12 22 260
28 55 45 50 -6 15 0 1.63 M M 7.4 26 260 M M 8 138 37 260
29 65 42 54 -2 11 0 0.00 M M 6.7 25 330 M M 2 33 320
30 68 43 56 0 9 0 0.00 M M 4.0 14 260 M M 3 17 270
31 68 43 56 0 9 0 0.00 M M 8.5 23 330 M M 3 27 320
================================================================================
SM 2141 1493 196 5 1.65 0.0 168.5 M 118
================================================================================
AV 69.1 48.2 5.4 FASTST M M 4 MAX(MPH)
MISC ----> 26 260 37 260
================================================================================
NOTES:
# LAST OF SEVERAL OCCURRENCES
COLUMN 17 PEAK WIND IN M.P.H.
PRELIMINARY LOCAL CLIMATOLOGICAL DATA (WS FORM: F-6) , PAGE 2
STATION: LOS ANGELES INTL AIRPORT CA
MONTH: DECEMBER
YEAR: 2020
LATITUDE: 33 55 N
LONGITUDE: 118 24 W
[TEMPERATURE DATA] [PRECIPITATION DATA] SYMBOLS USED IN COLUMN 16
AVERAGE MONTHLY: 58.6 TOTAL FOR MONTH: 1.65 1 = FOG OR MIST
DPTR FM NORMAL: 2.0 DPTR FM NORMAL: -0.40 2 = FOG REDUCING VISIBILITY
HIGHEST: 82 ON 8 GRTST 24HR 1.63 ON 27-28 TO 1/4 MILE OR LESS
LOWEST: 42 ON 29 3 = THUNDER
SNOW, ICE PELLETS, HAIL 4 = ICE PELLETS
TOTAL MONTH: 0.0 INCH 5 = HAIL
GRTST 24HR 0.0 6 = FREEZING RAIN OR DRIZZLE
GRTST DEPTH: 0 7 = DUSTSTORM OR SANDSTORM:
VSBY 1/2 MILE OR LESS
8 = SMOKE OR HAZE
[NO. OF DAYS WITH] [WEATHER - DAYS WITH] 9 = BLOWING SNOW
X = TORNADO
MAX 32 OR BELOW: 0 0.01 INCH OR MORE: 3
MAX 90 OR ABOVE: 0 0.10 INCH OR MORE: 1
MIN 32 OR BELOW: 0 0.50 INCH OR MORE: 1
MIN 0 OR BELOW: 0 1.00 INCH OR MORE: 1
[HDD (BASE 65) ]
TOTAL THIS MO. 196 CLEAR (SCALE 0-3) 14
DPTR FM NORMAL -64 PTCLDY (SCALE 4-7) 16
TOTAL FM JUL 1 356 CLOUDY (SCALE 8-10) 1
DPTR FM NORMAL -90
[CDD (BASE 65) ]
TOTAL THIS MO. 5
DPTR FM NORMAL 4 [PRESSURE DATA]
TOTAL FM JAN 1 886 HIGHEST SLP 30.30 ON 24
DPTR FM NORMAL 335 LOWEST SLP 29.83 ON 28
[REMARKS]
#FINAL-12-20#