000
CXUS54 KJAN 011510
CF6MEI
PRELIMINARY LOCAL CLIMATOLOGICAL DATA (WS FORM: F-6)
STATION: MERIDIAN
MONTH: DECEMBER
YEAR: 2021
LATITUDE: 32 19 N
LONGITUDE: 88 45 W
TEMPERATURE IN F: :PCPN: SNOW: WIND :SUNSHINE: SKY :PK WND
================================================================================
1 2 3 4 5 6A 6B 7 8 9 10 11 12 13 14 15 16 17 18
12Z AVG MX 2MIN
DY MAX MIN AVG DEP HDD CDD WTR SNW DPTH SPD SPD DIR MIN PSBL S-S WX SPD DR
================================================================================
1 75 42 59 7 6 0 0.00 0.0 0 5.4 16 200 M M 0 23 200
2 79 48 64 12 1 0 0.00 0.0 0 4.4 12 290 M M 2 128 17 280
3 77 47 62 10 3 0 0.00 0.0 0 3.9 14 230 M M 4 12 19 200
4 72 47 60 8 5 0 0.00 0.0 0 2.4 9 220 M M 8 12 11 230
5 79 55 67 15 0 2 0.00 0.0 0 6.3 17 210 M M 5 12 23 210
6 74 48 61 10 4 0 0.36 0.0 0 11.9 21 360 M M 9 13 27 360
7 48 43 46 -5 19 0 0.11 0.0 0 6.7 16 30 M M 9 18 21 30
8 60 39 50 -1 15 0 0.08 0.0 0 3.0 14 360 M M 5 1 17 350
9 68 37 53 2 12 0 0.12 0.0 0 4.5 12 190 M M 10 128 15 180
10 81 68 75 24 0 10 T 0.0 0 11.1 21 190 M M 9 1 27 190
11 76 45 61 11 4 0 0.68 0.0 0 10.4 23 310 M M 7 1 35 300
12 60 35 48 -2 17 0 0.00 0.0 0 5.4 14 30 M M 0 18 30
13 70 32 51 1 14 0 0.00 0.0 0 1.9 7 90 M M 1 10 80
14 74 45 60 10 5 0 0.00 0.0 0 1.2 8 120 M M 3 1 10 130
15 73 48 61 11 4 0 0.00 0.0 0 4.0 16 160 M M 1 1 22 170
16 74 57 66 16 0 1 0.00 0.0 0 5.0 13 170 M M 6 1 19 210
17 75 57 66 16 0 1 0.04 0.0 0 4.6 15 190 M M 9 128 20 180
18 76 63 70 20 0 5 0.36 0.0 0 5.8 16 350 M M 8 138 22 350
19 63 38 51 2 14 0 0.04 0.0 0 10.0 22 330 M M 7 1 30 330
20 47 37 42 -7 23 0 0.05 0.0 0 5.3 13 360 M M 5 1 16 350
21 54 35 45 -4 20 0 0.06 0.0 0 5.0 13 340 M M 7 18 16 340
22 63 32 48 -1 17 0 0.00 0.0 0 3.8 10 340 M M 0 1 17 10
23 67 31 49 0 16 0 0.00 0.0 0 3.8 13 190 M M 0 21 150
24 75 44 60 11 5 0 0.00 0.0 0 12.6 22 180 M M 2 32 200
25 76 58 67 19 0 2 0.00 0.0 0 8.8 18 220 M M 4 27 210
26 78 59 69 21 0 4 0.00 0.0 0 5.6 14 190 M M 6 1 18 190
27 79 63 71 23 0 6 0.00 0.0 0 9.1 21 220 M M 9 29 210
28 79 62 71 23 0 6 T 0.0 0 11.9 22 180 M M 9 18 28 180
29 84 66 75 27 0 10 T 0.0 0 10.4 22 200 M M 8 1 31 190
30 79 60 70 22 0 5 1.34 0.0 0 3.6 21 300 M M 6 1238 27 300
31 84 60 72 24 0 7 0.01 0.0 0 10.0 20 220 M M 7 1 28 230
================================================================================
SM 2219 1501 204 59 3.25 0.0 197.8 M 166
================================================================================
AV 71.6 48.4 6.4 FASTST M M 5 MAX(MPH)
MISC ----> 23 310 35 300
================================================================================
NOTES:
# LAST OF SEVERAL OCCURRENCES
COLUMN 17 PEAK WIND IN M.P.H.
PRELIMINARY LOCAL CLIMATOLOGICAL DATA (WS FORM: F-6) , PAGE 2
STATION: MERIDIAN
MONTH: DECEMBER
YEAR: 2021
LATITUDE: 32 19 N
LONGITUDE: 88 45 W
[TEMPERATURE DATA] [PRECIPITATION DATA] SYMBOLS USED IN COLUMN 16
AVERAGE MONTHLY: 60.0 TOTAL FOR MONTH: 3.25 1 = FOG OR MIST
DPTR FM NORMAL: 10.1 DPTR FM NORMAL: -2.02 2 = FOG REDUCING VISIBILITY
HIGHEST: 84 ON 31,29 GRTST 24HR 1.34 ON 30-30 TO 1/4 MILE OR LESS
LOWEST: 31 ON 23 3 = THUNDER
SNOW, ICE PELLETS, HAIL 4 = ICE PELLETS
TOTAL MONTH: 0.0 INCH 5 = HAIL
GRTST 24HR 0.0 6 = FREEZING RAIN OR DRIZZLE
GRTST DEPTH: 0 7 = DUSTSTORM OR SANDSTORM:
VSBY 1/2 MILE OR LESS
8 = SMOKE OR HAZE
[NO. OF DAYS WITH] [WEATHER - DAYS WITH] 9 = BLOWING SNOW
X = TORNADO
MAX 32 OR BELOW: 0 0.01 INCH OR MORE: 12
MAX 90 OR ABOVE: 0 0.10 INCH OR MORE: 6
MIN 32 OR BELOW: 3 0.50 INCH OR MORE: 2
MIN 0 OR BELOW: 0 1.00 INCH OR MORE: 1
[HDD (BASE 65) ]
TOTAL THIS MO. 204 CLEAR (SCALE 0-3) 8
DPTR FM NORMAL -275 PTCLDY (SCALE 4-7) 13
TOTAL FM JUL 1 599 CLOUDY (SCALE 8-10) 10
DPTR FM NORMAL -261
[CDD (BASE 65) ]
TOTAL THIS MO. 59
DPTR FM NORMAL 50 [PRESSURE DATA]
TOTAL FM JAN 1 2215 HIGHEST SLP 30.42 ON 14
DPTR FM NORMAL -263 LOWEST SLP 29.76 ON 28
[REMARKS]
#FINAL-12-21#