000
CXUS54 KBRO 010800
CF6MFE
PRELIMINARY LOCAL CLIMATOLOGICAL DATA (WS FORM: F-6)
STATION: MCALLEN
MONTH: MARCH
YEAR: 2023
LATITUDE: 26 10 N
LONGITUDE: 98 14 W
TEMPERATURE IN F: :PCPN: SNOW: WIND :SUNSHINE: SKY :PK WND
================================================================================
1 2 3 4 5 6A 6B 7 8 9 10 11 12 13 14 15 16 17 18
12Z AVG MX 2MIN
DY MAX MIN AVG DEP HDD CDD WTR SNW DPTH SPD SPD DIR MIN PSBL S-S WX SPD DR
================================================================================
1 99 70 85 15 0 20 0.00 0.0 0 15.5 24 130 M M 2 18 33 160
2 97 72 85 15 0 20 0.00 0.0 0 11.9 37 350 M M 2 8 50 10
3 86 55 71 1 0 6 0.00 0.0 0 10.1 40 350 M M 1 8 52 340
4 87 55 71 1 0 6 0.00 0.0 0 8.6 18 100 M M 0 24 100
5 88 59 74 3 0 9 0.00 0.0 0 9.8 21 120 M M 3 26 120
6 89 72 81 10 0 16 0.00 0.0 0 12.5 23 130 M M 7 30 160
7 91 72 82 11 0 17 0.00 0.0 0 16.1 28 130 M M 5 18 38 140
8 92 70 81 10 0 16 0.00 0.0 0 15.8 29 130 M M 3 38 130
9 91 71 81 9 0 16 0.00 0.0 0 14.2 24 140 M M 4 18 34 120
10 89 70 80 8 0 15 0.00 0.0 0 9.4 18 140 M M 5 1 25 120
11 93 69 81 9 0 16 0.00 0.0 0 13.5 23 140 M M 2 29 160
12 101 69 85 13 0 20 0.00 0.0 0 9.8 18 70 M M 0 1 27 70
13 78 64 71 -1 0 6 0.00 0.0 0 11.5 20 60 M M 7 32 40
14 72 65 69 -3 0 4 0.01 0.0 0 10.7 20 70 M M 10 18 25 70
15 79 67 73 0 0 8 0.07 0.0 0 12.8 22 120 M M 10 1 29 110
16 91 71 81 8 0 16 0.00 0.0 0 19.1 30 160 M M 6 42 160
17 75 54 65 -8 0 0 0.03 0.0 0 18.0 39 360 M M 5 58 360
18 61 48 55 -18 10 0 0.00 0.0 0 15.3 22 360 M M 10 29 30
19 53 45 49 -25 16 0 0.08 0.0 0 9.6 21 10 M M 10 30 360
20 69 50 60 -14 5 0 T 0.0 0 9.2 21 120 M M 10 28 130
21 86 65 76 2 0 11 0.05 0.0 0 16.2 29 150 M M 7 1 40 140
22 89 71 80 6 0 15 0.00 0.0 0 18.8 30 140 M M 7 39 130
23 92 73 83 9 0 18 0.00 0.0 0 20.9 33 160 M M 4 45 160
24 101 72 87 12 0 22 0.00 0.0 0 13.8 28 160 M M 3 8 39 170
25 92 67 80 5 0 15 0.00 0.0 0 9.7 21 10 M M 5 8 29 360
26 91 68 80 5 0 15 0.00 0.0 0 7.8 18 140 M M 5 18 23 130
27 86 70 78 3 0 13 0.00 0.0 0 8.8 14 130 M M 8 18 17 100
28 76 58 67 -8 0 2 2.91 0.0 M 8.5 26 20 M M 10 123 37 30
29 67 54 61 -15 4 0 0.41 0.0 M 6.6 15 290 M M 10 3 22 300
30 84 63 74 -2 0 9 0.00 0.0 0 10.6 28 140 M M 6 18 35 130
31 88 73 81 5 0 16 0.00 0.0 0 12.3 24 130 M M 5 18 31 150
================================================================================
SM 2633 2002 35 347 3.56 0.0 387.4 M 172
================================================================================
AV 84.9 64.6 12.5 FASTST M M 6 MAX(MPH)
MISC ----> 40 350 58 360
================================================================================
NOTES:
# LAST OF SEVERAL OCCURRENCES
COLUMN 17 PEAK WIND IN M.P.H.
PRELIMINARY LOCAL CLIMATOLOGICAL DATA (WS FORM: F-6) , PAGE 2
STATION: MCALLEN
MONTH: MARCH
YEAR: 2023
LATITUDE: 26 10 N
LONGITUDE: 98 14 W
[TEMPERATURE DATA] [PRECIPITATION DATA] SYMBOLS USED IN COLUMN 16
AVERAGE MONTHLY: 74.8 TOTAL FOR MONTH: 3.56 1 = FOG OR MIST
DPTR FM NORMAL: 1.9 DPTR FM NORMAL: 2.18 2 = FOG REDUCING VISIBILITY
HIGHEST: 101 ON 24,12 GRTST 24HR 3.32 ON 28-29 TO 1/4 MILE OR LESS
LOWEST: 45 ON 19 3 = THUNDER
SNOW, ICE PELLETS, HAIL 4 = ICE PELLETS
TOTAL MONTH: 0.0 INCH 5 = HAIL
GRTST 24HR 0.0 6 = FREEZING RAIN OR DRIZZLE
GRTST DEPTH: 0 7 = DUSTSTORM OR SANDSTORM:
VSBY 1/2 MILE OR LESS
8 = SMOKE OR HAZE
[NO. OF DAYS WITH] [WEATHER - DAYS WITH] 9 = BLOWING SNOW
X = TORNADO
MAX 32 OR BELOW: 0 0.01 INCH OR MORE: 7
MAX 90 OR ABOVE: 12 0.10 INCH OR MORE: 2
MIN 32 OR BELOW: 0 0.50 INCH OR MORE: 1
MIN 0 OR BELOW: 0 1.00 INCH OR MORE: 1
[HDD (BASE 65) ]
TOTAL THIS MO. 35 CLEAR (SCALE 0-3) 9
DPTR FM NORMAL 7 PTCLDY (SCALE 4-7) 15
TOTAL FM JUL 1 504 CLOUDY (SCALE 8-10) 7
DPTR FM NORMAL 59
[CDD (BASE 65) ]
TOTAL THIS MO. 347
DPTR FM NORMAL 73 [PRESSURE DATA]
TOTAL FM JAN 1 704 HIGHEST SLP M ON M
DPTR FM NORMAL 210 LOWEST SLP 29.35 ON 2
[REMARKS]
#FINAL-03-23#