000
CXUS53 KTOP 010800
CF6MHK
PRELIMINARY LOCAL CLIMATOLOGICAL DATA (WS FORM: F-6)
STATION: Manhattan KS
MONTH: MARCH
YEAR: 2020
LATITUDE: 39 9 N
LONGITUDE: 96 40 W
TEMPERATURE IN F: :PCPN: SNOW: WIND :SUNSHINE: SKY :PK WND
================================================================================
1 2 3 4 5 6A 6B 7 8 9 10 11 12 13 14 15 16 17 18
12Z AVG MX 2MIN
DY MAX MIN AVG DEP HDD CDD WTR SNW DPTH SPD SPD DIR MIN PSBL S-S WX SPD DR
================================================================================
1 68 37 53 16 12 0 0.00 M M 7.4 21 220 M M 0 32 210
2 55 30 43 5 22 0 0.00 M M 5.5 15 20 M M 1 23 20
3 64 26 45 7 20 0 0.00 M M 7.5 18 230 M M 0 25 240
4 64 29 47 9 18 0 0.00 M M 6.5 14 200 M M 1 19 230
5 60 35 48 9 17 0 0.00 M M 8.1 20 330 M M 0 37 360
6 60 19 40 1 25 0 0.00 M M 4.1 17 160 M M 0 22 150
7 72 43 58 18 7 0 0.00 M M 16.3 32 220 M M 0 45 180
8 72 50 61 21 4 0 0.51 M M 21.3 33 200 M M 2 1 49 180
9 56 37 47 7 18 0 0.99 M M 8.1 17 20 M M 10 1 28 360
10 52 34 43 2 22 0 0.00 M M 5.5 12 140 M M 7 15 190
11 68 36 52 11 13 0 0.01 M M 3.7 16 230 M M 1 12 21 230
12 64 41 53 11 12 0 0.00 M M 8.2 21 360 M M 3 36 30
13 46 35 41 -1 24 0 0.16 M M 9.0 21 100 M M 8 1 27 80
14 40 35 38 -4 27 0 0.12 M M 10.9 18 60 M M 10 1 25 40
15 39 33 36 -7 29 0 0.01 M M 8.1 14 60 M M 10 1 19 50
16 46 36 41 -2 24 0 0.20 M M 4.1 9 50 M M 10 1 11 100
17 50 40 45 1 20 0 0.00 M M 8.1 15 160 M M 10 20 160
18 66 47 57 13 8 0 0.00 M M 4.7 13 210 M M 8 1 16 190
19 78 42 60 16 5 0 0.13 M M 12.6 29 220 M M 6 13 39 210
20 42 25 34 -11 31 0 0.00 M M 12.5 22 50 M M 3 40 20
21 53 21 37 -8 28 0 0.00 M M 6.6 15 160 M M 2 8 23 180
22 48 37 43 -3 22 0 0.29 M M 3.8 10 100 M M 9 12 14 110
23 63 38 51 5 14 0 0.00 M M 4.6 16 150 M M 7 12 21 170
24 61 42 52 6 13 0 0.00 M M 5.4 15 80 M M 8 18 19 70
25 78 41 60 13 5 0 0.00 M M 9.5 26 210 M M 4 12 36 220
26 58 51 55 8 10 0 T M M 7.6 25 60 M M 7 3 30 60
27 58 51 55 7 10 0 T M M 4.6 15 90 M M 9 13 18 40
28 68 45 57 9 8 0 0.00 M M 15.5 36 220 M M 8 12 54 220
29 71 36 54 6 11 0 0.00 M M 8.0 21 260 M M 0 29 260
30 74 33 54 5 11 0 0.00 M M 6.9 20 210 M M 1 27 140
31 70 42 56 7 9 0 0.00 M M 5.9 16 210 M M 2 8 22 200
================================================================================
SM 1864 1147 499 0 2.42 M 250.6 M 147
================================================================================
AV 60.1 37.0 8.1 FASTST M M 5 MAX(MPH)
MISC ----> # 36 220 # 54 220
================================================================================
NOTES:
# LAST OF SEVERAL OCCURRENCES
COLUMN 17 PEAK WIND IN M.P.H.
PRELIMINARY LOCAL CLIMATOLOGICAL DATA (WS FORM: F-6) , PAGE 2
STATION: Manhattan KS
MONTH: MARCH
YEAR: 2020
LATITUDE: 39 9 N
LONGITUDE: 96 40 W
[TEMPERATURE DATA] [PRECIPITATION DATA] SYMBOLS USED IN COLUMN 16
AVERAGE MONTHLY: 48.6 TOTAL FOR MONTH: 2.42 1 = FOG OR MIST
DPTR FM NORMAL: 5.4 DPTR FM NORMAL: 0.22 2 = FOG REDUCING VISIBILITY
HIGHEST: 78 ON 25,19 GRTST 24HR 0.99 ON 9- 9 TO 1/4 MILE OR LESS
LOWEST: 19 ON 6 3 = THUNDER
SNOW, ICE PELLETS, HAIL 4 = ICE PELLETS
TOTAL MONTH: M 5 = HAIL
GRTST 24HR M ON M 6 = FREEZING RAIN OR DRIZZLE
GRTST DEPTH: M ON M 7 = DUSTSTORM OR SANDSTORM:
VSBY 1/2 MILE OR LESS
8 = SMOKE OR HAZE
[NO. OF DAYS WITH] [WEATHER - DAYS WITH] 9 = BLOWING SNOW
X = TORNADO
MAX 32 OR BELOW: 0 0.01 INCH OR MORE: 9
MAX 90 OR ABOVE: 0 0.10 INCH OR MORE: 7
MIN 32 OR BELOW: 6 0.50 INCH OR MORE: 2
MIN 0 OR BELOW: 0 1.00 INCH OR MORE: 0
[HDD (BASE 65) ]
TOTAL THIS MO. 499 CLEAR (SCALE 0-3) 14
DPTR FM NORMAL -177 PTCLDY (SCALE 4-7) 9
TOTAL FM JUL 1 4415 CLOUDY (SCALE 8-10) 8
DPTR FM NORMAL -421
[CDD (BASE 65) ]
TOTAL THIS MO. 0
DPTR FM NORMAL -2 [PRESSURE DATA]
TOTAL FM JAN 1 0 HIGHEST SLP M ON M
DPTR FM NORMAL -2 LOWEST SLP 29.41 ON 28
[REMARKS]
#FINAL-03-20#