000
CXUS56 KLOX 011155
CF6OXR
PRELIMINARY LOCAL CLIMATOLOGICAL DATA (WS FORM: F-6)
STATION: OXNARD AIRPORT CA
MONTH: MARCH
YEAR: 2022
LATITUDE: 34 12 N
LONGITUDE: 119 12 W
TEMPERATURE IN F: :PCPN: SNOW: WIND :SUNSHINE: SKY :PK WND
================================================================================
1 2 3 4 5 6A 6B 7 8 9 10 11 12 13 14 15 16 17 18
12Z AVG MX 2MIN
DY MAX MIN AVG DEP HDD CDD WTR SNW DPTH SPD SPD DIR MIN PSBL S-S WX SPD DR
================================================================================
1 83 51 67 10 0 2 0.00 M M 8.1 17 280 M M 0 1 23 280
2 73 48 61 4 4 0 0.00 M M 5.3 12 50 M M 0 17 50
3 63 46 55 -2 10 0 T M M 5.3 16 200 M M 2 18 23 200
4 63 49 56 -1 9 0 0.00 M M 12.3 30 270 M M 3 40 280
5 60 47 54 -3 11 0 0.00 M M 22.8 36 270 M M 1 8 45 270
6 58 40 49 -8 16 0 0.00 M M 6.0 12 230 M M 0 17 240
7 70 43 57 0 8 0 0.00 M M 9.6 23 280 M M 0 27 80
8 71 45 58 1 7 0 0.00 M M 10.1 21 290 M M 0 26 290
9 62 42 52 -5 13 0 0.00 M M 5.9 13 180 M M 1 1 20 210
10 63 46 55 -2 10 0 0.00 M M 7.5 18 270 M M 1 23 280
11 76 47 62 5 3 0 0.00 M M 13.2 25 80 M M 0 34 80
12 73 46 60 3 5 0 0.00 M M 8.7 20 270 M M 0 25 270
13 65 41 53 -5 12 0 0.00 M M 4.9 16 250 M M 0 21 250
14 64 46 55 -3 10 0 0.00 M M 6.2 12 280 M M 0 1 M M
15 65 46 56 -2 9 0 0.00 M M 4.5 13 270 M M 0 1 M M
16 68 47 58 0 7 0 0.00 M M 7.7 23 280 M M 0 30 280
17 68 50 59 1 6 0 0.00 M M 6.7 15 280 M M 1 18 M M
18 69 45 57 -1 8 0 0.00 M M 5.4 12 290 M M 0 1 M M
19 61 51 56 -2 9 0 0.05 M M 8.9 18 270 M M 6 1 22 250
20 67 48 58 0 7 0 0.00 M M 9.3 26 280 M M 1 18 37 280
21 70 47 59 1 6 0 0.00 M M 7.1 20 270 M M 0 18 24 270
22 87 51 69 11 0 4 0.00 M M 7.1 20 80 M M 0 27 80
23 73 51 62 4 3 0 0.00 M M 4.4 12 260 M M 0 12 15 250
24 65 50 58 0 7 0 0.00 M M 6.4 13 270 M M 5 12 17 270
25 62 50 56 -2 9 0 0.00 M M 6.6 14 270 M M 7 12 18 270
26 61 51 56 -2 9 0 0.00 M M 4.3 9 280 M M 9 12 M M
27 64 53 59 1 6 0 0.07 M M 7.8 13 220 M M 8 18 22 200
28 59 51 55 -3 10 0 1.06 M M 8.2 22 190 M M 10 1 36 170
29 62 48 55 -3 10 0 0.00 M M 7.4 23 270 M M 1 27 260
30 63 51 57 -1 8 0 0.00 M M 4.6 14 270 M M 4 1 20 270
31 62 53 58 0 7 0 0.00 M M 6.8 14 270 M M 5 1 20 280
================================================================================
SM 2070 1480 239 6 1.18 M 239.1 M 65
================================================================================
AV 66.8 47.7 7.7 FASTST M M 2 MAX(MPH)
MISC ----> 36 270 45 270
================================================================================
NOTES:
# LAST OF SEVERAL OCCURRENCES
COLUMN 17 PEAK WIND IN M.P.H.
PRELIMINARY LOCAL CLIMATOLOGICAL DATA (WS FORM: F-6) , PAGE 2
STATION: OXNARD AIRPORT CA
MONTH: MARCH
YEAR: 2022
LATITUDE: 34 12 N
LONGITUDE: 119 12 W
[TEMPERATURE DATA] [PRECIPITATION DATA] SYMBOLS USED IN COLUMN 16
AVERAGE MONTHLY: 57.3 TOTAL FOR MONTH: 1.18 1 = FOG OR MIST
DPTR FM NORMAL: -0.1 DPTR FM NORMAL: -1.12 2 = FOG REDUCING VISIBILITY
HIGHEST: 87 ON 22 GRTST 24HR 1.12 ON 27-28 TO 1/4 MILE OR LESS
LOWEST: 40 ON 6 3 = THUNDER
SNOW, ICE PELLETS, HAIL 4 = ICE PELLETS
TOTAL MONTH: M 5 = HAIL
GRTST 24HR M ON M 6 = FREEZING RAIN OR DRIZZLE
GRTST DEPTH: M ON M 7 = DUSTSTORM OR SANDSTORM:
VSBY 1/2 MILE OR LESS
8 = SMOKE OR HAZE
[NO. OF DAYS WITH] [WEATHER - DAYS WITH] 9 = BLOWING SNOW
X = TORNADO
MAX 32 OR BELOW: 0 0.01 INCH OR MORE: 3
MAX 90 OR ABOVE: 0 0.10 INCH OR MORE: 1
MIN 32 OR BELOW: 0 0.50 INCH OR MORE: 1
MIN 0 OR BELOW: 0 1.00 INCH OR MORE: 1
[HDD (BASE 65) ]
TOTAL THIS MO. 239 CLEAR (SCALE 0-3) 23
DPTR FM NORMAL 0 PTCLDY (SCALE 4-7) 5
TOTAL FM JUL 1 1399 CLOUDY (SCALE 8-10) 3
DPTR FM NORMAL 71
[CDD (BASE 65) ]
TOTAL THIS MO. 6
DPTR FM NORMAL 1 [PRESSURE DATA]
TOTAL FM JAN 1 18 HIGHEST SLP 30.30 ON 11
DPTR FM NORMAL 1 LOWEST SLP 29.73 ON 28
[REMARKS]
#FINAL-03-22#