000
CXUS52 KFFC 011010
CF6RMG
PRELIMINARY LOCAL CLIMATOLOGICAL DATA (WS FORM: F-6)
STATION: ROME
MONTH: JULY
YEAR: 2020
LATITUDE: 34 20 N
LONGITUDE: 85 10 W
TEMPERATURE IN F: :PCPN: SNOW: WIND :SUNSHINE: SKY :PK WND
================================================================================
1 2 3 4 5 6A 6B 7 8 9 10 11 12 13 14 15 16 17 18
12Z AVG MX 2MIN
DY MAX MIN AVG DEP HDD CDD WTR SNW DPTH SPD SPD DIR MIN PSBL S-S WX SPD DR
================================================================================
1 85 68 77 -2 0 12 0.01 0.0 M 3.9 14 300 M M 5 18 17 300
2 93 68 81 2 0 16 0.00 0.0 M 4.3 13 20 M M 2 14 20
3 95 72 84 5 0 19 T 0.0 M 4.1 10 320 M M 3 3 15 190
4 92 73 83 4 0 18 0.00 M M 3.2 10 40 M M 3 138 12 60
5 94 72 83 4 0 18 0.00 M M 3.4 10 130 M M 1 128 14 140
6 88 72 80 1 0 15 T M M 5.0 14 100 M M 3 18 80
7 91 72 82 3 0 17 0.00 M M 3.6 12 140 M M 7 3 14 150
8 90 73 82 3 0 17 0.26 M M 2.2 14 230 M M 3 138 18 320
9 92 71 82 3 0 17 0.00 M M 2.3 15 10 M M 3 12 17 10
10 96 72 84 5 0 19 0.00 0.0 M 4.1 15 260 M M 2 18 280
11 93 70 82 3 0 17 0.00 0.0 M 6.5 16 340 M M 0 23 340
12 85 66 76 -3 0 11 0.02 M M 3.6 18 180 M M 1 21 170
13 93 66 80 1 0 15 0.00 M M 3.1 12 260 M M 4 12 16 290
14 96 67 82 2 0 17 0.00 M M 3.2 13 10 M M 0 1 20 10
15 98 69 84 4 0 19 0.00 M M 3.0 14 50 M M 3 3 17 40
16 98 71 85 5 0 20 0.00 M M 3.6 14 160 M M 0 19 170
17 99 72 86 6 0 21 0.00 M M 3.1 10 130 M M 2 3 14 180
18 95 75 85 5 0 20 T M M 3.2 16 240 M M 2 3 22 250
19 99 73 86 6 0 21 0.26 M M 2.9 20 320 M M 2 13 26 320
20 99 73 86 6 0 21 0.00 M M 2.4 9 340 M M 1 13 15 290
21 96 73 85 5 0 20 0.04 M M 3.4 17 170 M M 2 138 25 170
22 93 72 83 3 0 18 0.09 M M 3.7 22 170 M M 3 13 30 170
23 96 72 84 4 0 19 0.00 M M 2.5 16 180 M M 1 22 180
24 91 71 81 1 0 16 0.00 M M 2.6 12 170 M M 0 17 200
25 97 72 85 5 0 20 1.64 M M 3.1 21 90 M M 3 13 29 90
26 93 70 82 2 0 17 0.00 M M 2.0 7 240 M M 5 12 12 130
27 92 71 82 2 0 17 T M M 2.0 14 330 M M 1 3 19 160
28 92 71 82 2 0 17 0.07 M M 2.8 14 230 M M 2 128 19 220
29 90 73 82 2 0 17 0.00 M M 4.1 9 170 M M 6 14 220
30 92 75 84 4 0 19 T M M 5.7 20 270 M M 5 29 250
31 94 73 84 4 0 19 0.03 M M 5.4 22 240 M M 3 3 34 240
================================================================================
SM 2897 2208 0 549 2.42 0.0 108.0 M 78
================================================================================
AV 93.5 71.2 3.5 FASTST M M 3 MAX(MPH)
MISC ----> # 22 170 34 240
================================================================================
NOTES:
# LAST OF SEVERAL OCCURRENCES
COLUMN 17 PEAK WIND IN M.P.H.
PRELIMINARY LOCAL CLIMATOLOGICAL DATA (WS FORM: F-6) , PAGE 2
STATION: ROME
MONTH: JULY
YEAR: 2020
LATITUDE: 34 20 N
LONGITUDE: 85 10 W
[TEMPERATURE DATA] [PRECIPITATION DATA] SYMBOLS USED IN COLUMN 16
AVERAGE MONTHLY: 82.3 TOTAL FOR MONTH: 2.42 1 = FOG OR MIST
DPTR FM NORMAL: 2.8 DPTR FM NORMAL: -1.90 2 = FOG REDUCING VISIBILITY
HIGHEST: 99 ON 20,19 GRTST 24HR 1.64 ON 25-25 TO 1/4 MILE OR LESS
LOWEST: 66 ON 13,12 3 = THUNDER
SNOW, ICE PELLETS, HAIL 4 = ICE PELLETS
TOTAL MONTH: 0.0 INCH 5 = HAIL
GRTST 24HR 0.0 6 = FREEZING RAIN OR DRIZZLE
GRTST DEPTH: M ON M 7 = DUSTSTORM OR SANDSTORM:
VSBY 1/2 MILE OR LESS
8 = SMOKE OR HAZE
[NO. OF DAYS WITH] [WEATHER - DAYS WITH] 9 = BLOWING SNOW
X = TORNADO
MAX 32 OR BELOW: 0 0.01 INCH OR MORE: 9
MAX 90 OR ABOVE: 28 0.10 INCH OR MORE: 3
MIN 32 OR BELOW: 0 0.50 INCH OR MORE: 1
MIN 0 OR BELOW: 0 1.00 INCH OR MORE: 1
[HDD (BASE 65) ]
TOTAL THIS MO. 0 CLEAR (SCALE 0-3) 21
DPTR FM NORMAL 0 PTCLDY (SCALE 4-7) 10
TOTAL FM JUL 1 0 CLOUDY (SCALE 8-10) 0
DPTR FM NORMAL 0
[CDD (BASE 65) ]
TOTAL THIS MO. 549
DPTR FM NORMAL 103 [PRESSURE DATA]
TOTAL FM JAN 1 1107 HIGHEST SLP 30.19 ON 26
DPTR FM NORMAL 163 LOWEST SLP 29.72 ON 12
[REMARKS]
#FINAL-07-20#