000
CXUS54 KLZK 011230
CF6SGT
PRELIMINARY LOCAL CLIMATOLOGICAL DATA (WS FORM: F-6)
STATION: STUTTGART AIRPORT
MONTH: FEBRUARY
YEAR: 2022
LATITUDE: 34 35 N
LONGITUDE: 91 34 W
TEMPERATURE IN F: :PCPN: SNOW: WIND :SUNSHINE: SKY :PK WND
================================================================================
1 2 3 4 5 6A 6B 7 8 9 10 11 12 13 14 15 16 17 18
12Z AVG MX 2MIN
DY MAX MIN AVG DEP HDD CDD WTR SNW DPTH SPD SPD DIR MIN PSBL S-S WX SPD DR
================================================================================
1 68 42 55 14 10 0 0.18 M M 11.3 22 120 M M 7 18 25 130
2 59 30 45 4 20 0 0.19 M M 14.7 26 320 M M 10 1 31 320
3 31 28 30 -11 35 0 0.17 M M 23.3 29 350 M M 4 1 39 360
4 M M M M M M 0.00 M M M M M M M 0 M M
5 M M M M M M 0.00 M M M M M M M 0 M M
6 M M M M M M 0.00 M M M M M M M 0 M M
7 M M M M M M 0.00 M M M M M M M 0 M M
8 59 45 52 10 13 0 0.00 M M 10.9 17 190 M M 0 M M
9 65 37 51 8 14 0 0.00 M M 8.0 12 180 M M 0 M M
10 64 37 51 8 14 0 0.00 M M 4.4 9 170 M M 0 8 M M
11 72 40 56 13 9 0 T M M 12.1 21 190 M M 1 24 180
12 51 28 40 -3 25 0 0.02 M M 11.6 18 320 M M 6 28 330
13 52 24 38 -6 27 0 0.00 M M 7.3 14 180 M M 0 M M
14 67 28 48 4 17 0 0.00 M M 7.9 13 170 M M 0 39 70
15 67 38 53 9 12 0 0.00 M M 11.9 21 190 M M 0 30 180
16 70 51 61 17 4 0 T M M 16.0 25 170 M M 7 8 37 180
17 69 33 51 6 14 0 1.73 M M 20.7 33 190 M M 9 138 47 190
18 42 26 34 -11 31 0 0.00 M M 10.0 18 350 M M 3 M M
19 54 31 43 -2 22 0 0.00 M M 6.2 9 330 M M 0 M M
20 65 36 51 5 14 0 0.00 M M 11.6 20 170 M M 0 8 23 190
21 68 54 61 15 4 0 0.03 M M 12.5 22 170 M M 9 1 27 170
22 69 36 53 7 12 0 0.97 M M 15.0 31 260 M M 9 1 41 250
23 36 31 34 -12 31 0 0.78 M M 16.8 22 30 M M 10 13 26 360
24 33 29 31 -16 34 0 1.12 M M 10.8 18 40 M M 10 13 25 40
25 34 28 31 -16 34 0 0.00 M M 13.2 18 20 M M 10 M M
26 33 28 31 -16 34 0 0.46 M M 11.8 15 30 M M 10 1 M M
27 47 33 40 -8 25 0 0.01 M M 9.2 13 350 M M 6 18 M M
28 59 31 45 -3 20 0 0.00 M M 5.2 10 190 M M 0 M M
================================================================================
SM 1334 824 475 0 5.66 M 282.5 M 111
================================================================================
AV 55.6 34.3 11.8 FASTST M M 4 MAX(MPH)
MISC ----> 33 190 47 190
================================================================================
NOTES:
# LAST OF SEVERAL OCCURRENCES
COLUMN 17 PEAK WIND IN M.P.H.
PRELIMINARY LOCAL CLIMATOLOGICAL DATA (WS FORM: F-6) , PAGE 2
STATION: STUTTGART AIRPORT
MONTH: FEBRUARY
YEAR: 2022
LATITUDE: 34 35 N
LONGITUDE: 91 34 W
[TEMPERATURE DATA] [PRECIPITATION DATA] SYMBOLS USED IN COLUMN 16
AVERAGE MONTHLY: 45.0 TOTAL FOR MONTH: 5.66 1 = FOG OR MIST
DPTR FM NORMAL: 0.8 DPTR FM NORMAL: 1.46 2 = FOG REDUCING VISIBILITY
HIGHEST: 72 ON 11 GRTST 24HR 1.84 ON 23-24 TO 1/4 MILE OR LESS
LOWEST: 24 ON 13 3 = THUNDER
SNOW, ICE PELLETS, HAIL 4 = ICE PELLETS
TOTAL MONTH: M 5 = HAIL
GRTST 24HR M ON M 6 = FREEZING RAIN OR DRIZZLE
GRTST DEPTH: M ON M 7 = DUSTSTORM OR SANDSTORM:
VSBY 1/2 MILE OR LESS
8 = SMOKE OR HAZE
[NO. OF DAYS WITH] [WEATHER - DAYS WITH] 9 = BLOWING SNOW
X = TORNADO
MAX 32 OR BELOW: 1 0.01 INCH OR MORE: 11
MAX 90 OR ABOVE: 0 0.10 INCH OR MORE: 8
MIN 32 OR BELOW: 12 0.50 INCH OR MORE: 4
MIN 0 OR BELOW: 0 1.00 INCH OR MORE: 2
[HDD (BASE 65) ]
TOTAL THIS MO. 475 CLEAR (SCALE 0-3) 15
DPTR FM NORMAL -111 PTCLDY (SCALE 4-7) 5
TOTAL FM JUL 1 1718 CLOUDY (SCALE 8-10) 8
DPTR FM NORMAL -891
[CDD (BASE 65) ]
TOTAL THIS MO. 0
DPTR FM NORMAL 0 [PRESSURE DATA]
TOTAL FM JAN 1 0 HIGHEST SLP 30.60 ON 25
DPTR FM NORMAL 0 LOWEST SLP 29.61 ON 17
[REMARKS]
#FINAL-02-22#