186
CXUS56 KPQR 072128
CF6SLE
PRELIMINARY LOCAL CLIMATOLOGICAL DATA (WS FORM: F-6)
STATION: SALEM OR
MONTH: OCTOBER
YEAR: 2020
LATITUDE: 44 55 N
LONGITUDE: 123 0 W
TEMPERATURE IN F: :PCPN: SNOW: WIND :SUNSHINE: SKY :PK WND
================================================================================
1 2 3 4 5 6A 6B 7 8 9 10 11 12 13 14 15 16 17 18
12Z AVG MX 2MIN
DY MAX MIN AVG DEP HDD CDD WTR SNW DPTH SPD SPD DIR MIN PSBL S-S WX SPD DR
================================================================================
1 77 50 64 6 1 0 0.00 M M 1.0 7 360 M M 0 18 10 20
2 79 48 64 6 1 0 0.00 M M 0.7 6 360 M M 4 128 10 40
3 76 46 61 4 4 0 0.00 M M 1.1 7 330 M M 3 128 9 360
4 65 51 58 1 7 0 0.00 M M 4.2 12 320 M M 5 12 14 310
5 71 49 60 3 5 0 0.00 M M 5.2 14 360 M M 3 18 17 360
6 78 46 62 6 3 0 0.00 M M 2.4 8 350 M M 0 12 11 330
7 75 48 62 6 3 0 0.00 M M 1.3 7 280 M M 0 1 10 240
8 67 49 58 2 7 0 0.00 M M 3.5 10 200 M M 6 1 13 200
9 71 46 59 4 6 0 0.10 M M 7.6 18 180 M M 4 12 22 180
10 62 51 57 2 8 0 0.85 M M 8.8 18 190 M M 6 1 25 160
11 58 50 54 -1 11 0 0.31 M M 15.7 29 190 M M 9 18 38 180
12 65 54 60 6 5 0 0.23 M M 5.7 14 160 M M 6 1 17 160
13 64 47 56 2 9 0 0.16 M M 11.1 32 180 M M 8 1 41 180
14 64 43 54 0 11 0 0.00 M M 4.4 12 190 M M 5 14 200
15 63 39 51 -2 14 0 0.00 M M 5.5 15 30 M M 0 20 360
16 71 40 56 3 9 0 0.00 M M 3.6 14 330 M M 2 16 330
17 67 51 59 6 6 0 0.04 M M 3.1 12 170 M M 7 1 15 170
18 69 54 62 10 3 0 0.00 M M 7.6 21 220 M M 8 28 210
19 67 48 58 6 7 0 0.00 M M 4.8 14 310 M M 7 18 300
20 66 44 55 3 10 0 0.00 M M 2.5 8 20 M M 6 11 20
21 60 34 47 -5 18 0 T M M 4.6 18 310 M M 5 23 310
22 56 33 45 -6 20 0 0.00 M M 4.8 14 360 M M 1 12 17 360
23 58 33 46 -5 19 0 0.00 M M 8.4 21 180 M M 6 28 190
24 57 38 48 -3 17 0 0.00 M M 8.6 17 10 M M 7 20 360
25 50 31 41 -9 24 0 0.00 M M 12.5 24 10 M M 0 31 10
26 55 27 41 -9 24 0 0.00 M M 3.0 10 350 M M 1 15 360
27 59 28 44 -6 21 0 0.00 M M 3.1 15 30 M M 0 18 30
28 65 35 50 0 15 0 0.00 M M 1.8 9 360 M M 0 1 13 360
29 60 37 49 0 16 0 0.00 M M 2.8 9 170 M M 7 128 12 170
30 61 37 49 0 16 0 0.01 M M 5.9 16 190 M M 6 18 21 190
31 59 33 46 -3 19 0 0.00 M M 3.6 15 20 M M 1 1 19 40
================================================================================
SM 2015 1320 339 0 1.70 M 158.9 M 123
================================================================================
AV 65.0 42.6 5.1 FASTST M M 4 MAX(MPH)
MISC ----> 32 180 41 180
================================================================================
NOTES:
# LAST OF SEVERAL OCCURRENCES
COLUMN 17 PEAK WIND IN M.P.H.
PRELIMINARY LOCAL CLIMATOLOGICAL DATA (WS FORM: F-6) , PAGE 2
STATION: SALEM OR
MONTH: OCTOBER
YEAR: 2020
LATITUDE: 44 55 N
LONGITUDE: 123 0 W
[TEMPERATURE DATA] [PRECIPITATION DATA] SYMBOLS USED IN COLUMN 16
AVERAGE MONTHLY: 53.8 TOTAL FOR MONTH: 1.70 1 = FOG OR MIST
DPTR FM NORMAL: 0.6 DPTR FM NORMAL: -1.33 2 = FOG REDUCING VISIBILITY
HIGHEST: 79 ON 2 GRTST 24HR 0.89 ON 9-10 TO 1/4 MILE OR LESS
LOWEST: 27 ON 26 3 = THUNDER
SNOW, ICE PELLETS, HAIL 4 = ICE PELLETS
TOTAL MONTH: M 5 = HAIL
GRTST 24HR M ON M 6 = FREEZING RAIN OR DRIZZLE
GRTST DEPTH: M ON M 7 = DUSTSTORM OR SANDSTORM:
VSBY 1/2 MILE OR LESS
8 = SMOKE OR HAZE
[NO. OF DAYS WITH] [WEATHER - DAYS WITH] 9 = BLOWING SNOW
X = TORNADO
MAX 32 OR BELOW: 0 0.01 INCH OR MORE: 7
MAX 90 OR ABOVE: 0 0.10 INCH OR MORE: 5
MIN 32 OR BELOW: 3 0.50 INCH OR MORE: 1
MIN 0 OR BELOW: 0 1.00 INCH OR MORE: 0
[HDD (BASE 65) ]
TOTAL THIS MO. 339 CLEAR (SCALE 0-3) 12
DPTR FM NORMAL -28 PTCLDY (SCALE 4-7) 18
TOTAL FM JUL 1 432 CLOUDY (SCALE 8-10) 1
DPTR FM NORMAL -100
[CDD (BASE 65) ]
TOTAL THIS MO. 0
DPTR FM NORMAL -1 [PRESSURE DATA]
TOTAL FM JAN 1 409 HIGHEST SLP 30.56 ON 15
DPTR FM NORMAL 119 LOWEST SLP 29.67 ON 10
[REMARKS]
#FINAL-10-20#