000
CXUS56 KSTO 250210
CF6VCB
PRELIMINARY LOCAL CLIMATOLOGICAL DATA (WS FORM: F-6)
STATION: VACAVILLE
MONTH: DECEMBER
YEAR: 2022
LATITUDE: 38 22 N
LONGITUDE: 121-58 E
TEMPERATURE IN F: :PCPN: SNOW: WIND :SUNSHINE: SKY :PK WND
================================================================================
1 2 3 4 5 6A 6B 7 8 9 10 11 12 13 14 15 16 17 18
12Z AVG MX 2MIN
DY MAX MIN AVG DEP HDD CDD WTR SNW DPTH SPD SPD DIR MIN PSBL S-S WX SPD DR
================================================================================
1 54 34 44 -5 21 0 0.49 M M 5.4 18 190 M M 6 1 31 180
2 53 28 41 -8 24 0 0.00 M M 4.7 13 360 M M 0 18 360
3 46 39 43 -6 22 0 0.95 M M 5.6 14 340 M M 10 12 17 340
4 59 39 49 0 16 0 0.07 M M 4.2 15 290 M M 7 12 23 290
5 60 45 53 4 12 0 0.20 M M 6.5 16 220 M M 6 1 22 210
6 57 38 48 0 17 0 0.22 M M 6.1 17 350 M M 5 1 22 360
7 60 32 46 -2 19 0 0.00 M M 2.9 12 210 M M 0 15 220
8 52 33 43 -5 22 0 0.09 M M 3.2 9 190 M M 5 12 14 180
9 54 35 45 -3 20 0 0.00 M M 2.4 10 220 M M 4 12 14 180
10 58 49 54 6 11 0 1.23 M M 9.9 23 160 M M 8 18 32 140
11 53 45 49 1 16 0 0.33 M M 7.3 17 210 M M 9 1 25 220
12 55 34 45 -3 20 0 0.11 M M 5.0 16 360 M M 4 1 20 350
13 56 30 43 -4 22 0 0.00 M M 1.9 8 20 M M 0 10 40
14 55 28 42 -5 23 0 0.00 M M 1.9 8 10 M M 0 1 10 10
15 59 30 45 -2 20 0 0.00 M M 2.1 10 20 M M 0 13 60
16 58 30 44 -3 21 0 0.00 M M 4.4 13 20 M M 0 16 30
17 57 28 43 -4 22 0 0.00 M M 2.4 12 10 M M 0 14 20
18 50 26 38 -9 27 0 0.00 M M 2.3 8 150 M M 3 18 10 140
19 43 40 42 -5 23 0 0.00 M M 4.0 9 360 M M 10 18 10 360
20 55 38 47 0 18 0 0.00 M M 3.3 9 20 M M 4 18 12 30
21 46 33 40 -7 25 0 0.00 M M 1.8 6 110 M M 7 128 8 90
22 47 41 44 -3 21 0 0.00 M M 1.8 8 90 M M 9 128 10 90
23 57 37 47 0 18 0 0.00 M M 2.8 8 20 M M 5 18 13 20
24 61 34 48 1 17 0 0.00 M M 1.3 7 30 M M 1 12 10 50
25 47 39 43 -4 22 0 0.00 M M 1.4 6 80 M M 9 12 7 80
26 50 42 46 -1 19 0 0.48 M M 3.7 14 140 M M 10 12 18 160
27 60 45 53 6 12 0 1.38 M M 7.8 16 150 M M 6 1 24 170
28 56 36 46 -1 19 0 0.00 M M 1.6 10 310 M M 1 17 300
29 51 46 49 2 16 0 0.68 M M 4.6 14 150 M M 10 1 20 140
30 63 51 57 10 8 0 0.55 M M 9.6 24 220 M M 10 1 34 230
31 59 46 53 6 12 0 1.21 M M 10.9 33 350 M M 10 1 47 350
================================================================================
SM 1691 1151 585 0 7.99 M 132.8 M 159
================================================================================
AV 54.5 37.1 4.3 FASTST M M 5 MAX(MPH)
MISC ----> 33 350 47 350
================================================================================
NOTES:
# LAST OF SEVERAL OCCURRENCES
COLUMN 17 PEAK WIND IN M.P.H.
PRELIMINARY LOCAL CLIMATOLOGICAL DATA (WS FORM: F-6) , PAGE 2
STATION: VACAVILLE
MONTH: DECEMBER
YEAR: 2022
LATITUDE: 38 22 N
LONGITUDE: 121-58 E
[TEMPERATURE DATA] [PRECIPITATION DATA] SYMBOLS USED IN COLUMN 16
AVERAGE MONTHLY: 45.8 TOTAL FOR MONTH: 7.99 1 = FOG OR MIST
DPTR FM NORMAL: -1.7 DPTR FM NORMAL: 2.91 2 = FOG REDUCING VISIBILITY
HIGHEST: 63 ON 30 GRTST 24HR 1.86 ON 26-27 TO 1/4 MILE OR LESS
LOWEST: 26 ON 18 3 = THUNDER
SNOW, ICE PELLETS, HAIL 4 = ICE PELLETS
TOTAL MONTH: M 5 = HAIL
GRTST 24HR M ON M 6 = FREEZING RAIN OR DRIZZLE
GRTST DEPTH: M ON M 7 = DUSTSTORM OR SANDSTORM:
VSBY 1/2 MILE OR LESS
8 = SMOKE OR HAZE
[NO. OF DAYS WITH] [WEATHER - DAYS WITH] 9 = BLOWING SNOW
X = TORNADO
MAX 32 OR BELOW: 0 0.01 INCH OR MORE: 14
MAX 90 OR ABOVE: 0 0.10 INCH OR MORE: 12
MIN 32 OR BELOW: 8 0.50 INCH OR MORE: 6
MIN 0 OR BELOW: 0 1.00 INCH OR MORE: 3
[HDD (BASE 65) ]
TOTAL THIS MO. 585 CLEAR (SCALE 0-3) 10
DPTR FM NORMAL 41 PTCLDY (SCALE 4-7) 11
TOTAL FM JUL 1 1064 CLOUDY (SCALE 8-10) 10
DPTR FM NORMAL 101
[CDD (BASE 65) ]
TOTAL THIS MO. 0
DPTR FM NORMAL 0 [PRESSURE DATA]
TOTAL FM JAN 1 1791 HIGHEST SLP 30.49 ON 24
DPTR FM NORMAL 400 LOWEST SLP 29.62 ON 31
[REMARKS]
#FINAL-12-22#