000
CXUS56 KPDT 291032
CF6PSC
PRELIMINARY LOCAL CLIMATOLOGICAL DATA (WS FORM: F-6)

                                          STATION:   PASCO WA
                                          MONTH:     JULY
                                          YEAR:      2015
                                          LATITUDE:   46 16 N
                                          LONGITUDE: 119  7 W

  TEMPERATURE IN F:       :PCPN:    SNOW:  WIND      :SUNSHINE: SKY     :PK WND
================================================================================
1   2   3   4   5  6A  6B    7    8   9   10  11  12  13   14  15   16   17  18
                                     12Z  AVG MX 2MIN
DY MAX MIN AVG DEP HDD CDD  WTR  SNW DPTH SPD SPD DIR MIN PSBL S-S WX    SPD DR
================================================================================

 1 101  65  83  12   0  18 0.00  0.0    0  4.8 12  10   M    M   0 8      16  20
 2 105  61  83  12   0  18 0.00  0.0    0  5.1 13 330   M    M   0        15 330
 3 107  63  85  14   0  20 0.00  0.0    0  4.0 14 310   M    M   0        18 310
 4 104  66  85  14   0  20 0.00  0.0    0  4.8 14 280   M    M   0        16 150
 5  97  66  82  10   0  17 0.00  0.0    0  9.8 18 330   M    M   0        25 300
 6 101  61  81   9   0  16 0.00  0.0    0  5.4 13 100   M    M   0 8      15 100
 7 101  62  82  10   0  17 0.00  0.0    0  3.3 12  10   M    M   0        15 200
 8 101  63  82  10   0  17 0.00  0.0    0  5.4 13 330   M    M   0 8      15 320
 9 104  60  82  10   0  17 0.00  0.0    0  3.9 14 220   M    M   0 18     20 200
10  99  74  87  14   0  22 0.00  0.0    0 13.6 28 210   M    M   0 8      33 210
11  93  69  81   8   0  16    T  0.0    0 13.7 23 190   M    M   3        30 220
12  91  62  77   4   0  12 0.00  0.0    0  8.6 20 190   M    M   0        24 190
13  90  62  76   3   0  11 0.00  0.0    0  5.8 15 210   M    M   1        18 120
14  91  58  75   1   0  10 0.00  0.0    0  3.8 15 310   M    M   0        18 320
15  92  55  74   0   0   9 0.00  0.0    0  7.7 20 320   M    M   0        24 320
16  87  62  75   1   0  10 0.00  0.0    0  8.0 22 330   M    M   0        28 330
17  90  53  72  -2   0   7 0.00  0.0    0  3.5 12 240   M    M   0        14 360
18  94  56  75   1   0  10 0.00  0.0    0  3.7 13 360   M    M   0        15 350
19 102  56  79   5   0  14 0.00  0.0    0  4.7 14 140   M    M   0        17 130
20 100  69  85  11   0  20 0.00  0.0    0 12.3 24 200   M    M   0 8      30 200
21  94  57  76   1   0  11 0.00  0.0    0  6.7 18 220   M    M   0        23 240
22  85  57  71  -4   0   6 0.00  0.0    0  8.0 16 210   M    M   0        19 200
23  90  61  76   1   0  11 0.00  0.0    0  9.0 17 200   M    M   0        22 200
24  91  61  76   1   0  11 0.00  0.0    0  8.6 20 210   M    M   0        25 240
25  88  60  74  -1   0   9 0.00  0.0    0 10.1 23 270   M    M   2        30 270
26  82  56  69  -6   0   4 0.00  0.0    0  8.8 23 330   M    M   2        28 220
27  83  51  67  -8   0   2 0.00  0.0    0  4.6 15 300   M    M   3        21 240
28  88  48  68  -7   0   3 0.00  0.0    0  3.9 10 360   M    M   0        15 310
================================================================================
SM 2651 1694         0 358    T      0.0 191.6          M       11
================================================================================
AV 94.7 60.5                               6.8 FASTST   M    M   0    MAX(MPH)
                                 MISC ---->  # 28 210               # 33  210
================================================================================
NOTES:
# LAST OF SEVERAL OCCURRENCES

COLUMN 17 PEAK WIND IN M.P.H.

PRELIMINARY LOCAL CLIMATOLOGICAL DATA (WS FORM: F-6) , PAGE 2

                                          STATION:  PASCO WA
                                          MONTH:    JULY
                                          YEAR:     2015
                                          LATITUDE:   46 16 N
                                          LONGITUDE: 119  7 W

[TEMPERATURE DATA]      [PRECIPITATION DATA]       SYMBOLS USED IN COLUMN 16

AVERAGE MONTHLY: 77.6   TOTAL FOR MONTH:      T    1 = FOG OR MIST
DPTR FM NORMAL:   4.2   DPTR FM NORMAL:   -0.27    2 = FOG REDUCING VISIBILITY
HIGHEST:   107 ON  3    GRTST 24HR    T  ON 11-11      TO 1/4 MILE OR LESS
LOWEST:     48 ON 28                               3 = THUNDER
                        SNOW, ICE PELLETS, HAIL    4 = ICE PELLETS
                        TOTAL MONTH:   0.0 INCH    5 = HAIL
                        GRTST 24HR     0.0         6 = FREEZING RAIN OR DRIZZLE
                        GRTST DEPTH:   0           7 = DUSTSTORM OR SANDSTORM:
                                                       VSBY 1/2 MILE OR LESS
                                                   8 = SMOKE OR HAZE
[NO. OF DAYS WITH]      [WEATHER - DAYS WITH]      9 = BLOWING SNOW
                                                   X = TORNADO
MAX 32 OR BELOW:   0    0.01 INCH OR MORE:   0
MAX 90 OR ABOVE:  22    0.10 INCH OR MORE:   0
MIN 32 OR BELOW:   0    0.50 INCH OR MORE:   0
MIN  0 OR BELOW:   0    1.00 INCH OR MORE:   0

[HDD (BASE 65) ]
TOTAL THIS MO.     0    CLEAR  (SCALE 0-3)  27
DPTR FM NORMAL    -1    PTCLDY (SCALE 4-7)   1
TOTAL FM JUL 1     0    CLOUDY (SCALE 8-10)  0
DPTR FM NORMAL    -1

[CDD (BASE 65) ]
TOTAL THIS MO.   358
DPTR FM NORMAL   121    [PRESSURE DATA]
TOTAL FM JAN 1   756    HIGHEST SLP 29.98 ON  1
DPTR FM NORMAL   377    LOWEST  SLP 29.51 ON  9

[REMARKS]
