000
CXUS56 KPDT 011844
CF6PSC
PRELIMINARY LOCAL CLIMATOLOGICAL DATA (WS FORM: F-6)

                                          STATION:   PASCO WA
                                          MONTH:     JANUARY
                                          YEAR:      2015
                                          LATITUDE:   46 16 N
                                          LONGITUDE: 119  7 W

  TEMPERATURE IN F:       :PCPN:    SNOW:  WIND      :SUNSHINE: SKY     :PK WND
================================================================================
1   2   3   4   5  6A  6B    7    8   9   10  11  12  13   14  15   16   17  18
                                     12Z  AVG MX 2MIN
DY MAX MIN AVG DEP HDD CDD  WTR  SNW DPTH SPD SPD DIR MIN PSBL S-S WX    SPD DR
================================================================================

 1  27  11  19 -14  46   0 0.00  0.0    0  0.7  7 350   M    M   6         7 350
 2  28  14  21 -12  44   0 0.00  0.0    0  2.0  9 350   M    M   6        10 350
 3  31  12  22 -11  43   0 0.00  0.0    0  2.5  9 320   M    M   7        11 300
 4  38  27  33   0  32   0 0.20  0.8    1  2.8 21 200   M    M   9 16     23 210
 5  56  38  47  14  18   0    T  0.0    0 18.0 33 230   M    M   4        42 220
 6  46  31  39   6  26   0 0.00  0.0    0  4.9 12 340   M    M   0        14 340
 7  41  27  34   0  31   0 0.00  0.0    0  2.6 10  20   M    M   5 12     12  20
 8  36  33  35   1  30   0 0.00  0.0    0  3.5  8 350   M    M  10 1      10  40
 9  37  34  36   2  29   0 0.00  0.0    0  1.9  6 300   M    M  10 1       7 160
10  38  32  35   1  30   0 0.00  0.0    0  3.0  7 310   M    M  10         9 300
11  41  34  38   4  27   0    T  0.0    0  3.5  9 300   M    M  10        11 300
12  42  34  38   4  27   0 0.02  0.0    0  2.3  8 150   M    M   9 1       9 290
13  39  34  37   3  28   0 0.00  0.0    0  3.8 12  10   M    M  10 1      13 360
14  38  35  37   2  28   0 0.00  0.0    0  4.1 10 360   M    M  10        11 350
15  41  34  38   3  27   0 0.04  0.0    0  2.6  9 320   M    M  10        11 330
16  52  28  40   5  25   0    T  0.0    0  3.3  9 310   M    M   2 1      10  10
17  35  28  32  -3  33   0 0.33  0.0    0  4.9 10 290   M    M   7 1      12 300
18  58  33  46  11  19   0 0.09  0.0    0 11.6 25 220   M    M   2 1      33 210
19  56  29  43   8  22   0 0.00  0.0    0  7.7 21 210   M    M   2        24 210
20  48  26  37   1  28   0 0.00  0.0    0  5.4 12  10   M    M   2 1       M  M
21  32  30  31  -5  34   0 0.00  0.0    0  5.4 12 360   M    M  10 1      13 360
22  36  28  32  -4  33   0 0.01  0.0    0  2.5  7 100   M    M   M 1       8  80
23  37  31  34  -2  31   0    T  0.0    0  3.0 10 120   M    M   M 1      12 130
24  46  31  39   3  26   0 0.00  0.0    0  5.2 13 360   M    M   M 1      14 350
25  42  30  36   0  29   0 0.00  0.0    0  3.4 10 360   M    M   M 2      13 360
26  40  38  39   3  26   0 0.00  0.0    0  2.0  6 350   M    M  10 1       8  60
27  39  36  38   2  27   0 0.00  0.0    0  1.8  8 150   M    M  10 1       9 140
28  41  34  38   2  27   0 0.00  0.0    0  6.2 12 320   M    M  10 1      15 340
29  41  37  39   2  26   0 0.00  0.0    0  4.7 14 320   M    M  10        16 320
30  40  37  39   2  26   0 0.00  0.0    0  4.2 10 210   M    M  10 1      12 210
31  41  36  39   2  26   0    T  0.0    0  3.0  9  90   M    M  10 1      11 220
================================================================================
SM 1263  942       904   0  0.69     0.8 132.5          M      201
================================================================================
AV 40.7 30.4                               4.3 FASTST   M    M   7    MAX(MPH)
                                 MISC ---->  # 33 230               # 42  220
================================================================================
NOTES:
# LAST OF SEVERAL OCCURRENCES

COLUMN 17 PEAK WIND IN M.P.H.

PRELIMINARY LOCAL CLIMATOLOGICAL DATA (WS FORM: F-6) , PAGE 2

                                          STATION:  PASCO WA
                                          MONTH:    JANUARY
                                          YEAR:     2015
                                          LATITUDE:   46 16 N
                                          LONGITUDE: 119  7 W

[TEMPERATURE DATA]      [PRECIPITATION DATA]       SYMBOLS USED IN COLUMN 16

AVERAGE MONTHLY: 35.6   TOTAL FOR MONTH:   0.69    1 = FOG OR MIST
DPTR FM NORMAL:   0.7   DPTR FM NORMAL:   -0.53    2 = FOG REDUCING VISIBILITY
HIGHEST:    58 ON 18    GRTST 24HR  0.42 ON 17-18      TO 1/4 MILE OR LESS
LOWEST:     11 ON  1                               3 = THUNDER
                        SNOW, ICE PELLETS, HAIL    4 = ICE PELLETS
                        TOTAL MONTH:   0.8 INCH    5 = HAIL
                        GRTST 24HR   0.8 ON   M    6 = FREEZING RAIN OR DRIZZLE
                        GRTST DEPTH:   1 ON  4     7 = DUSTSTORM OR SANDSTORM:
                                                       VSBY 1/2 MILE OR LESS
                                                   8 = SMOKE OR HAZE
[NO. OF DAYS WITH]      [WEATHER - DAYS WITH]      9 = BLOWING SNOW
                                                   X = TORNADO
MAX 32 OR BELOW:   4    0.01 INCH OR MORE:   6
MAX 90 OR ABOVE:   0    0.10 INCH OR MORE:   2
MIN 32 OR BELOW:  16    0.50 INCH OR MORE:   0
MIN  0 OR BELOW:   0    1.00 INCH OR MORE:   0

[HDD (BASE 65) ]
TOTAL THIS MO.   904    CLEAR  (SCALE 0-3)   5
DPTR FM NORMAL   -31    PTCLDY (SCALE 4-7)   6
TOTAL FM JUL 1  2847    CLOUDY (SCALE 8-10) 16
DPTR FM NORMAL  -304

[CDD (BASE 65) ]
TOTAL THIS MO.     0
DPTR FM NORMAL     0    [PRESSURE DATA]
TOTAL FM JAN 1     0    HIGHEST SLP 30.62 ON 23
DPTR FM NORMAL     0    LOWEST  SLP 29.83 ON 18

[REMARKS]
#FINAL-01-15#
