000
CXUS55 KBOI 231002
CF6TWF
PRELIMINARY LOCAL CLIMATOLOGICAL DATA (WS FORM: F-6)

                                          STATION:   TWIN FALLS ID
                                          MONTH:     JUNE
                                          YEAR:      2017
                                          LATITUDE:   42 28 N
                                          LONGITUDE: 114 29 W

  TEMPERATURE IN F:       :PCPN:    SNOW:  WIND      :SUNSHINE: SKY     :PK WND
================================================================================
1   2   3   4   5  6A  6B    7    8   9   10  11  12  13   14  15   16   17  18
                                     12Z  AVG MX 2MIN
DY MAX MIN AVG DEP HDD CDD  WTR  SNW DPTH SPD SPD DIR MIN PSBL S-S WX    SPD DR
================================================================================

 1  74  51  63   2   2   0    T    M    M 11.9 33 280   M    M   1 3      39 270
 2  77  47  62   1   3   0 0.00    M    M  7.9 13 150   M    M   0        16 330
 3  89  50  70   9   0   5 0.00    M    M  7.9 16  30   M    M   0        19  30
 4  88  54  71  10   0   6    T    M    M 12.3 39 250   M    M   1 38     48 260
 5  74  48  61  -1   4   0 0.00    M    M  8.8 18 260   M    M   0        23 220
 6  86  46  66   4   0   1 0.00    M    M  7.5 14  60   M    M   0        17  30
 7  96  51  74  12   0   9 0.00    M    M  9.5 20 150   M    M   0        25 160
 8  83  52  68   6   0   3    T    M    M 14.0 28 280   M    M   0        36 280
 9  66  48  57  -6   8   0 0.16    M    M 10.4 21 260   M    M   6 1      27 160
10  64  43  54  -9  11   0 0.00    M    M  9.9 18 320   M    M   1        23 320
11  72  38  55  -8  10   0    T    M    M 12.4 31 220   M    M   5 3      41 210
12  51  43  47 -17  18   0 0.26    M    M  8.4 18 210   M    M  10 1      23 210
13  64  41  53 -11  12   0 0.33    M    M 16.4 30 250   M    M   6 1      35 250
14  75  46  61  -3   4   0 0.00    M    M  9.3 15 280   M    M   0        20 290
15  80  52  66   1   0   1 0.00    M    M  8.2 17 310   M    M   0        22 280
16  78  58  68   3   0   3    T    M    M 12.8 23 270   M    M   2        27 270
17  74  55  65   0   0   0 0.00    M    M 14.0 21 280   M    M   4        26 280
18  82  53  68   2   0   3 0.00    M    M 12.9 21 280   M    M   0        27 250
19  90  57  74   8   0   9 0.00    M    M  7.5 16 190   M    M   0        21 190
20  96  62  79  13   0  14 0.00    M    M  9.9 18 230   M    M   0        24 240
21  86  62  74   7   0   9 0.00    M    M 15.9 22 280   M    M   0        28 270
22  80  55  68   1   0   3 0.00    M    M 18.1 25 270   M    M   0        32 230
================================================================================
SM 1725 1112        72  66  0.75    M    245.9          M       36
================================================================================
AV 78.4 50.6                              11.2 FASTST   M    M   2    MAX(MPH)
                                 MISC ---->  # 39 250               # 48  260
================================================================================
NOTES:
# LAST OF SEVERAL OCCURRENCES

COLUMN 17 PEAK WIND IN M.P.H.

PRELIMINARY LOCAL CLIMATOLOGICAL DATA (WS FORM: F-6) , PAGE 2

                                          STATION:  TWIN FALLS ID
                                          MONTH:    JUNE
                                          YEAR:     2017
                                          LATITUDE:   42 28 N
                                          LONGITUDE: 114 29 W

[TEMPERATURE DATA]      [PRECIPITATION DATA]       SYMBOLS USED IN COLUMN 16

AVERAGE MONTHLY: 64.5   TOTAL FOR MONTH:   0.75    1 = FOG OR MIST
DPTR FM NORMAL:   0.8   DPTR FM NORMAL:   -0.02    2 = FOG REDUCING VISIBILITY
HIGHEST:    96 ON 20, 7 GRTST 24HR  0.33 ON 13-13      TO 1/4 MILE OR LESS
LOWEST:     38 ON 11                               3 = THUNDER
                        SNOW, ICE PELLETS, HAIL    4 = ICE PELLETS
                        TOTAL MONTH:    M          5 = HAIL
                        GRTST 24HR    M  ON   M    6 = FREEZING RAIN OR DRIZZLE
                        GRTST DEPTH:  M  ON   M    7 = DUSTSTORM OR SANDSTORM:
                                                       VSBY 1/2 MILE OR LESS
                                                   8 = SMOKE OR HAZE
[NO. OF DAYS WITH]      [WEATHER - DAYS WITH]      9 = BLOWING SNOW
                                                   X = TORNADO
MAX 32 OR BELOW:   0    0.01 INCH OR MORE:   3
MAX 90 OR ABOVE:   3    0.10 INCH OR MORE:   3
MIN 32 OR BELOW:   0    0.50 INCH OR MORE:   0
MIN  0 OR BELOW:   0    1.00 INCH OR MORE:   0

[HDD (BASE 65) ]
TOTAL THIS MO.    72    CLEAR  (SCALE 0-3)  17
DPTR FM NORMAL    -7    PTCLDY (SCALE 4-7)   4
TOTAL FM JUL 1  6370    CLOUDY (SCALE 8-10)  1
DPTR FM NORMAL   207

[CDD (BASE 65) ]
TOTAL THIS MO.    66
DPTR FM NORMAL    16    [PRESSURE DATA]
TOTAL FM JAN 1    75    HIGHEST SLP M ON M
DPTR FM NORMAL     3    LOWEST  SLP 29.56 ON  7

[REMARKS]
