000
CXUS51 KPHI 020303 CCA
CLMPHL

CLIMATE REPORT
NATIONAL WEATHER SERVICE MOUNT HOLLY NJ
555 AM EST WED MAR 1 2017

...................................

...THE PHILADELPHIA CLIMATE SUMMARY FOR THE MONTH OF FEBRUARY 2017...

CLIMATE NORMAL PERIOD 1981 TO 2010
CLIMATE RECORD PERIOD 1872 TO 2017

WEATHER         OBSERVED          NORMAL  DEPART  LAST YEAR`S
                 VALUE   DATE(S)  VALUE   FROM    VALUE  DATE(S)
                                          NORMAL
................................................................
TEMPERATURE (F)
RECORD
 HIGH              79   02/25/1930
 LOW              -11   02/09/1934
HIGHEST            74                62      12       65
LOWEST             22                11      11        8
AVG. MAXIMUM     53.5              43.8     9.7     46.5
AVG. MINIMUM     34.9              27.7     7.2     30.8
MEAN             44.2              35.7     8.5     38.6
DAYS MAX >= 90      0               0.0     0.0        0
DAYS MAX <= 32      0               3.1    -3.1        4
DAYS MIN <= 32     13              20.0    -7.0       14
DAYS MIN <= 0       0               0.0     0.0        0

PRECIPITATION (INCHES)
RECORD
 MAXIMUM         6.87   1896
 MINIMUM         0.55   2002
TOTALS           1.30              2.65   -1.35     4.36
DAILY AVG.       0.05              0.09   -0.04     0.15
DAYS >= .01         5               9.4    -4.4       15
DAYS >= .10         4               5.3    -1.3        7
DAYS >= .50         1               2.0    -1.0        2
DAYS >= 1.00        0               0.4    -0.4        1
GREATEST
 24 HR. TOTAL    0.54   02/09 TO 02/09              1.91

SNOWFALL (INCHES)
RECORDS
 TOTAL             MM   5
 24 HR TOTAL       MM
TOTALS            2.0               8.8    -6.8      3.3
SINCE 7/1         8.0              19.0   -11.0     26.2
SNOWDEPTH AVG.      0                 3      -3        0
DAYS >= 1.0         1               1.8    -0.8        2
GREATEST
 SNOW DEPTH         T   02/09                          2  02/01
 24 HR TOTAL      2.0   02/09 TO 02/09               1.2

DEGREE_DAYS
HEATING TOTAL     576               819    -243      758
 SINCE 7/1       2826              3482    -656     2686
COOLING TOTAL       0                 0       0        0
 SINCE 1/1          0                 0       0        0
.................................................................

WIND (MPH)
AVERAGE WIND SPEED              10.3
HIGHEST WIND SPEED/DIRECTION    39/320    DATE  02/13
HIGHEST GUST SPEED/DIRECTION    51/330    DATE  02/13

SKY COVER
POSSIBLE SUNSHINE (PERCENT)    0
AVERAGE SKY COVER           0.60
NUMBER OF DAYS FAIR            2
NUMBER OF DAYS PC             15
NUMBER OF DAYS CLOUDY         11

AVERAGE RH (PERCENT)     54

WEATHER CONDITIONS. NUMBER OF DAYS WITH
THUNDERSTORM              1     MIXED PRECIP               0
HEAVY RAIN                4     RAIN                       4
LIGHT RAIN                7     FREEZING RAIN              0
LT FREEZING RAIN          0     HEAVY SNOW                 0
SNOW                      0     LIGHT SNOW                 1
SLEET                     1     FOG                        6
FOG W/VIS <= 1/4 MILE     1     HAZE                       1

-  INDICATES NEGATIVE NUMBERS.
R  INDICATES RECORD WAS SET OR TIED.
MM INDICATES DATA IS MISSING.
T  INDICATES TRACE AMOUNT.

$$
