000
CXUS51 KBTV 110241
CF61V4
PRELIMINARY LOCAL CLIMATOLOGICAL DATA (WS FORM: F-6)
STATION: SAINT JOHNSBURY VT ASOS
MONTH: FEBRUARY
YEAR: 2021
LATITUDE: 44 25 N
LONGITUDE: 72 1 W
TEMPERATURE IN F: :PCPN: SNOW: WIND :SUNSHINE: SKY :PK WND
================================================================================
1 2 3 4 5 6A 6B 7 8 9 10 11 12 13 14 15 16 17 18
12Z AVG MX 2MIN
DY MAX MIN AVG DEP HDD CDD WTR SNW DPTH SPD SPD DIR MIN PSBL S-S WX SPD DR
================================================================================
1 28 -9 10 -7 55 0 0.00 M M M M M M M 0 M M
2 33 24 29 12 36 0 0.28 M M M M M M M 0 M M
3 30 25 28 11 37 0 0.00 M M M M M M M 0 M M
4 33 12 23 6 42 0 0.00 M M M M M M M 0 M M
5 33 6 20 3 45 0 0.11 M M M M M M M 0 M M
6 32 14 23 6 42 0 0.02 M M M M M M M 0 M M
7 26 2 14 -4 51 0 0.03 M M M M M M M 0 M M
8 23 1 12 -6 53 0 0.00 M M M M M M M 0 M M
9 19 0 10 -8 55 0 0.12 M M M M M M M 0 M M
10 24 0 12 -6 53 0 0.00 M M M M M M M 0 M M
11 21 3 12 -6 53 0 0.00 M M M M M M M 0 M M
12 15 -8 4 -14 61 0 0.00 M M M M M M M 0 M M
13 18 -12 3 -16 62 0 0.00 M M M M M M M 0 M M
14 29 15 22 3 43 0 0.00 M M M M M M M 0 M M
15 26 13 20 1 45 0 0.02 M M M M M M M 0 M M
16 34 17 26 7 39 0 0.61 M M M M M M M 0 M M
17 21 7 14 -6 51 0 0.00 M M M M M M M 0 M M
18 24 4 14 -6 51 0 0.00 M M M M M M M 0 M M
19 30 17 24 4 41 0 0.01 M M M M M M M 0 M M
20 27 10 19 -1 46 0 0.00 M M M M M M M 0 M M
21 28 4 16 -5 49 0 0.00 M M M M M M M 0 M M
22 27 2 15 -6 50 0 0.12 M M M M M M M 0 M M
23 38 24 31 10 34 0 0.01 M M M M M M M 0 M M
24 44 33 39 17 26 0 0.01 M M M M M M M 0 M M
25 43 18 31 9 34 0 0.06 M M M M M M M 0 M M
26 32 11 22 0 43 0 0.00 M M M M M M M 0 M M
27 39 7 23 0 42 0 0.10 M M M M M M M 0 M M
28 41 33 37 14 28 0 0.00 M M M M M M M 0 M M
================================================================================
SM 818 273 1267 0 1.50 M M M 0
================================================================================
AV 29.2 9.8 M FASTST M M 0 MAX(MPH)
MISC ----> M M M M
================================================================================
NOTES:
# LAST OF SEVERAL OCCURRENCES
COLUMN 17 PEAK WIND IN M.P.H.
PRELIMINARY LOCAL CLIMATOLOGICAL DATA (WS FORM: F-6) , PAGE 2
STATION: SAINT JOHNSBURY VT ASOS
MONTH: FEBRUARY
YEAR: 2021
LATITUDE: 44 25 N
LONGITUDE: 72 1 W
[TEMPERATURE DATA] [PRECIPITATION DATA] SYMBOLS USED IN COLUMN 16
AVERAGE MONTHLY: 19.5 TOTAL FOR MONTH: 1.50 1 = FOG OR MIST
DPTR FM NORMAL: 0.1 DPTR FM NORMAL: -0.66 2 = FOG REDUCING VISIBILITY
HIGHEST: 44 ON 24 GRTST 24HR 0.61 ON 16-16 TO 1/4 MILE OR LESS
LOWEST: -12 ON 13 3 = THUNDER
SNOW, ICE PELLETS, HAIL 4 = ICE PELLETS
TOTAL MONTH: M 5 = HAIL
GRTST 24HR M ON M 6 = FREEZING RAIN OR DRIZZLE
GRTST DEPTH: M ON M 7 = DUSTSTORM OR SANDSTORM:
VSBY 1/2 MILE OR LESS
8 = SMOKE OR HAZE
[NO. OF DAYS WITH] [WEATHER - DAYS WITH] 9 = BLOWING SNOW
X = TORNADO
MAX 32 OR BELOW: 19 0.01 INCH OR MORE: 13
MAX 90 OR ABOVE: 0 0.10 INCH OR MORE: 6
MIN 32 OR BELOW: 26 0.50 INCH OR MORE: 1
MIN 0 OR BELOW: 5 1.00 INCH OR MORE: 0
[HDD (BASE 65) ]
TOTAL THIS MO. 1267 CLEAR (SCALE 0-3) 28
DPTR FM NORMAL -11 PTCLDY (SCALE 4-7) 0
TOTAL FM JUL 1 5349 CLOUDY (SCALE 8-10) 0
DPTR FM NORMAL -431
[CDD (BASE 65) ]
TOTAL THIS MO. 0
DPTR FM NORMAL 0 [PRESSURE DATA]
TOTAL FM JAN 1 0 HIGHEST SLP M ON M
DPTR FM NORMAL 0 LOWEST SLP M ON M
[REMARKS]
#FINAL-02-21#