519
CXUS55 KABQ 011010
CF6ABQ
PRELIMINARY LOCAL CLIMATOLOGICAL DATA (WS FORM: F-6)
STATION: ALBUQUERQUE NM
MONTH: DECEMBER
YEAR: 2020
LATITUDE: 35 2 N
LONGITUDE: 106 37 W
TEMPERATURE IN F: :PCPN: SNOW: WIND :SUNSHINE: SKY :PK WND
================================================================================
1 2 3 4 5 6A 6B 7 8 9 10 11 12 13 14 15 16 17 18
12Z AVG MX 2MIN
DY MAX MIN AVG DEP HDD CDD WTR SNW DPTH SPD SPD DIR MIN PSBL S-S WX SPD DR
================================================================================
1 51 25 38 -1 27 0 0.00 0.0 0 9.6 29 290 M M 1 37 280
2 40 26 33 -6 32 0 0.00 0.0 0 10.6 23 80 M M 6 29 90
3 41 19 30 -8 35 0 0.00 0.0 0 3.2 9 320 M M 1 12 280
4 50 21 36 -2 29 0 0.00 0.0 0 6.4 17 350 M M 0 23 350
5 55 28 42 4 23 0 0.00 0.0 0 5.3 18 30 M M 0 23 20
6 54 25 40 2 25 0 0.00 0.0 0 2.6 9 30 M M 0 12 350
7 57 27 42 5 23 0 0.00 0.0 0 4.4 14 360 M M 2 17 350
8 56 29 43 6 22 0 0.00 0.0 0 3.9 14 10 M M 0 18 360
9 56 25 41 4 24 0 0.00 0.0 0 3.5 10 10 M M 1 14 240
10 40 29 35 -2 30 0 0.22 0.5 0 5.2 17 40 M M 7 1 20 40
11 49 31 40 4 25 0 0.00 0.0 0 12.2 33 290 M M 5 42 300
12 40 24 32 -4 33 0 T T 0 6.1 35 300 M M 6 18 44 290
13 39 22 31 -5 34 0 0.00 0.0 0 6.2 25 340 M M 2 35 360
14 39 20 30 -6 35 0 0.00 0.0 0 4.5 15 190 M M 7 19 190
15 37 24 31 -5 34 0 T T 0 10.4 21 330 M M 5 29 350
16 44 19 32 -4 33 0 0.00 0.0 0 7.1 20 330 M M 3 26 350
17 42 22 32 -4 33 0 0.00 0.0 0 5.4 13 10 M M 6 16 360
18 49 25 37 1 28 0 0.00 0.0 0 7.7 18 330 M M 4 24 350
19 47 26 37 1 28 0 0.00 0.0 0 8.7 18 10 M M 1 26 360
20 49 25 37 1 28 0 0.00 0.0 0 6.2 17 330 M M 2 24 320
21 54 25 40 4 25 0 0.00 0.0 0 6.3 15 340 M M 1 8 19 10
22 53 22 38 3 27 0 0.00 0.0 0 7.0 17 260 M M 2 28 240
23 44 25 35 0 30 0 0.00 0.0 0 16.8 33 300 M M 2 45 290
24 40 13 27 -8 38 0 0.00 0.0 0 5.1 17 360 M M 3 25 20
25 40 17 29 -6 36 0 0.00 0.0 0 4.0 14 10 M M 5 17 20
26 51 22 37 2 28 0 0.00 0.0 0 3.4 13 150 M M 3 16 160
27 52 26 39 4 26 0 0.00 0.0 0 4.9 16 10 M M 5 21 10
28 56 36 46 11 19 0 0.00 0.0 0 12.5 26 100 M M 8 37 90
29 46 27 37 2 28 0 T T 0 8.3 20 330 M M 6 26 340
30 43 22 33 -2 32 0 0.00 0.0 0 6.2 14 340 M M 2 18 350
31 44 17 31 -4 34 0 0.00 0.0 0 5.4 15 330 M M 2 19 330
================================================================================
SM 1458 744 904 0 0.22 0.5 209.1 M 98
================================================================================
AV 47.0 24.0 6.7 FASTST M M 3 MAX(MPH)
MISC ----> 35 300 45 290
================================================================================
NOTES:
# LAST OF SEVERAL OCCURRENCES
COLUMN 17 PEAK WIND IN M.P.H.
PRELIMINARY LOCAL CLIMATOLOGICAL DATA (WS FORM: F-6) , PAGE 2
STATION: ALBUQUERQUE NM
MONTH: DECEMBER
YEAR: 2020
LATITUDE: 35 2 N
LONGITUDE: 106 37 W
[TEMPERATURE DATA] [PRECIPITATION DATA] SYMBOLS USED IN COLUMN 16
AVERAGE MONTHLY: 35.5 TOTAL FOR MONTH: 0.22 1 = FOG OR MIST
DPTR FM NORMAL: -0.8 DPTR FM NORMAL: -0.28 2 = FOG REDUCING VISIBILITY
HIGHEST: 57 ON 7 GRTST 24HR 0.22 ON 10-10 TO 1/4 MILE OR LESS
LOWEST: 13 ON 24 3 = THUNDER
SNOW, ICE PELLETS, HAIL 4 = ICE PELLETS
TOTAL MONTH: 0.5 INCH 5 = HAIL
GRTST 24HR 0.5 ON 10-10 6 = FREEZING RAIN OR DRIZZLE
GRTST DEPTH: 0 7 = DUSTSTORM OR SANDSTORM:
VSBY 1/2 MILE OR LESS
8 = SMOKE OR HAZE
[NO. OF DAYS WITH] [WEATHER - DAYS WITH] 9 = BLOWING SNOW
X = TORNADO
MAX 32 OR BELOW: 0 0.01 INCH OR MORE: 1
MAX 90 OR ABOVE: 0 0.10 INCH OR MORE: 1
MIN 32 OR BELOW: 30 0.50 INCH OR MORE: 0
MIN 0 OR BELOW: 0 1.00 INCH OR MORE: 0
[HDD (BASE 65) ]
TOTAL THIS MO. 904 CLEAR (SCALE 0-3) 19
DPTR FM NORMAL 14 PTCLDY (SCALE 4-7) 12
TOTAL FM JUL 1 1618 CLOUDY (SCALE 8-10) 0
DPTR FM NORMAL -140
[CDD (BASE 65) ]
TOTAL THIS MO. 0
DPTR FM NORMAL 0 [PRESSURE DATA]
TOTAL FM JAN 1 1738 HIGHEST SLP M ON M
DPTR FM NORMAL 416 LOWEST SLP 29.72 ON 12
[REMARKS]
#FINAL-12-20#