000
CXUS52 KTAE 010800
CF6ABY
PRELIMINARY LOCAL CLIMATOLOGICAL DATA (WS FORM: F-6)
STATION: ALBANY
MONTH: MARCH
YEAR: 2023
LATITUDE: 31 31 N
LONGITUDE: 84 11 W
TEMPERATURE IN F: :PCPN: SNOW: WIND :SUNSHINE: SKY :PK WND
================================================================================
1 2 3 4 5 6A 6B 7 8 9 10 11 12 13 14 15 16 17 18
12Z AVG MX 2MIN
DY MAX MIN AVG DEP HDD CDD WTR SNW DPTH SPD SPD DIR MIN PSBL S-S WX SPD DR
================================================================================
1 84 65 75 18 0 10 0.00 M M 7.4 15 210 M M 6 1 21 250
2 82 64 73 16 0 8 0.05 0.0 0 8.9 21 190 M M 8 18 27 210
3 81 65 73 15 0 8 T 0.0 0 15.3 32 210 M M 9 1 40 210
4 80 55 68 10 0 3 0.00 0.0 0 5.2 20 250 M M 2 27 250
5 82 49 66 8 0 1 0.00 0.0 0 3.5 13 60 M M 0 17 60
6 85 53 69 11 0 4 0.00 0.0 0 3.5 15 250 M M 0 18 18 250
7 85 63 74 16 0 9 0.00 0.0 0 5.8 17 330 M M 5 8 24 310
8 73 54 64 5 1 0 0.00 0.0 M 8.9 21 60 M M 1 26 60
9 74 53 64 5 1 0 0.00 0.0 0 6.9 15 140 M M 9 19 150
10 75 55 65 6 0 0 0.30 0.0 0 6.4 16 320 M M 7 138 22 310
11 74 42 58 -1 7 0 0.00 0.0 M 3.2 12 330 M M 1 16 330
12 75 53 64 4 1 0 0.35 M M 6.8 24 210 M M 6 138 35 200
13 69 50 60 0 5 0 T 0.0 0 8.3 18 320 M M 5 18 25 320
14 60 40 50 -10 15 0 0.00 0.0 0 8.3 17 340 M M 0 23 340
15 64 34 49 -11 16 0 0.00 0.0 0 4.2 12 40 M M 0 17 90
16 72 32 52 -8 13 0 0.00 0.0 0 5.7 16 170 M M 0 8 20 160
17 77 50 64 3 1 0 0.87 0.0 0 10.8 24 210 M M 5 138 30 210
18 61 41 51 -10 14 0 0.02 0.0 0 8.7 18 330 M M 9 8 24 320
19 55 37 46 -15 19 0 0.00 0.0 M 7.6 17 330 M M 0 23 350
20 57 29 43 -18 22 0 0.00 0.0 M 5.3 14 30 M M 0 20 340
21 68 31 50 -11 15 0 0.00 0.0 M 3.8 14 80 M M 0 18 90
22 78 50 64 2 1 0 0.00 0.0 M 3.9 12 220 M M 3 8 18 200
23 82 50 66 4 0 1 0.00 M M 4.6 17 200 M M 2 12 22 200
24 82 55 69 7 0 4 0.00 0.0 0 6.9 17 230 M M 4 128 23 210
25 79 65 72 10 0 7 0.10 0.0 0 8.7 18 220 M M 6 13 25 220
26 86 71 79 17 0 14 0.00 0.0 0 9.1 21 210 M M 6 25 210
27 79 64 72 10 0 7 0.31 0.0 0 5.8 18 300 M M 7 138 27 300
28 70 63 67 4 0 2 0.60 0.0 0 4.6 16 150 M M 8 123 18 160
29 65 47 56 -7 9 0 0.00 0.0 M 6.1 17 60 M M 0 23 70
30 75 42 59 -4 6 0 0.00 0.0 0 3.5 14 100 M M 0 1 20 70
31 82 51 67 4 0 2 0.00 0.0 M 9.3 22 190 M M 0 26 200
================================================================================
SM 2311 1573 146 80 2.60 0.0 207.0 M 109
================================================================================
AV 74.5 50.7 6.7 FASTST M M 4 MAX(MPH)
MISC ----> 32 210 40 210
================================================================================
NOTES:
# LAST OF SEVERAL OCCURRENCES
COLUMN 17 PEAK WIND IN M.P.H.
PRELIMINARY LOCAL CLIMATOLOGICAL DATA (WS FORM: F-6) , PAGE 2
STATION: ALBANY
MONTH: MARCH
YEAR: 2023
LATITUDE: 31 31 N
LONGITUDE: 84 11 W
[TEMPERATURE DATA] [PRECIPITATION DATA] SYMBOLS USED IN COLUMN 16
AVERAGE MONTHLY: 62.6 TOTAL FOR MONTH: 2.60 1 = FOG OR MIST
DPTR FM NORMAL: 2.3 DPTR FM NORMAL: -1.78 2 = FOG REDUCING VISIBILITY
HIGHEST: 86 ON 26 GRTST 24HR 0.87 ON 17-17 TO 1/4 MILE OR LESS
LOWEST: 29 ON 20 3 = THUNDER
SNOW, ICE PELLETS, HAIL 4 = ICE PELLETS
TOTAL MONTH: 0.0 INCH 5 = HAIL
GRTST 24HR 0.0 6 = FREEZING RAIN OR DRIZZLE
GRTST DEPTH: 0 7 = DUSTSTORM OR SANDSTORM:
VSBY 1/2 MILE OR LESS
8 = SMOKE OR HAZE
[NO. OF DAYS WITH] [WEATHER - DAYS WITH] 9 = BLOWING SNOW
X = TORNADO
MAX 32 OR BELOW: 0 0.01 INCH OR MORE: 8
MAX 90 OR ABOVE: 0 0.10 INCH OR MORE: 6
MIN 32 OR BELOW: 3 0.50 INCH OR MORE: 2
MIN 0 OR BELOW: 0 1.00 INCH OR MORE: 0
[HDD (BASE 65) ]
TOTAL THIS MO. 146 CLEAR (SCALE 0-3) 16
DPTR FM NORMAL -41 PTCLDY (SCALE 4-7) 11
TOTAL FM JUL 1 1257 CLOUDY (SCALE 8-10) 4
DPTR FM NORMAL -367
[CDD (BASE 65) ]
TOTAL THIS MO. 80
DPTR FM NORMAL 37 [PRESSURE DATA]
TOTAL FM JAN 1 159 HIGHEST SLP 30.43 ON 21
DPTR FM NORMAL 95 LOWEST SLP 29.61 ON 3
[REMARKS]
#FINAL-03-23#